000
CDUS41 KALY 050625
CLIDDH


CLIMATE REPORT
NATIONAL WEATHER SERVICE ALBANY NY
224 AM EDT WED APR 5 2017


...................................

...THE BENNINGTON VT CLIMATE SUMMARY FOR APRIL 4 2017...

CLIMATE NORMAL PERIOD 1981 TO 2010
CLIMATE RECORD PERIOD 9999 TO 9999


WEATHER ITEM   OBSERVED TIME   NORMAL DEPARTURE LAST
                VALUE   (LST)  VALUE  FROM      YEAR
                                      NORMAL
......................................................
TEMPERATURE (F)
 YESTERDAY
  MAXIMUM         51   1205 AM  52     -1       25
  MINIMUM         39    920 PM  30      9       11
  AVERAGE         45            41      4       18

PRECIPITATION (IN)
  YESTERDAY        0.86          0.12   0.74     0.26
  MONTH TO DATE    0.95          0.51   0.44     0.65
  SINCE MAR 1      4.06          3.66   0.40     3.11
  SINCE JAN 1      7.69          8.65  -0.96     8.15

DEGREE DAYS
 HEATING
  YESTERDAY       20            24     -4       47
  MONTH TO DATE   92            99     -7      113
  SINCE MAR 1   1198          1083    115      877
  SINCE JUL 1   5733          6334   -601     5210

 COOLING
  YESTERDAY        0             0      0        0
  MONTH TO DATE    0             0      0        0
  SINCE MAR 1      0             0      0        0
  SINCE JAN 1      0             0      0        0
......................................................


WIND (MPH)
  HIGHEST WIND SPEED    36   HIGHEST WIND DIRECTION    SE (150)
  HIGHEST GUST SPEED    47   HIGHEST GUST DIRECTION    SE (140)
  AVERAGE WIND SPEED    14.4


SKY COVER
  AVERAGE SKY COVER 1.0



RELATIVE HUMIDITY (PERCENT)
 HIGHEST    85           800 PM
 LOWEST     44          1200 AM
 AVERAGE    65

..........................................................


THE BENNINGTON VT CLIMATE NORMALS FOR TODAY
                         NORMAL
 MAXIMUM TEMPERATURE (F)   52
 MINIMUM TEMPERATURE (F)   30


SUNRISE AND SUNSET
APRIL  5 2017.........SUNRISE   628 AM EDT   SUNSET   724 PM EDT
APRIL  6 2017.........SUNRISE   626 AM EDT   SUNSET   725 PM EDT


-  INDICATES NEGATIVE NUMBERS.
R  INDICATES RECORD WAS SET OR TIED.
MM INDICATES DATA IS MISSING.
T  INDICATES TRACE AMOUNT.




$$
