000
CDUS41 KALY 030625
CLIDDH


CLIMATE REPORT
NATIONAL WEATHER SERVICE ALBANY NY
224 AM EDT THU APR 3 2014


...................................

...THE BENNINGTON VT CLIMATE SUMMARY FOR APRIL 2 2014...

CLIMATE NORMAL PERIOD 1981 TO 2010
CLIMATE RECORD PERIOD 9999 TO 9999


WEATHER ITEM   OBSERVED TIME   NORMAL DEPARTURE LAST
                VALUE   (LST)  VALUE  FROM      YEAR
                                      NORMAL
......................................................
TEMPERATURE (F)
 YESTERDAY
  MAXIMUM         56    405 PM  51      5       34
  MINIMUM         37    540 AM  29      8       23
  AVERAGE         47            40      7       29

PRECIPITATION (IN)
  YESTERDAY        0.00          0.13  -0.13      T
  MONTH TO DATE    0.00          0.26  -0.26     0.11
  SINCE MAR 1      2.15          3.41  -1.26     1.39
  SINCE JAN 1      8.01          8.40  -0.39     4.05

DEGREE DAYS
 HEATING
  YESTERDAY       18            25     -7       36
  MONTH TO DATE   45            50     -5       59
  SINCE MAR 1   1203          1034    169     1076
  SINCE JUL 1   6451          6285    166     5860

 COOLING
  YESTERDAY        0             0      0        0
  MONTH TO DATE    0             0      0        0
  SINCE MAR 1      0             0      0        0
  SINCE JAN 1      0             0      0        0
......................................................


WIND (MPH)
  HIGHEST WIND SPEED    17   HIGHEST WIND DIRECTION    SE (120)
  HIGHEST GUST SPEED    26   HIGHEST GUST DIRECTION    SE (130)
  AVERAGE WIND SPEED     6.3


SKY COVER
  AVERAGE SKY COVER 0.0



RELATIVE HUMIDITY (PERCENT)
 HIGHEST    70           500 AM
 LOWEST     37           800 PM
 AVERAGE    54

..........................................................


THE BENNINGTON VT CLIMATE NORMALS FOR TODAY
                         NORMAL
 MAXIMUM TEMPERATURE (F)   51
 MINIMUM TEMPERATURE (F)   30


SUNRISE AND SUNSET
APRIL  3 2014.........SUNRISE   632 AM EDT   SUNSET   721 PM EDT
APRIL  4 2014.........SUNRISE   630 AM EDT   SUNSET   723 PM EDT


-  INDICATES NEGATIVE NUMBERS.
R  INDICATES RECORD WAS SET OR TIED.
MM INDICATES DATA IS MISSING.
T  INDICATES TRACE AMOUNT.




$$
