000
CDUS41 KALY 010622
CLIDDH


CLIMATE REPORT
NATIONAL WEATHER SERVICE ALBANY NY
221 AM EDT SUN OCT 1 2017


...................................

...THE BENNINGTON VT CLIMATE SUMMARY FOR SEPTEMBER 30 2017...

CLIMATE NORMAL PERIOD 1981 TO 2010
CLIMATE RECORD PERIOD 9999 TO 9999


WEATHER ITEM   OBSERVED TIME   NORMAL DEPARTURE LAST
                VALUE   (LST)  VALUE  FROM      YEAR
                                      NORMAL
......................................................
TEMPERATURE (F)
 YESTERDAY
  MAXIMUM         54    121 PM  65    -11       62
  MINIMUM         40   1121 PM  42     -2       49
  AVERAGE         47            53     -6       56

PRECIPITATION (IN)
  YESTERDAY        0.03          0.13  -0.10      T
  MONTH TO DATE    3.50          3.57  -0.07     3.03
  SINCE SEP 1      3.50          3.57  -0.07     3.03
  SINCE JAN 1     35.85         31.11   4.74    24.34

DEGREE DAYS
 HEATING
  YESTERDAY       18            12      6        9
  MONTH TO DATE  136           205    -69      123
  SINCE SEP 1    136           206    -70      123
  SINCE JUL 1    203           278    -75      145

 COOLING
  YESTERDAY        0             0      0        0
  MONTH TO DATE   76            23     53       45
  SINCE SEP 1     76            23     53       45
  SINCE JAN 1    383           311     72      484
......................................................


WIND (MPH)
  HIGHEST WIND SPEED    13   HIGHEST WIND DIRECTION    SE (140)
  HIGHEST GUST SPEED    17   HIGHEST GUST DIRECTION    SE (140)
  AVERAGE WIND SPEED     2.3


SKY COVER
  AVERAGE SKY COVER 1.0



RELATIVE HUMIDITY (PERCENT)
 HIGHEST    93           100 AM
 LOWEST     71           300 AM
 AVERAGE    82

..........................................................


THE BENNINGTON VT CLIMATE NORMALS FOR TODAY
                         NORMAL
 MAXIMUM TEMPERATURE (F)   64
 MINIMUM TEMPERATURE (F)   41


SUNRISE AND SUNSET
OCTOBER  1 2017.......SUNRISE   650 AM EDT   SUNSET   634 PM EDT
OCTOBER  2 2017.......SUNRISE   652 AM EDT   SUNSET   632 PM EDT


-  INDICATES NEGATIVE NUMBERS.
R  INDICATES RECORD WAS SET OR TIED.
MM INDICATES DATA IS MISSING.
T  INDICATES TRACE AMOUNT.




$$
