000
CDUS41 KALY 060644
CLIDDH


CLIMATE REPORT
NATIONAL WEATHER SERVICE ALBANY NY
140 AM EST MON MAR 6 2017


...................................

...THE BENNINGTON VT CLIMATE SUMMARY FOR MARCH 5 2017...

CLIMATE NORMAL PERIOD 1981 TO 2010
CLIMATE RECORD PERIOD 9999 TO 9999


WEATHER ITEM   OBSERVED TIME   NORMAL DEPARTURE LAST
                VALUE   (LST)  VALUE  FROM      YEAR
                                      NORMAL
......................................................
TEMPERATURE (F)
 YESTERDAY
  MAXIMUM         25    446 PM  40    -15       33
  MINIMUM          1    642 AM  19    -18       13
  AVERAGE         13            29    -16       23

PRECIPITATION (IN)
  YESTERDAY        0.00          0.09  -0.09     0.00
  MONTH TO DATE    0.15          0.44  -0.29     0.26
  SINCE MAR 1      0.15          0.44  -0.29     0.26
  SINCE JAN 1      3.78          5.43  -1.65     5.30

DEGREE DAYS
 HEATING
  YESTERDAY       52            36     16       42
  MONTH TO DATE  180           181     -1      188
  SINCE MAR 1    180           181     -1      188
  SINCE JUL 1   4715          5432   -717     4521

 COOLING
  YESTERDAY        0             0      0        0
  MONTH TO DATE    0             0      0        0
  SINCE MAR 1      0             0      0        0
  SINCE JAN 1      0             0      0        0
......................................................


WIND (MPH)
  HIGHEST WIND SPEED    22   HIGHEST WIND DIRECTION    NW (320)
  HIGHEST GUST SPEED    31   HIGHEST GUST DIRECTION    NW (310)
  AVERAGE WIND SPEED     6.9


SKY COVER
  AVERAGE SKY COVER 0.0



RELATIVE HUMIDITY (PERCENT)
 HIGHEST    62           400 AM
 LOWEST     23           100 PM
 AVERAGE    43

..........................................................


THE BENNINGTON VT CLIMATE NORMALS FOR TODAY
                         NORMAL
 MAXIMUM TEMPERATURE (F)   40
 MINIMUM TEMPERATURE (F)   19


SUNRISE AND SUNSET
MARCH  6 2017.........SUNRISE   620 AM EST   SUNSET   549 PM EST
MARCH  7 2017.........SUNRISE   618 AM EST   SUNSET   550 PM EST


-  INDICATES NEGATIVE NUMBERS.
R  INDICATES RECORD WAS SET OR TIED.
MM INDICATES DATA IS MISSING.
T  INDICATES TRACE AMOUNT.




$$
