000
CDUS41 KALY 262051
CLIDDH


CLIMATE REPORT
NATIONAL WEATHER SERVICE ALBANY NY
451 PM EDT WED JUL 26 2017


...................................

...THE BENNINGTON VT CLIMATE SUMMARY FOR JULY 26 2017...
VALID TODAY AS OF 0400 PM LOCAL TIME.

CLIMATE NORMAL PERIOD 1981 TO 2010
CLIMATE RECORD PERIOD 9999 TO 9999


WEATHER ITEM   OBSERVED TIME   NORMAL DEPARTURE LAST
                VALUE   (LST)  VALUE  FROM      YEAR
                                      NORMAL
......................................................
TEMPERATURE (F)
 TODAY
  MAXIMUM         76    220 PM  80     -4       84
  MINIMUM         53    322 AM  57     -4       62
  AVERAGE         65            68     -3       73

PRECIPITATION (IN)
  TODAY            0.00          0.14  -0.14     0.00
  MONTH TO DATE    6.09          3.64   2.45     1.34
  SINCE JUN 1     13.17          7.77   5.40     3.08
  SINCE JAN 1     29.41         22.84   6.57    16.13

DEGREE DAYS
 HEATING
  TODAY            0             1     -1        0
  MONTH TO DATE    8            26    -18       10
  SINCE JUN 1    103           123    -20       79
  SINCE JUL 1      8            26    -18       10

 COOLING
  TODAY            0             4     -4        8
  MONTH TO DATE  115           103     12      135
  SINCE JUN 1    202           161     41      193
  SINCE JAN 1    217           175     42      235
......................................................


WIND (MPH)
  HIGHEST WIND SPEED     9   HIGHEST WIND DIRECTION    SW (240)
  HIGHEST GUST SPEED    14   HIGHEST GUST DIRECTION    SW (230)
  AVERAGE WIND SPEED     1.9


SKY COVER
  AVERAGE SKY COVER 0.6



RELATIVE HUMIDITY (PERCENT)
 HIGHEST   100
 LOWEST     50
 AVERAGE    75

..........................................................


THE BENNINGTON VT CLIMATE NORMALS FOR TOMORROW
                         NORMAL
 MAXIMUM TEMPERATURE (F)   80
 MINIMUM TEMPERATURE (F)   57


SUNRISE AND SUNSET
JULY 26 2017..........SUNRISE   538 AM EDT   SUNSET   820 PM EDT
JULY 27 2017..........SUNRISE   539 AM EDT   SUNSET   819 PM EDT


-  INDICATES NEGATIVE NUMBERS.
R  INDICATES RECORD WAS SET OR TIED.
MM INDICATES DATA IS MISSING.
T  INDICATES TRACE AMOUNT.




$$
