000
CDUS41 KALY 292204
CLIDDH


CLIMATE REPORT
NATIONAL WEATHER SERVICE ALBANY NY
503 PM EST MON JAN 29 2018


...................................

...THE BENNINGTON VT CLIMATE SUMMARY FOR JANUARY 29 2018...
VALID TODAY AS OF 0400 PM LOCAL TIME.

CLIMATE NORMAL PERIOD 1981 TO 2010
CLIMATE RECORD PERIOD 9999 TO 9999


WEATHER ITEM   OBSERVED TIME   NORMAL DEPARTURE LAST
                VALUE   (LST)  VALUE  FROM      YEAR
                                      NORMAL
......................................................
TEMPERATURE (F)
 TODAY
  MAXIMUM         40    136 PM  31      9       35
  MINIMUM         22    711 AM  12     10       27
  AVERAGE         31            22      9       31

PRECIPITATION (IN)
  TODAY            0.00          0.07  -0.07      T
  MONTH TO DATE    3.05          2.60   0.45     1.71
  SINCE DEC 1      5.19          5.39  -0.20     3.80
  SINCE JAN 1      3.05          2.60   0.45     1.71

DEGREE DAYS
 HEATING
  TODAY           34            43     -9       34
  MONTH TO DATE 1259          1270    -11     1011
  SINCE DEC 1   2519          2429     90     2134
  SINCE JUL 1   3819          4042   -223     3504

 COOLING
  TODAY            0             0      0        0
  MONTH TO DATE    0             0      0        0
  SINCE DEC 1      0             0      0        0
  SINCE JAN 1      0             0      0        0
......................................................


WIND (MPH)
  HIGHEST WIND SPEED    10   HIGHEST WIND DIRECTION    SE (130)
  HIGHEST GUST SPEED    14   HIGHEST GUST DIRECTION    SE (140)
  AVERAGE WIND SPEED     3.0


SKY COVER
  AVERAGE SKY COVER 0.2



RELATIVE HUMIDITY (PERCENT)
 HIGHEST    88
 LOWEST     48
 AVERAGE    68

..........................................................


THE BENNINGTON VT CLIMATE NORMALS FOR TOMORROW
                         NORMAL
 MAXIMUM TEMPERATURE (F)   32
 MINIMUM TEMPERATURE (F)   12


SUNRISE AND SUNSET
JANUARY 29 2018.......SUNRISE   711 AM EST   SUNSET   502 PM EST
JANUARY 30 2018.......SUNRISE   710 AM EST   SUNSET   503 PM EST


-  INDICATES NEGATIVE NUMBERS.
R  INDICATES RECORD WAS SET OR TIED.
MM INDICATES DATA IS MISSING.
T  INDICATES TRACE AMOUNT.




$$
