315
CDUS41 KALY 010647
CLIDDH


CLIMATE REPORT
NATIONAL WEATHER SERVICE ALBANY NY
144 AM EST FRI DEC 1 2017


...................................

...THE BENNINGTON VT CLIMATE SUMMARY FOR NOVEMBER 30 2017...

CLIMATE NORMAL PERIOD 1981 TO 2010
CLIMATE RECORD PERIOD 9999 TO 9999


WEATHER ITEM   OBSERVED TIME   NORMAL DEPARTURE LAST
                VALUE   (LST)  VALUE  FROM      YEAR
                                      NORMAL
......................................................
TEMPERATURE (F)
 YESTERDAY
  MAXIMUM         46   1159 PM  42      4       54
  MINIMUM         17    432 AM  26     -9       42
  AVERAGE         32            34     -2       48

PRECIPITATION (IN)
  YESTERDAY        0.14          0.11   0.03     0.20
  MONTH TO DATE    1.45          3.11  -1.66     2.63
  SINCE SEP 1      7.21         10.37  -3.16     9.23
  SINCE JAN 1     39.56         37.91   1.65    30.54

DEGREE DAYS
 HEATING
  YESTERDAY       33            31      2       17
  MONTH TO DATE  799           792      7      771
  SINCE SEP 1   1233          1541   -308     1348
  SINCE JUL 1   1300          1613   -313     1370

 COOLING
  YESTERDAY        0             0      0        0
  MONTH TO DATE    0             0      0        0
  SINCE SEP 1     88            25     63       49
  SINCE JAN 1    395           313     82      488
......................................................


WIND (MPH)
  HIGHEST WIND SPEED    16   HIGHEST WIND DIRECTION     S (190)
  HIGHEST GUST SPEED    28   HIGHEST GUST DIRECTION     S (200)
  AVERAGE WIND SPEED     4.8


SKY COVER
  AVERAGE SKY COVER 0.3



RELATIVE HUMIDITY (PERCENT)
 HIGHEST    83          1100 PM
 LOWEST     33           100 PM
 AVERAGE    58

..........................................................


THE BENNINGTON VT CLIMATE NORMALS FOR TODAY
                         NORMAL
 MAXIMUM TEMPERATURE (F)   41
 MINIMUM TEMPERATURE (F)   26


SUNRISE AND SUNSET
DECEMBER  1 2017......SUNRISE   704 AM EST   SUNSET   420 PM EST
DECEMBER  2 2017......SUNRISE   705 AM EST   SUNSET   419 PM EST


-  INDICATES NEGATIVE NUMBERS.
R  INDICATES RECORD WAS SET OR TIED.
MM INDICATES DATA IS MISSING.
T  INDICATES TRACE AMOUNT.




$$
