000
CDUS41 KALY 300638
CLIDDH


CLIMATE REPORT
NATIONAL WEATHER SERVICE ALBANY NY
137 AM EST MON JAN 30 2017


...................................

...THE BENNINGTON VT CLIMATE SUMMARY FOR JANUARY 29 2017...

CLIMATE NORMAL PERIOD 1981 TO 2010
CLIMATE RECORD PERIOD 9999 TO 9999


WEATHER ITEM   OBSERVED TIME   NORMAL DEPARTURE LAST
                VALUE   (LST)  VALUE  FROM      YEAR
                                      NORMAL
......................................................
TEMPERATURE (F)
 YESTERDAY
  MAXIMUM         35    129 PM  31      4       35
  MINIMUM         27   1159 PM  12     15       23
  AVERAGE         31            22      9       29

PRECIPITATION (IN)
  YESTERDAY        T             0.07  -0.07     0.12
  MONTH TO DATE    1.71          2.60  -0.89     1.11
  SINCE DEC 1      3.80          5.39  -1.59     4.86
  SINCE JAN 1      1.71          2.60  -0.89     1.11

DEGREE DAYS
 HEATING
  YESTERDAY       34            43     -9       36
  MONTH TO DATE 1011          1270   -259     1159
  SINCE DEC 1   2134          2429   -295     1904
  SINCE JUL 1   3504          4042   -538     3247

 COOLING
  YESTERDAY        0             0      0        0
  MONTH TO DATE    0             0      0        0
  SINCE DEC 1      0             0      0        0
  SINCE JAN 1      0             0      0        0
......................................................


WIND (MPH)
  HIGHEST WIND SPEED    16   HIGHEST WIND DIRECTION     W (280)
  HIGHEST GUST SPEED    22   HIGHEST GUST DIRECTION     W (280)
  AVERAGE WIND SPEED     7.0


SKY COVER
  AVERAGE SKY COVER 1.0



RELATIVE HUMIDITY (PERCENT)
 HIGHEST    63           100 AM
 LOWEST     41           400 PM
 AVERAGE    52

..........................................................


THE BENNINGTON VT CLIMATE NORMALS FOR TODAY
                         NORMAL
 MAXIMUM TEMPERATURE (F)   32
 MINIMUM TEMPERATURE (F)   12


SUNRISE AND SUNSET
JANUARY 30 2017.......SUNRISE   710 AM EST   SUNSET   504 PM EST
JANUARY 31 2017.......SUNRISE   709 AM EST   SUNSET   505 PM EST


-  INDICATES NEGATIVE NUMBERS.
R  INDICATES RECORD WAS SET OR TIED.
MM INDICATES DATA IS MISSING.
T  INDICATES TRACE AMOUNT.




$$
