000
CDUS41 KALY 052149
CLIDDH


CLIMATE REPORT
NATIONAL WEATHER SERVICE ALBANY NY
448 PM EST WED NOV 5 2014


...................................

...THE BENNINGTON VT CLIMATE SUMMARY FOR NOVEMBER 5 2014...
VALID TODAY AS OF 0400 PM LOCAL TIME.

CLIMATE NORMAL PERIOD 1981 TO 2010
CLIMATE RECORD PERIOD 9999 TO 9999


WEATHER ITEM   OBSERVED TIME   NORMAL DEPARTURE LAST
                VALUE   (LST)  VALUE  FROM      YEAR
                                      NORMAL
......................................................
TEMPERATURE (F)
 TODAY
  MAXIMUM         63   1220 AM  52     11       51
  MINIMUM         52    443 PM  32     20       27
  AVERAGE         58            42     16       39

PRECIPITATION (IN)
  TODAY            0.00          0.12  -0.12     0.00
  MONTH TO DATE    0.00          0.57  -0.57     0.51
  SINCE SEP 1      4.85          7.83  -2.98     8.08
  SINCE JAN 1     30.81         35.37  -4.56    39.80

DEGREE DAYS
 HEATING
  TODAY            7            23    -16       26
  MONTH TO DATE  100           114    -14      118
  SINCE SEP 1    697           863   -166      809
  SINCE JUL 1    750           935   -185      872

 COOLING
  TODAY            0             0      0        0
  MONTH TO DATE    0             0      0        0
  SINCE SEP 1     55            25     30       44
  SINCE JAN 1    308           313     -5      503
......................................................


WIND (MPH)
  HIGHEST WIND SPEED    15   HIGHEST WIND DIRECTION     W (280)
  HIGHEST GUST SPEED    21   HIGHEST GUST DIRECTION     W (280)
  AVERAGE WIND SPEED     7.4


SKY COVER
  AVERAGE SKY COVER 0.6



RELATIVE HUMIDITY (PERCENT)
 HIGHEST    66
 LOWEST     17
 AVERAGE    42

..........................................................


THE BENNINGTON VT CLIMATE NORMALS FOR TOMORROW
                         NORMAL
 MAXIMUM TEMPERATURE (F)   51
 MINIMUM TEMPERATURE (F)   32


SUNRISE AND SUNSET
NOVEMBER  5 2014......SUNRISE   632 AM EST   SUNSET   440 PM EST
NOVEMBER  6 2014......SUNRISE   634 AM EST   SUNSET   439 PM EST


-  INDICATES NEGATIVE NUMBERS.
R  INDICATES RECORD WAS SET OR TIED.
MM INDICATES DATA IS MISSING.
T  INDICATES TRACE AMOUNT.




$$
