000
CDUS41 KALY 190628
CLIDDH


CLIMATE REPORT
NATIONAL WEATHER SERVICE ALBANY NY
226 AM EDT FRI JUN 19 2015


...................................

...THE BENNINGTON VT CLIMATE SUMMARY FOR JUNE 18 2015...

CLIMATE NORMAL PERIOD 1981 TO 2010
CLIMATE RECORD PERIOD 9999 TO 9999


WEATHER ITEM   OBSERVED TIME   NORMAL DEPARTURE LAST
                VALUE   (LST)  VALUE  FROM      YEAR
                                      NORMAL
......................................................
TEMPERATURE (F)
 YESTERDAY
  MAXIMUM         75   1126 AM  76     -1       77
  MINIMUM         56    408 AM  53      3       63
  AVERAGE         66            65      1       70

PRECIPITATION (IN)
  YESTERDAY        0.00          0.15  -0.15     0.29
  MONTH TO DATE    1.87          2.56  -0.69     1.58
  SINCE JUN 1      1.87          2.56  -0.69     1.58
  SINCE JAN 1      9.43         17.63  -8.20    14.41

DEGREE DAYS
 HEATING
  YESTERDAY        0             2     -2        0
  MONTH TO DATE   67            78    -11       28
  SINCE JUN 1     67            78    -11       28
  SINCE JUL 1   7509          7217    292     7279

 COOLING
  YESTERDAY        1             2     -1        5
  MONTH TO DATE   24            27     -3       27
  SINCE JUN 1     24            27     -3       27
  SINCE JAN 1     88            41     47       43
......................................................


WIND (MPH)
  HIGHEST WIND SPEED    14   HIGHEST WIND DIRECTION     S (180)
  HIGHEST GUST SPEED    25   HIGHEST GUST DIRECTION     S (180)
  AVERAGE WIND SPEED     3.9


SKY COVER
  AVERAGE SKY COVER 0.7



RELATIVE HUMIDITY (PERCENT)
 HIGHEST    93           200 AM
 LOWEST     57          1100 AM
 AVERAGE    75

..........................................................


THE BENNINGTON VT CLIMATE NORMALS FOR TODAY
                         NORMAL
 MAXIMUM TEMPERATURE (F)   76
 MINIMUM TEMPERATURE (F)   54


SUNRISE AND SUNSET
JUNE 19 2015..........SUNRISE   514 AM EDT   SUNSET   835 PM EDT
JUNE 20 2015..........SUNRISE   514 AM EDT   SUNSET   835 PM EDT


-  INDICATES NEGATIVE NUMBERS.
R  INDICATES RECORD WAS SET OR TIED.
MM INDICATES DATA IS MISSING.
T  INDICATES TRACE AMOUNT.




$$
