000
CDUS41 KALY 250630
CLIDDH


CLIMATE REPORT
NATIONAL WEATHER SERVICE ALBANY NY
230 AM EDT SAT JUL 25 2015


...................................

...THE BENNINGTON VT CLIMATE SUMMARY FOR JULY 24 2015...

CLIMATE NORMAL PERIOD 1981 TO 2010
CLIMATE RECORD PERIOD 9999 TO 9999


WEATHER ITEM   OBSERVED TIME   NORMAL DEPARTURE LAST
                VALUE   (LST)  VALUE  FROM      YEAR
                                      NORMAL
......................................................
TEMPERATURE (F)
 YESTERDAY
  MAXIMUM         78   1226 PM  80     -2       76
  MINIMUM         48    424 AM  57     -9       53
  AVERAGE         63            68     -5       65

PRECIPITATION (IN)
  YESTERDAY        T             0.14  -0.14      T
  MONTH TO DATE    1.92          3.35  -1.43     5.25
  SINCE JUN 1      4.87          7.48  -2.61     8.58
  SINCE JAN 1     12.43         22.55 -10.12    21.41

DEGREE DAYS
 HEATING
  YESTERDAY        2             1      1        0
  MONTH TO DATE   27            24      3        6
  SINCE JUN 1    122           121      1       53
  SINCE JUL 1     27            24      3        6

 COOLING
  YESTERDAY        0             4     -4        0
  MONTH TO DATE   83            95    -12      115
  SINCE JUN 1    130           153    -23      177
  SINCE JAN 1    194           167     27      193
......................................................


WIND (MPH)
  HIGHEST WIND SPEED    12   HIGHEST WIND DIRECTION     W (250)
  HIGHEST GUST SPEED    16   HIGHEST GUST DIRECTION     W (270)
  AVERAGE WIND SPEED     1.8


SKY COVER
  AVERAGE SKY COVER 0.3



RELATIVE HUMIDITY (PERCENT)
 HIGHEST    96           200 AM
 LOWEST     43           100 PM
 AVERAGE    70

..........................................................


THE BENNINGTON VT CLIMATE NORMALS FOR TODAY
                         NORMAL
 MAXIMUM TEMPERATURE (F)   80
 MINIMUM TEMPERATURE (F)   57


SUNRISE AND SUNSET
JULY 25 2015..........SUNRISE   537 AM EDT   SUNSET   822 PM EDT
JULY 26 2015..........SUNRISE   538 AM EDT   SUNSET   821 PM EDT


-  INDICATES NEGATIVE NUMBERS.
R  INDICATES RECORD WAS SET OR TIED.
MM INDICATES DATA IS MISSING.
T  INDICATES TRACE AMOUNT.




$$
