000
CDUS41 KALY 060634
CLIDDH


CLIMATE REPORT
NATIONAL WEATHER SERVICE ALBANY NY
233 AM EDT TUE JUN 6 2017


...................................

...THE BENNINGTON VT CLIMATE SUMMARY FOR JUNE 5 2017...

CLIMATE NORMAL PERIOD 1981 TO 2010
CLIMATE RECORD PERIOD 9999 TO 9999


WEATHER ITEM   OBSERVED TIME   NORMAL DEPARTURE LAST
                VALUE   (LST)  VALUE  FROM      YEAR
                                      NORMAL
......................................................
TEMPERATURE (F)
 YESTERDAY
  MAXIMUM         62   1203 PM  72    -10       71
  MINIMUM         54   1050 PM  49      5       57
  AVERAGE         58            61     -3       64

PRECIPITATION (IN)
  YESTERDAY        0.97          0.14   0.83     1.00
  MONTH TO DATE    1.08          0.71   0.37     1.00
  SINCE JUN 1      1.08          0.71   0.37     1.00
  SINCE JAN 1     17.32         15.78   1.54    14.05

DEGREE DAYS
 HEATING
  YESTERDAY        7             5      2        1
  MONTH TO DATE   48            29     19        1
  SINCE JUN 1     48            29     19        1
  SINCE JUL 1   6447          7168   -721     6037

 COOLING
  YESTERDAY        0             1     -1        0
  MONTH TO DATE    0             5     -5       14
  SINCE JUN 1      0             5     -5       14
  SINCE JAN 1     15            19     -4       56
......................................................


WIND (MPH)
  HIGHEST WIND SPEED    23   HIGHEST WIND DIRECTION    SE (130)
  HIGHEST GUST SPEED    33   HIGHEST GUST DIRECTION    SE (120)
  AVERAGE WIND SPEED     8.7


SKY COVER
  AVERAGE SKY COVER 1.0



RELATIVE HUMIDITY (PERCENT)
 HIGHEST    86          1200 AM
 LOWEST     72           800 AM
 AVERAGE    79

..........................................................


THE BENNINGTON VT CLIMATE NORMALS FOR TODAY
                         NORMAL
 MAXIMUM TEMPERATURE (F)   73
 MINIMUM TEMPERATURE (F)   50


SUNRISE AND SUNSET
JUNE  6 2017..........SUNRISE   515 AM EDT   SUNSET   829 PM EDT
JUNE  7 2017..........SUNRISE   515 AM EDT   SUNSET   829 PM EDT


-  INDICATES NEGATIVE NUMBERS.
R  INDICATES RECORD WAS SET OR TIED.
MM INDICATES DATA IS MISSING.
T  INDICATES TRACE AMOUNT.




$$
