000
CDUS41 KALY 190623
CLIDDH


CLIMATE REPORT
NATIONAL WEATHER SERVICE ALBANY NY
122 AM EST THU FEB 19 2015


...................................

...THE BENNINGTON VT CLIMATE SUMMARY FOR FEBRUARY 18 2015...

CLIMATE NORMAL PERIOD 1981 TO 2010
CLIMATE RECORD PERIOD 9999 TO 9999


WEATHER ITEM   OBSERVED TIME   NORMAL DEPARTURE LAST
                VALUE   (LST)  VALUE  FROM      YEAR
                                      NORMAL
......................................................
TEMPERATURE (F)
 YESTERDAY
  MAXIMUM         30    330 PM  35     -5       30
  MINIMUM        -12    614 AM  16    -28        0
  AVERAGE          9            26    -17       15

PRECIPITATION (IN)
  YESTERDAY        0.01          0.08  -0.07     0.02
  MONTH TO DATE    0.79          1.32  -0.53     1.62
  SINCE DEC 1      7.10          6.86   0.24     7.42
  SINCE JAN 1      3.19          4.07  -0.88     4.54

DEGREE DAYS
 HEATING
  YESTERDAY       56            39     17       50
  MONTH TO DATE  974           740    234      780
  SINCE DEC 1   3461          3258    203     3319
  SINCE JUL 1   4954          4871     83     4850

 COOLING
  YESTERDAY        0             0      0        0
  MONTH TO DATE    0             0      0        0
  SINCE DEC 1      0             0      0        0
  SINCE JAN 1      0             0      0        0
......................................................


WIND (MPH)
  HIGHEST WIND SPEED     9   HIGHEST WIND DIRECTION     N (340)
  HIGHEST GUST SPEED    12   HIGHEST GUST DIRECTION    NW (330)
  AVERAGE WIND SPEED     0.8


SKY COVER
  AVERAGE SKY COVER 0.3



RELATIVE HUMIDITY (PERCENT)
 HIGHEST    90           400 AM
 LOWEST     29           300 PM
 AVERAGE    60

..........................................................


THE BENNINGTON VT CLIMATE NORMALS FOR TODAY
                         NORMAL
 MAXIMUM TEMPERATURE (F)   36
 MINIMUM TEMPERATURE (F)   16


SUNRISE AND SUNSET
FEBRUARY 19 2015......SUNRISE   645 AM EST   SUNSET   529 PM EST
FEBRUARY 20 2015......SUNRISE   643 AM EST   SUNSET   531 PM EST


-  INDICATES NEGATIVE NUMBERS.
R  INDICATES RECORD WAS SET OR TIED.
MM INDICATES DATA IS MISSING.
T  INDICATES TRACE AMOUNT.




$$
