000
CDUS41 KALY 302044
CLIDDH


CLIMATE REPORT
NATIONAL WEATHER SERVICE ALBANY NY
444 PM EDT THU JUN 30 2016


...................................

...THE BENNINGTON VT CLIMATE SUMMARY FOR JUNE 30 2016...
VALID TODAY AS OF 0400 PM LOCAL TIME.

CLIMATE NORMAL PERIOD 1981 TO 2010
CLIMATE RECORD PERIOD 9999 TO 9999


WEATHER ITEM   OBSERVED TIME   NORMAL DEPARTURE LAST
                VALUE   (LST)  VALUE  FROM      YEAR
                                      NORMAL
......................................................
TEMPERATURE (F)
 TODAY
  MAXIMUM         80    340 PM  78      2       73
  MINIMUM         52    422 AM  56     -4       50
  AVERAGE         66            67     -1       62

PRECIPITATION (IN)
  TODAY            0.00          0.12  -0.12     0.02
  MONTH TO DATE    1.74          4.13  -2.39     2.95
  SINCE JUN 1      1.74          4.13  -2.39     2.95
  SINCE JAN 1     14.79         19.20  -4.41    10.51

DEGREE DAYS
 HEATING
  TODAY            0             1     -1        3
  MONTH TO DATE   69            96    -27       95
  SINCE JUN 1     69            97    -28       95
  SINCE JUL 1   6105          7236  -1131     7537

 COOLING
  TODAY            1             3     -2        0
  MONTH TO DATE   58            58      0       47
  SINCE JUN 1     58            58      0       47
  SINCE JAN 1    100            72     28      111
......................................................


WIND (MPH)
  HIGHEST WIND SPEED     9   HIGHEST WIND DIRECTION     W (270)
  HIGHEST GUST SPEED    MM   HIGHEST GUST DIRECTION    MM
  AVERAGE WIND SPEED     2.9


SKY COVER
  AVERAGE SKY COVER 0.1



RELATIVE HUMIDITY (PERCENT)
 HIGHEST   100
 LOWEST     39
 AVERAGE    70

..........................................................


THE BENNINGTON VT CLIMATE NORMALS FOR TOMORROW
                         NORMAL
 MAXIMUM TEMPERATURE (F)   79
 MINIMUM TEMPERATURE (F)   56


SUNRISE AND SUNSET
JUNE 30 2016..........SUNRISE   518 AM EDT   SUNSET   836 PM EDT
JULY  1 2016..........SUNRISE   518 AM EDT   SUNSET   835 PM EDT


-  INDICATES NEGATIVE NUMBERS.
R  INDICATES RECORD WAS SET OR TIED.
MM INDICATES DATA IS MISSING.
T  INDICATES TRACE AMOUNT.




$$
