000
CDUS41 KALY 180626
CLIDDH


CLIMATE REPORT
NATIONAL WEATHER SERVICE ALBANY NY
225 AM EDT MON APR 18 2016


...................................

...THE BENNINGTON VT CLIMATE SUMMARY FOR APRIL 17 2016...

CLIMATE NORMAL PERIOD 1981 TO 2010
CLIMATE RECORD PERIOD 9999 TO 9999


WEATHER ITEM   OBSERVED TIME   NORMAL DEPARTURE LAST
                VALUE   (LST)  VALUE  FROM      YEAR
                                      NORMAL
......................................................
TEMPERATURE (F)
 YESTERDAY
  MAXIMUM         73    519 PM  58     15       63
  MINIMUM         30    515 AM  35     -5       41
  AVERAGE         52            46      6       52

PRECIPITATION (IN)
  YESTERDAY        0.00          0.09  -0.09     0.10
  MONTH TO DATE    2.17          1.97   0.20     0.86
  SINCE MAR 1      4.63          5.12  -0.49     2.00
  SINCE JAN 1      9.67         10.11  -0.44     5.41

DEGREE DAYS
 HEATING
  YESTERDAY       13            19     -6       13
  MONTH TO DATE  444           375     69      367
  SINCE MAR 1   1208          1359   -151     1538
  SINCE JUL 1   5541          6610  -1069     7040

 COOLING
  YESTERDAY        0             0      0        0
  MONTH TO DATE    0             0      0        0
  SINCE MAR 1      0             0      0        0
  SINCE JAN 1      0             0      0        0
......................................................


WIND (MPH)
  HIGHEST WIND SPEED    12   HIGHEST WIND DIRECTION     W (280)
  HIGHEST GUST SPEED    14   HIGHEST GUST DIRECTION    NW (300)
  AVERAGE WIND SPEED     2.8


SKY COVER
  AVERAGE SKY COVER 0.0



RELATIVE HUMIDITY (PERCENT)
 HIGHEST    78           400 AM
 LOWEST     20          1100 AM
 AVERAGE    49

..........................................................


THE BENNINGTON VT CLIMATE NORMALS FOR TODAY
                         NORMAL
 MAXIMUM TEMPERATURE (F)   58
 MINIMUM TEMPERATURE (F)   35


SUNRISE AND SUNSET
APRIL 18 2016.........SUNRISE   606 AM EDT   SUNSET   739 PM EDT
APRIL 19 2016.........SUNRISE   604 AM EDT   SUNSET   741 PM EDT


-  INDICATES NEGATIVE NUMBERS.
R  INDICATES RECORD WAS SET OR TIED.
MM INDICATES DATA IS MISSING.
T  INDICATES TRACE AMOUNT.




$$
