000
CDUS41 KALY 012044
CLIDDH


CLIMATE REPORT
NATIONAL WEATHER SERVICE ALBANY NY
443 PM EDT SAT NOV 1 2014


...................................

...THE BENNINGTON VT CLIMATE SUMMARY FOR NOVEMBER 1 2014...
VALID TODAY AS OF 0400 PM LOCAL TIME.

CLIMATE NORMAL PERIOD 1981 TO 2010
CLIMATE RECORD PERIOD 9999 TO 9999


WEATHER ITEM   OBSERVED TIME   NORMAL DEPARTURE LAST
                VALUE   (LST)  VALUE  FROM      YEAR
                                      NORMAL
......................................................
TEMPERATURE (F)
 TODAY
  MAXIMUM         45    234 AM  53     -8       67
  MINIMUM         36    713 AM  32      4       50
  AVERAGE         41            43     -2       59

PRECIPITATION (IN)
  TODAY            0.00          0.11  -0.11     0.45
  MONTH TO DATE    0.00          0.11  -0.11     0.45
  SINCE SEP 1      4.85          7.37  -2.52     8.02
  SINCE JAN 1     30.81         34.91  -4.10    39.74

DEGREE DAYS
 HEATING
  TODAY           24            22      2        6
  MONTH TO DATE   24            22      2        6
  SINCE SEP 1    621           771   -150      697
  SINCE JUL 1    674           843   -169      760

 COOLING
  TODAY            0             0      0        0
  MONTH TO DATE    0             0      0        0
  SINCE SEP 1     55            25     30       44
  SINCE JAN 1    308           313     -5      503
......................................................


WIND (MPH)
  HIGHEST WIND SPEED    12   HIGHEST WIND DIRECTION    NW (330)
  HIGHEST GUST SPEED    16   HIGHEST GUST DIRECTION    NW (330)
  AVERAGE WIND SPEED     4.8


SKY COVER
  AVERAGE SKY COVER 0.8



RELATIVE HUMIDITY (PERCENT)
 HIGHEST    82
 LOWEST     57
 AVERAGE    70

..........................................................


THE BENNINGTON VT CLIMATE NORMALS FOR TOMORROW
                         NORMAL
 MAXIMUM TEMPERATURE (F)   53
 MINIMUM TEMPERATURE (F)   32


SUNRISE AND SUNSET
NOVEMBER  1 2014......SUNRISE   727 AM EDT   SUNSET   545 PM EDT
NOVEMBER  2 2014......SUNRISE   628 AM EST   SUNSET   444 PM EST


-  INDICATES NEGATIVE NUMBERS.
R  INDICATES RECORD WAS SET OR TIED.
MM INDICATES DATA IS MISSING.
T  INDICATES TRACE AMOUNT.




$$
