000
CDUS41 KALY 060622
CLIDDH


CLIMATE REPORT
NATIONAL WEATHER SERVICE ALBANY NY
221 AM EDT SAT SEP 6 2014


...................................

...THE BENNINGTON VT CLIMATE SUMMARY FOR SEPTEMBER 5 2014...

CLIMATE NORMAL PERIOD 1981 TO 2010
CLIMATE RECORD PERIOD 9999 TO 9999


WEATHER ITEM   OBSERVED TIME   NORMAL DEPARTURE LAST
                VALUE   (LST)  VALUE  FROM      YEAR
                                      NORMAL
......................................................
TEMPERATURE (F)
 YESTERDAY
  MAXIMUM         87    335 PM  74     13       68
  MINIMUM         58    546 AM  51      7       42
  AVERAGE         73            63     10       55

PRECIPITATION (IN)
  YESTERDAY        0.00          0.10  -0.10     0.01
  MONTH TO DATE    0.23          0.51  -0.28     0.66
  SINCE SEP 1      0.23          0.51  -0.28     0.66
  SINCE JAN 1     26.19         28.05  -1.86    32.38

DEGREE DAYS
 HEATING
  YESTERDAY        0             4     -4       10
  MONTH TO DATE    0            17    -17       10
  SINCE SEP 1      0            17    -17       10
  SINCE JUL 1     53            89    -36       73

 COOLING
  YESTERDAY        8             1      7        0
  MONTH TO DATE   30             9     21       20
  SINCE SEP 1     30             9     21       20
  SINCE JAN 1    283           297    -14      479
......................................................


WIND (MPH)
  HIGHEST WIND SPEED    15   HIGHEST WIND DIRECTION     S (190)
  HIGHEST GUST SPEED    23   HIGHEST GUST DIRECTION     S (190)
  AVERAGE WIND SPEED     4.2


SKY COVER
  AVERAGE SKY COVER 0.2



RELATIVE HUMIDITY (PERCENT)
 HIGHEST    97           100 AM
 LOWEST     55           300 PM
 AVERAGE    76

..........................................................


THE BENNINGTON VT CLIMATE NORMALS FOR TODAY
                         NORMAL
 MAXIMUM TEMPERATURE (F)   74
 MINIMUM TEMPERATURE (F)   51


SUNRISE AND SUNSET
SEPTEMBER  6 2014.....SUNRISE   623 AM EDT   SUNSET   719 PM EDT
SEPTEMBER  7 2014.....SUNRISE   624 AM EDT   SUNSET   717 PM EDT


-  INDICATES NEGATIVE NUMBERS.
R  INDICATES RECORD WAS SET OR TIED.
MM INDICATES DATA IS MISSING.
T  INDICATES TRACE AMOUNT.




$$
