000
CDUS41 KALY 200623
CLIDDH


CLIMATE REPORT
NATIONAL WEATHER SERVICE ALBANY NY
122 AM EST TUE JAN 20 2015


...................................

...THE BENNINGTON VT CLIMATE SUMMARY FOR JANUARY 19 2015...

CLIMATE NORMAL PERIOD 1981 TO 2010
CLIMATE RECORD PERIOD 9999 TO 9999


WEATHER ITEM   OBSERVED TIME   NORMAL DEPARTURE LAST
                VALUE   (LST)  VALUE  FROM      YEAR
                                      NORMAL
......................................................
TEMPERATURE (F)
 YESTERDAY
  MAXIMUM         35    259 AM  30      5       31
  MINIMUM         27   1159 PM  11     16       21
  AVERAGE         31            21     10       26

PRECIPITATION (IN)
  YESTERDAY        T             0.08  -0.08     0.03
  MONTH TO DATE    2.08          1.84   0.24     2.82
  SINCE DEC 1      5.99          4.63   1.36     5.70
  SINCE JAN 1      2.08          1.84   0.24     2.82

DEGREE DAYS
 HEATING
  YESTERDAY       34            44    -10       39
  MONTH TO DATE  878           832     46      775
  SINCE DEC 1   1902          1991    -89     1907
  SINCE JUL 1   3395          3604   -209     3438

 COOLING
  YESTERDAY        0             0      0        0
  MONTH TO DATE    0             0      0        0
  SINCE DEC 1      0             0      0        0
  SINCE JAN 1      0             0      0        0
......................................................


WIND (MPH)
  HIGHEST WIND SPEED    16   HIGHEST WIND DIRECTION     W (260)
  HIGHEST GUST SPEED    26   HIGHEST GUST DIRECTION     W (250)
  AVERAGE WIND SPEED     8.2


SKY COVER
  AVERAGE SKY COVER 0.9



RELATIVE HUMIDITY (PERCENT)
 HIGHEST    96           400 AM
 LOWEST     63           600 PM
 AVERAGE    80

..........................................................


THE BENNINGTON VT CLIMATE NORMALS FOR TODAY
                         NORMAL
 MAXIMUM TEMPERATURE (F)   30
 MINIMUM TEMPERATURE (F)   11


SUNRISE AND SUNSET
JANUARY 20 2015.......SUNRISE   718 AM EST   SUNSET   450 PM EST
JANUARY 21 2015.......SUNRISE   718 AM EST   SUNSET   451 PM EST


-  INDICATES NEGATIVE NUMBERS.
R  INDICATES RECORD WAS SET OR TIED.
MM INDICATES DATA IS MISSING.
T  INDICATES TRACE AMOUNT.




$$
