000
CDUS41 KALY 042055
CLIDDH


CLIMATE REPORT
NATIONAL WEATHER SERVICE ALBANY NY
454 PM EDT SUN SEP 4 2016


...................................

...THE BENNINGTON VT CLIMATE SUMMARY FOR SEPTEMBER 4 2016...
VALID TODAY AS OF 0400 PM LOCAL TIME.

CLIMATE NORMAL PERIOD 1981 TO 2010
CLIMATE RECORD PERIOD 9999 TO 9999


WEATHER ITEM   OBSERVED TIME   NORMAL DEPARTURE LAST
                VALUE   (LST)  VALUE  FROM      YEAR
                                      NORMAL
......................................................
TEMPERATURE (F)
 TODAY
  MAXIMUM         79    243 PM  74      5       82
  MINIMUM         48    559 AM  51     -3       60
  AVERAGE         64            63      1       71

PRECIPITATION (IN)
  TODAY            0.00          0.11  -0.11     0.00
  MONTH TO DATE    0.00          0.41  -0.41     0.00
  SINCE SEP 1      0.00          0.41  -0.41     0.00
  SINCE JAN 1     21.31         27.95  -6.64    14.23

DEGREE DAYS
 HEATING
  TODAY            1             4     -3        0
  MONTH TO DATE    9            13     -4        0
  SINCE SEP 1      9            13     -4        0
  SINCE JUL 1     31            85    -54       39

 COOLING
  TODAY            0             2     -2        6
  MONTH TO DATE    0             8     -8       24
  SINCE SEP 1      0             8     -8       24
  SINCE JAN 1    439           296    143      392
......................................................


WIND (MPH)
  HIGHEST WIND SPEED     9   HIGHEST WIND DIRECTION     N (360)
  HIGHEST GUST SPEED    11   HIGHEST GUST DIRECTION    NE (60)
  AVERAGE WIND SPEED     1.3


SKY COVER
  AVERAGE SKY COVER 0.0



RELATIVE HUMIDITY (PERCENT)
 HIGHEST    93
 LOWEST     43
 AVERAGE    68

..........................................................


THE BENNINGTON VT CLIMATE NORMALS FOR TOMORROW
                         NORMAL
 MAXIMUM TEMPERATURE (F)   74
 MINIMUM TEMPERATURE (F)   51


SUNRISE AND SUNSET
SEPTEMBER  4 2016.....SUNRISE   621 AM EDT   SUNSET   722 PM EDT
SEPTEMBER  5 2016.....SUNRISE   622 AM EDT   SUNSET   720 PM EDT


-  INDICATES NEGATIVE NUMBERS.
R  INDICATES RECORD WAS SET OR TIED.
MM INDICATES DATA IS MISSING.
T  INDICATES TRACE AMOUNT.




$$
