000
CDUS41 KALY 100625
CLIDDH


CLIMATE REPORT
NATIONAL WEATHER SERVICE ALBANY NY
224 AM EDT THU JUL 10 2014


...................................

...THE BENNINGTON VT CLIMATE SUMMARY FOR JULY 9 2014...

CLIMATE NORMAL PERIOD 1981 TO 2010
CLIMATE RECORD PERIOD 9999 TO 9999


WEATHER ITEM   OBSERVED TIME   NORMAL DEPARTURE LAST
                VALUE   (LST)  VALUE  FROM      YEAR
                                      NORMAL
......................................................
TEMPERATURE (F)
 YESTERDAY
  MAXIMUM         82    153 PM  79      3       85
  MINIMUM         58   1159 PM  57      1       67
  AVERAGE         70            68      2       76

PRECIPITATION (IN)
  YESTERDAY        0.82          0.15   0.67     0.00
  MONTH TO DATE    3.77          1.20   2.57     1.19
  SINCE JUN 1      7.10          5.33   1.77     8.48
  SINCE JAN 1     19.93         20.40  -0.47    22.95

DEGREE DAYS
 HEATING
  YESTERDAY        0             1     -1        0
  MONTH TO DATE    1             9     -8        0
  SINCE JUN 1     48           106    -58      100
  SINCE JUL 1      1             9     -8        0

 COOLING
  YESTERDAY        5             4      1       11
  MONTH TO DATE   58            35     23      105
  SINCE JUN 1    120            93     27      203
  SINCE JAN 1    136           107     29      235
......................................................


WIND (MPH)
  HIGHEST WIND SPEED    24   HIGHEST WIND DIRECTION    SW (240)
  HIGHEST GUST SPEED    37   HIGHEST GUST DIRECTION     W (250)
  AVERAGE WIND SPEED     5.1


SKY COVER
  AVERAGE SKY COVER 0.4



RELATIVE HUMIDITY (PERCENT)
 HIGHEST   100          1000 PM
 LOWEST     51           100 PM
 AVERAGE    76

..........................................................


THE BENNINGTON VT CLIMATE NORMALS FOR TODAY
                         NORMAL
 MAXIMUM TEMPERATURE (F)   80
 MINIMUM TEMPERATURE (F)   57


SUNRISE AND SUNSET
JULY 10 2014..........SUNRISE   524 AM EDT   SUNSET   833 PM EDT
JULY 11 2014..........SUNRISE   525 AM EDT   SUNSET   832 PM EDT


-  INDICATES NEGATIVE NUMBERS.
R  INDICATES RECORD WAS SET OR TIED.
MM INDICATES DATA IS MISSING.
T  INDICATES TRACE AMOUNT.




$$
