000
CDUS41 KALY 232045
CLIDDH


CLIMATE REPORT
NATIONAL WEATHER SERVICE ALBANY NY
445 PM EDT SUN JUL 23 2017


...................................

...THE BENNINGTON VT CLIMATE SUMMARY FOR JULY 23 2017...
VALID TODAY AS OF 0400 PM LOCAL TIME.

CLIMATE NORMAL PERIOD 1981 TO 2010
CLIMATE RECORD PERIOD 9999 TO 9999


WEATHER ITEM   OBSERVED TIME   NORMAL DEPARTURE LAST
                VALUE   (LST)  VALUE  FROM      YEAR
                                      NORMAL
......................................................
TEMPERATURE (F)
 TODAY
  MAXIMUM         78    104 PM  80     -2       88
  MINIMUM         59    442 AM  57      2       56
  AVERAGE         69            68      1       72

PRECIPITATION (IN)
  TODAY            0.00          0.15  -0.15     0.04
  MONTH TO DATE    5.79          3.21   2.58     1.34
  SINCE JUN 1     12.87          7.34   5.53     3.08
  SINCE JAN 1     29.11         22.41   6.70    16.13

DEGREE DAYS
 HEATING
  TODAY            0             1     -1        0
  MONTH TO DATE    0            23    -23       10
  SINCE JUN 1     95           120    -25       79
  SINCE JUL 1      0            23    -23       10

 COOLING
  TODAY            4             4      0        7
  MONTH TO DATE  115            91     24      113
  SINCE JUN 1    202           149     53      171
  SINCE JAN 1    217           163     54      213
......................................................


WIND (MPH)
  HIGHEST WIND SPEED    10   HIGHEST WIND DIRECTION     S (190)
  HIGHEST GUST SPEED    15   HIGHEST GUST DIRECTION     E (100)
  AVERAGE WIND SPEED     2.9


SKY COVER
  AVERAGE SKY COVER 0.5



RELATIVE HUMIDITY (PERCENT)
 HIGHEST    93
 LOWEST     53
 AVERAGE    73

..........................................................


THE BENNINGTON VT CLIMATE NORMALS FOR TOMORROW
                         NORMAL
 MAXIMUM TEMPERATURE (F)   80
 MINIMUM TEMPERATURE (F)   57


SUNRISE AND SUNSET
JULY 23 2017..........SUNRISE   535 AM EDT   SUNSET   823 PM EDT
JULY 24 2017..........SUNRISE   536 AM EDT   SUNSET   822 PM EDT


-  INDICATES NEGATIVE NUMBERS.
R  INDICATES RECORD WAS SET OR TIED.
MM INDICATES DATA IS MISSING.
T  INDICATES TRACE AMOUNT.




$$
