755
CDUS41 KALY 130628
CLIDDH


CLIMATE REPORT
NATIONAL WEATHER SERVICE ALBANY NY
227 AM EDT THU APR 13 2017


...................................

...THE BENNINGTON VT CLIMATE SUMMARY FOR APRIL 12 2017...

CLIMATE NORMAL PERIOD 1981 TO 2010
CLIMATE RECORD PERIOD 9999 TO 9999


WEATHER ITEM   OBSERVED TIME   NORMAL DEPARTURE LAST
                VALUE   (LST)  VALUE  FROM      YEAR
                                      NORMAL
......................................................
TEMPERATURE (F)
 YESTERDAY
  MAXIMUM         58    313 PM  55      3       54
  MINIMUM         45   1159 PM  33     12       35
  AVERAGE         52            44      8       45

PRECIPITATION (IN)
  YESTERDAY        0.21          0.11   0.10     0.32
  MONTH TO DATE    1.62          1.47   0.15     2.17
  SINCE MAR 1      4.73          4.62   0.11     4.63
  SINCE JAN 1      8.36          9.61  -1.25     9.67

DEGREE DAYS
 HEATING
  YESTERDAY       13            21     -8       20
  MONTH TO DATE  221           277    -56      344
  SINCE MAR 1   1327          1261     66     1108
  SINCE JUL 1   5862          6512   -650     5441

 COOLING
  YESTERDAY        0             0      0        0
  MONTH TO DATE    1             0      1        0
  SINCE MAR 1      1             0      1        0
  SINCE JAN 1      1             0      1        0
......................................................


WIND (MPH)
  HIGHEST WIND SPEED    18   HIGHEST WIND DIRECTION     W (290)
  HIGHEST GUST SPEED    26   HIGHEST GUST DIRECTION     W (280)
  AVERAGE WIND SPEED     6.6


SKY COVER
  AVERAGE SKY COVER 0.7



RELATIVE HUMIDITY (PERCENT)
 HIGHEST    93           500 AM
 LOWEST     51           500 PM
 AVERAGE    72

..........................................................


THE BENNINGTON VT CLIMATE NORMALS FOR TODAY
                         NORMAL
 MAXIMUM TEMPERATURE (F)   56
 MINIMUM TEMPERATURE (F)   34


SUNRISE AND SUNSET
APRIL 13 2017.........SUNRISE   614 AM EDT   SUNSET   733 PM EDT
APRIL 14 2017.........SUNRISE   613 AM EDT   SUNSET   734 PM EDT


-  INDICATES NEGATIVE NUMBERS.
R  INDICATES RECORD WAS SET OR TIED.
MM INDICATES DATA IS MISSING.
T  INDICATES TRACE AMOUNT.




$$
