000
CDUS41 KALY 250627
CLIDDH


CLIMATE REPORT
NATIONAL WEATHER SERVICE ALBANY NY
226 AM EDT TUE MAR 25 2014


...................................

...THE BENNINGTON VT CLIMATE SUMMARY FOR MARCH 24 2014...

CLIMATE NORMAL PERIOD 1981 TO 2010
CLIMATE RECORD PERIOD 9999 TO 9999


WEATHER ITEM   OBSERVED TIME   NORMAL DEPARTURE LAST
                VALUE   (LST)  VALUE  FROM      YEAR
                                      NORMAL
......................................................
TEMPERATURE (F)
 YESTERDAY
  MAXIMUM         27    417 PM  47    -20       41
  MINIMUM          9    552 AM  25    -16       26
  AVERAGE         18            36    -18       34

PRECIPITATION (IN)
  YESTERDAY        0.00          0.11  -0.11     0.00
  MONTH TO DATE    1.27          2.41  -1.14     1.05
  SINCE MAR 1      1.27          2.41  -1.14     1.05
  SINCE JAN 1      7.13          7.40  -0.27     3.71

DEGREE DAYS
 HEATING
  YESTERDAY       47            29     18       31
  MONTH TO DATE  992           794    198      823
  SINCE MAR 1    992           794    198      823
  SINCE JUL 1   6240          6045    195     5607

 COOLING
  YESTERDAY        0             0      0        0
  MONTH TO DATE    0             0      0        0
  SINCE MAR 1      0             0      0        0
  SINCE JAN 1      0             0      0        0
......................................................


WIND (MPH)
  HIGHEST WIND SPEED    15   HIGHEST WIND DIRECTION    SW (210)
  HIGHEST GUST SPEED    21   HIGHEST GUST DIRECTION     W (280)
  AVERAGE WIND SPEED     6.1


SKY COVER
  AVERAGE SKY COVER 0.0



RELATIVE HUMIDITY (PERCENT)
 HIGHEST    69           500 AM
 LOWEST     33           300 PM
 AVERAGE    51

..........................................................


THE BENNINGTON VT CLIMATE NORMALS FOR TODAY
                         NORMAL
 MAXIMUM TEMPERATURE (F)   47
 MINIMUM TEMPERATURE (F)   26


SUNRISE AND SUNSET
MARCH 25 2014.........SUNRISE   648 AM EDT   SUNSET   711 PM EDT
MARCH 26 2014.........SUNRISE   646 AM EDT   SUNSET   712 PM EDT


-  INDICATES NEGATIVE NUMBERS.
R  INDICATES RECORD WAS SET OR TIED.
MM INDICATES DATA IS MISSING.
T  INDICATES TRACE AMOUNT.




$$
