000
CDUS41 KALY 162053
CLIDDH


CLIMATE REPORT
NATIONAL WEATHER SERVICE ALBANY NY
453 PM EDT THU JUL 16 2015


...................................

...THE BENNINGTON VT CLIMATE SUMMARY FOR JULY 16 2015...
VALID TODAY AS OF 0400 PM LOCAL TIME.

CLIMATE NORMAL PERIOD 1981 TO 2010
CLIMATE RECORD PERIOD 9999 TO 9999


WEATHER ITEM   OBSERVED TIME   NORMAL DEPARTURE LAST
                VALUE   (LST)  VALUE  FROM      YEAR
                                      NORMAL
......................................................
TEMPERATURE (F)
 TODAY
  MAXIMUM         74    328 PM  80     -6       76
  MINIMUM         43    424 AM  57    -14       57
  AVERAGE         59            68     -9       67

PRECIPITATION (IN)
  TODAY            0.00          0.12  -0.12     0.13
  MONTH TO DATE    0.90          2.20  -1.30     4.61
  SINCE JUN 1      3.85          6.33  -2.48     7.94
  SINCE JAN 1     11.41         21.40  -9.99    20.77

DEGREE DAYS
 HEATING
  TODAY            6             1      5        0
  MONTH TO DATE   24            16      8        2
  SINCE JUN 1    119           113      6       49
  SINCE JUL 1     24            16      8        2

 COOLING
  TODAY            0             4     -4        2
  MONTH TO DATE   47            63    -16       86
  SINCE JUN 1     94           121    -27      148
  SINCE JAN 1    158           135     23      164
......................................................


WIND (MPH)
  HIGHEST WIND SPEED    12   HIGHEST WIND DIRECTION     W (260)
  HIGHEST GUST SPEED    15   HIGHEST GUST DIRECTION     W (270)
  AVERAGE WIND SPEED     2.7


SKY COVER
  AVERAGE SKY COVER 0.0



RELATIVE HUMIDITY (PERCENT)
 HIGHEST   100
 LOWEST     41
 AVERAGE    71

..........................................................


THE BENNINGTON VT CLIMATE NORMALS FOR TOMORROW
                         NORMAL
 MAXIMUM TEMPERATURE (F)   80
 MINIMUM TEMPERATURE (F)   57


SUNRISE AND SUNSET
JULY 16 2015..........SUNRISE   528 AM EDT   SUNSET   829 PM EDT
JULY 17 2015..........SUNRISE   529 AM EDT   SUNSET   828 PM EDT


-  INDICATES NEGATIVE NUMBERS.
R  INDICATES RECORD WAS SET OR TIED.
MM INDICATES DATA IS MISSING.
T  INDICATES TRACE AMOUNT.




$$
