000
CDUS41 KALY 220626
CLIDDH


CLIMATE REPORT
NATIONAL WEATHER SERVICE ALBANY NY
226 AM EDT TUE APR 22 2014


...................................

...THE BENNINGTON VT CLIMATE SUMMARY FOR APRIL 21 2014...

CLIMATE NORMAL PERIOD 1981 TO 2010
CLIMATE RECORD PERIOD 9999 TO 9999


WEATHER ITEM   OBSERVED TIME   NORMAL DEPARTURE LAST
                VALUE   (LST)  VALUE  FROM      YEAR
                                      NORMAL
......................................................
TEMPERATURE (F)
 YESTERDAY
  MAXIMUM         73    422 PM  59     14       49
  MINIMUM         32    550 AM  36     -4       27
  AVERAGE         53            48      5       38

PRECIPITATION (IN)
  YESTERDAY        0.00          0.09  -0.09     0.00
  MONTH TO DATE    0.99          2.35  -1.36     3.25
  SINCE MAR 1      3.14          5.50  -2.36     4.53
  SINCE JAN 1      9.00         10.49  -1.49     7.19

DEGREE DAYS
 HEATING
  YESTERDAY       12            17     -5       27
  MONTH TO DATE  426           446    -20      450
  SINCE MAR 1   1584          1430    154     1467
  SINCE JUL 1   6832          6681    151     6251

 COOLING
  YESTERDAY        0             0      0        0
  MONTH TO DATE    4             0      4        0
  SINCE MAR 1      4             0      4        0
  SINCE JAN 1      4             0      4        0
......................................................


WIND (MPH)
  HIGHEST WIND SPEED    12   HIGHEST WIND DIRECTION     S (200)
  HIGHEST GUST SPEED    17   HIGHEST GUST DIRECTION     S (180)
  AVERAGE WIND SPEED     3.9


SKY COVER
  AVERAGE SKY COVER 0.0



RELATIVE HUMIDITY (PERCENT)
 HIGHEST    69           400 AM
 LOWEST     11           400 PM
 AVERAGE    40

..........................................................


THE BENNINGTON VT CLIMATE NORMALS FOR TODAY
                         NORMAL
 MAXIMUM TEMPERATURE (F)   60
 MINIMUM TEMPERATURE (F)   37


SUNRISE AND SUNSET
APRIL 22 2014.........SUNRISE   600 AM EDT   SUNSET   743 PM EDT
APRIL 23 2014.........SUNRISE   559 AM EDT   SUNSET   745 PM EDT


-  INDICATES NEGATIVE NUMBERS.
R  INDICATES RECORD WAS SET OR TIED.
MM INDICATES DATA IS MISSING.
T  INDICATES TRACE AMOUNT.




$$
