000
CDUS41 KALY 240626
CLIDDH


CLIMATE REPORT
NATIONAL WEATHER SERVICE ALBANY NY
124 AM EST WED DEC 24 2014


...................................

...THE BENNINGTON VT CLIMATE SUMMARY FOR DECEMBER 23 2014...

CLIMATE NORMAL PERIOD 1981 TO 2010
CLIMATE RECORD PERIOD 9999 TO 9999


WEATHER ITEM   OBSERVED TIME   NORMAL DEPARTURE LAST
                VALUE   (LST)  VALUE  FROM      YEAR
                                      NORMAL
......................................................
TEMPERATURE (F)
 YESTERDAY
  MAXIMUM         45   1159 PM  33     12       50
  MINIMUM         37    347 AM  16     21       33
  AVERAGE         41            25     16       42

PRECIPITATION (IN)
  YESTERDAY        0.52          0.09   0.43     0.28
  MONTH TO DATE    2.96          2.12   0.84     1.96
  SINCE DEC 1      2.96          2.12   0.84     1.96
  SINCE JAN 1     36.01         40.03  -4.02    43.86

DEGREE DAYS
 HEATING
  YESTERDAY       24            40    -16       23
  MONTH TO DATE  784           828    -44      806
  SINCE DEC 1    784           828    -44      806
  SINCE JUL 1   2277          2441   -164     2337

 COOLING
  YESTERDAY        0             0      0        0
  MONTH TO DATE    0             0      0        0
  SINCE DEC 1      0             0      0        0
  SINCE JAN 1    308           313     -5      503
......................................................


WIND (MPH)
  HIGHEST WIND SPEED    23   HIGHEST WIND DIRECTION    SE (120)
  HIGHEST GUST SPEED    29   HIGHEST GUST DIRECTION    SE (130)
  AVERAGE WIND SPEED     8.7


SKY COVER
  AVERAGE SKY COVER 1.0



RELATIVE HUMIDITY (PERCENT)
 HIGHEST    82           100 PM
 LOWEST     70           700 PM
 AVERAGE    76

..........................................................


THE BENNINGTON VT CLIMATE NORMALS FOR TODAY
                         NORMAL
 MAXIMUM TEMPERATURE (F)   33
 MINIMUM TEMPERATURE (F)   16


SUNRISE AND SUNSET
DECEMBER 24 2014......SUNRISE   722 AM EST   SUNSET   423 PM EST
DECEMBER 25 2014......SUNRISE   722 AM EST   SUNSET   424 PM EST


-  INDICATES NEGATIVE NUMBERS.
R  INDICATES RECORD WAS SET OR TIED.
MM INDICATES DATA IS MISSING.
T  INDICATES TRACE AMOUNT.




$$
