000
CDUS41 KALY 140719
CLIDDH


CLIMATE REPORT
NATIONAL WEATHER SERVICE ALBANY NY
218 AM EST THU DEC 14 2017


...................................

...THE BENNINGTON VT CLIMATE SUMMARY FOR DECEMBER 13 2017...

CLIMATE NORMAL PERIOD 1981 TO 2010
CLIMATE RECORD PERIOD 9999 TO 9999


WEATHER ITEM   OBSERVED TIME   NORMAL DEPARTURE LAST
                VALUE   (LST)  VALUE  FROM      YEAR
                                      NORMAL
......................................................
TEMPERATURE (F)
 YESTERDAY
  MAXIMUM         21   1205 AM  36    -15       37
  MINIMUM         13    756 AM  21     -8       29
  AVERAGE         17            29    -12       33

PRECIPITATION (IN)
  YESTERDAY        T             0.09  -0.09     0.01
  MONTH TO DATE    0.94          1.25  -0.31     0.91
  SINCE DEC 1      0.94          1.25  -0.31     0.91
  SINCE JAN 1     40.50         39.16   1.34    31.45

DEGREE DAYS
 HEATING
  YESTERDAY       48            36     12       32
  MONTH TO DATE  412           442    -30      427
  SINCE DEC 1    412           442    -30      427
  SINCE JUL 1   1712          2055   -343     1797

 COOLING
  YESTERDAY        0             0      0        0
  MONTH TO DATE    0             0      0        0
  SINCE DEC 1      0             0      0        0
  SINCE JAN 1    395           313     82      488
......................................................


WIND (MPH)
  HIGHEST WIND SPEED    20   HIGHEST WIND DIRECTION     W (280)
  HIGHEST GUST SPEED    30   HIGHEST GUST DIRECTION     W (290)
  AVERAGE WIND SPEED     9.6


SKY COVER
  AVERAGE SKY COVER 0.9



RELATIVE HUMIDITY (PERCENT)
 HIGHEST    73           700 AM
 LOWEST     56           100 PM
 AVERAGE    65

..........................................................


THE BENNINGTON VT CLIMATE NORMALS FOR TODAY
                         NORMAL
 MAXIMUM TEMPERATURE (F)   36
 MINIMUM TEMPERATURE (F)   20


SUNRISE AND SUNSET
DECEMBER 14 2017......SUNRISE   716 AM EST   SUNSET   419 PM EST
DECEMBER 15 2017......SUNRISE   717 AM EST   SUNSET   419 PM EST


-  INDICATES NEGATIVE NUMBERS.
R  INDICATES RECORD WAS SET OR TIED.
MM INDICATES DATA IS MISSING.
T  INDICATES TRACE AMOUNT.




$$
