000
CDUS41 KALY 210622
CLIDDH


CLIMATE REPORT
NATIONAL WEATHER SERVICE ALBANY NY
222 AM EDT MON APR 21 2014


...................................

...THE BENNINGTON VT CLIMATE SUMMARY FOR APRIL 20 2014...

CLIMATE NORMAL PERIOD 1981 TO 2010
CLIMATE RECORD PERIOD 9999 TO 9999


WEATHER ITEM   OBSERVED TIME   NORMAL DEPARTURE LAST
                VALUE   (LST)  VALUE  FROM      YEAR
                                      NORMAL
......................................................
TEMPERATURE (F)
 YESTERDAY
  MAXIMUM         63    417 PM  59      4       51
  MINIMUM         25    506 AM  36    -11       33
  AVERAGE         44            47     -3       42

PRECIPITATION (IN)
  YESTERDAY        0.00          0.10  -0.10     0.23
  MONTH TO DATE    0.99          2.26  -1.27     3.25
  SINCE MAR 1      3.14          5.41  -2.27     4.53
  SINCE JAN 1      9.00         10.40  -1.40     7.19

DEGREE DAYS
 HEATING
  YESTERDAY       21            18      3       23
  MONTH TO DATE  414           429    -15      423
  SINCE MAR 1   1572          1413    159     1440
  SINCE JUL 1   6820          6664    156     6224

 COOLING
  YESTERDAY        0             0      0        0
  MONTH TO DATE    4             0      4        0
  SINCE MAR 1      4             0      4        0
  SINCE JAN 1      4             0      4        0
......................................................


WIND (MPH)
  HIGHEST WIND SPEED    12   HIGHEST WIND DIRECTION    SE (140)
  HIGHEST GUST SPEED    14   HIGHEST GUST DIRECTION    SE (140)
  AVERAGE WIND SPEED     3.2


SKY COVER
  AVERAGE SKY COVER 0.0



RELATIVE HUMIDITY (PERCENT)
 HIGHEST    75           400 AM
 LOWEST     15           100 PM
 AVERAGE    45

..........................................................


THE BENNINGTON VT CLIMATE NORMALS FOR TODAY
                         NORMAL
 MAXIMUM TEMPERATURE (F)   59
 MINIMUM TEMPERATURE (F)   36


SUNRISE AND SUNSET
APRIL 21 2014.........SUNRISE   602 AM EDT   SUNSET   742 PM EDT
APRIL 22 2014.........SUNRISE   600 AM EDT   SUNSET   743 PM EDT


-  INDICATES NEGATIVE NUMBERS.
R  INDICATES RECORD WAS SET OR TIED.
MM INDICATES DATA IS MISSING.
T  INDICATES TRACE AMOUNT.




$$
