664
CDUS41 KALY 180901
CLIDDH


CLIMATE REPORT
NATIONAL WEATHER SERVICE ALBANY NY
359 AM EST WED JAN 18 2017


...................................

...THE BENNINGTON VT CLIMATE SUMMARY FOR JANUARY 17 2017...

CLIMATE NORMAL PERIOD 1981 TO 2010
CLIMATE RECORD PERIOD 9999 TO 9999


WEATHER ITEM   OBSERVED TIME   NORMAL DEPARTURE LAST
                VALUE   (LST)  VALUE  FROM      YEAR
                                      NORMAL
......................................................
TEMPERATURE (F)
 YESTERDAY
  MAXIMUM         40    215 PM  30     10       32
  MINIMUM         15    701 AM  11      4       25
  AVERAGE         28            21      7       29

PRECIPITATION (IN)
  YESTERDAY        0.22          0.09   0.13      T
  MONTH TO DATE    1.36          1.67  -0.31     0.92
  SINCE DEC 1      3.45          4.46  -1.01     4.67
  SINCE JAN 1      1.36          1.67  -0.31     0.92

DEGREE DAYS
 HEATING
  YESTERDAY       37            44     -7       36
  MONTH TO DATE  657           744    -87      649
  SINCE DEC 1   1780          1903   -123     1394
  SINCE JUL 1   3150          3516   -366     2737

 COOLING
  YESTERDAY        0             0      0        0
  MONTH TO DATE    0             0      0        0
  SINCE DEC 1      0             0      0        0
  SINCE JAN 1      0             0      0        0
......................................................


WIND (MPH)
  HIGHEST WIND SPEED    15   HIGHEST WIND DIRECTION    SE (140)
  HIGHEST GUST SPEED    21   HIGHEST GUST DIRECTION    SE (150)
  AVERAGE WIND SPEED     3.1


SKY COVER
  AVERAGE SKY COVER 0.5



RELATIVE HUMIDITY (PERCENT)
 HIGHEST    88           500 AM
 LOWEST     44          1200 PM
 AVERAGE    66

..........................................................


THE BENNINGTON VT CLIMATE NORMALS FOR TODAY
                         NORMAL
 MAXIMUM TEMPERATURE (F)   30
 MINIMUM TEMPERATURE (F)   11


SUNRISE AND SUNSET
JANUARY 18 2017.......SUNRISE   719 AM EST   SUNSET   448 PM EST
JANUARY 19 2017.......SUNRISE   719 AM EST   SUNSET   449 PM EST


-  INDICATES NEGATIVE NUMBERS.
R  INDICATES RECORD WAS SET OR TIED.
MM INDICATES DATA IS MISSING.
T  INDICATES TRACE AMOUNT.




$$
