658
CDUS41 KALY 110627
CLIDDH


CLIMATE REPORT
NATIONAL WEATHER SERVICE ALBANY NY
125 AM EST WED JAN 11 2017


...................................

...THE BENNINGTON VT CLIMATE SUMMARY FOR JANUARY 10 2017...

CLIMATE NORMAL PERIOD 1981 TO 2010
CLIMATE RECORD PERIOD 9999 TO 9999


WEATHER ITEM   OBSERVED TIME   NORMAL DEPARTURE LAST
                VALUE   (LST)  VALUE  FROM      YEAR
                                      NORMAL
......................................................
TEMPERATURE (F)
 YESTERDAY
  MAXIMUM         43   1157 PM  30     13       56
  MINIMUM          7    448 AM  11     -4       33
  AVERAGE         25            21      4       45

PRECIPITATION (IN)
  YESTERDAY        T             0.09  -0.09     0.58
  MONTH TO DATE    0.42          1.06  -0.64     0.58
  SINCE DEC 1      2.51          3.85  -1.34     4.33
  SINCE JAN 1      0.42          1.06  -0.64     0.58

DEGREE DAYS
 HEATING
  YESTERDAY       40            44     -4       20
  MONTH TO DATE  425           436    -11      373
  SINCE DEC 1   1548          1595    -47     1118
  SINCE JUL 1   2918          3208   -290     2461

 COOLING
  YESTERDAY        0             0      0        0
  MONTH TO DATE    0             0      0        0
  SINCE DEC 1      0             0      0        0
  SINCE JAN 1      0             0      0        0
......................................................


WIND (MPH)
  HIGHEST WIND SPEED    32   HIGHEST WIND DIRECTION     S (160)
  HIGHEST GUST SPEED    48   HIGHEST GUST DIRECTION    SE (150)
  AVERAGE WIND SPEED     8.4


SKY COVER
  AVERAGE SKY COVER 0.5



RELATIVE HUMIDITY (PERCENT)
 HIGHEST    80           600 AM
 LOWEST     33          1000 PM
 AVERAGE    57

..........................................................


THE BENNINGTON VT CLIMATE NORMALS FOR TODAY
                         NORMAL
 MAXIMUM TEMPERATURE (F)   30
 MINIMUM TEMPERATURE (F)   11


SUNRISE AND SUNSET
JANUARY 11 2017.......SUNRISE   723 AM EST   SUNSET   440 PM EST
JANUARY 12 2017.......SUNRISE   722 AM EST   SUNSET   441 PM EST


-  INDICATES NEGATIVE NUMBERS.
R  INDICATES RECORD WAS SET OR TIED.
MM INDICATES DATA IS MISSING.
T  INDICATES TRACE AMOUNT.




$$
