000
CDUS41 KALY 020623
CLIDDH


CLIMATE REPORT
NATIONAL WEATHER SERVICE ALBANY NY
222 AM EDT SAT JUL 2 2016


...................................

...THE BENNINGTON VT CLIMATE SUMMARY FOR JULY 1 2016...

CLIMATE NORMAL PERIOD 1981 TO 2010
CLIMATE RECORD PERIOD 9999 TO 9999


WEATHER ITEM   OBSERVED TIME   NORMAL DEPARTURE LAST
                VALUE   (LST)  VALUE  FROM      YEAR
                                      NORMAL
......................................................
TEMPERATURE (F)
 YESTERDAY
  MAXIMUM         82    211 PM  79      3       76
  MINIMUM         52    452 AM  56     -4       62
  AVERAGE         67            67      0       69

PRECIPITATION (IN)
  YESTERDAY        0.31          0.13   0.18     0.60
  MONTH TO DATE    0.31          0.13   0.18     0.60
  SINCE JUN 1      2.05          4.26  -2.21     3.55
  SINCE JAN 1     15.10         19.33  -4.23    11.11

DEGREE DAYS
 HEATING
  YESTERDAY        0             1     -1        0
  MONTH TO DATE    0             1     -1        0
  SINCE JUN 1     69            98    -29       95
  SINCE JUL 1      0             1     -1        0

 COOLING
  YESTERDAY        2             3     -1        4
  MONTH TO DATE    2             3     -1        4
  SINCE JUN 1     60            61     -1       51
  SINCE JAN 1    102            75     27      115
......................................................


WIND (MPH)
  HIGHEST WIND SPEED    21   HIGHEST WIND DIRECTION     S (170)
  HIGHEST GUST SPEED    29   HIGHEST GUST DIRECTION     S (180)
  AVERAGE WIND SPEED     5.8


SKY COVER
  AVERAGE SKY COVER 0.5



RELATIVE HUMIDITY (PERCENT)
 HIGHEST   100           400 AM
 LOWEST     40          1200 PM
 AVERAGE    70

..........................................................


THE BENNINGTON VT CLIMATE NORMALS FOR TODAY
                         NORMAL
 MAXIMUM TEMPERATURE (F)   79
 MINIMUM TEMPERATURE (F)   56


SUNRISE AND SUNSET
JULY  2 2016..........SUNRISE   519 AM EDT   SUNSET   835 PM EDT
JULY  3 2016..........SUNRISE   519 AM EDT   SUNSET   835 PM EDT


-  INDICATES NEGATIVE NUMBERS.
R  INDICATES RECORD WAS SET OR TIED.
MM INDICATES DATA IS MISSING.
T  INDICATES TRACE AMOUNT.




$$
