000
CDUS41 KALY 080628
CLIDDH


CLIMATE REPORT
NATIONAL WEATHER SERVICE ALBANY NY
227 AM EDT SAT JUL 8 2017


...................................

...THE BENNINGTON VT CLIMATE SUMMARY FOR JULY 7 2017...

CLIMATE NORMAL PERIOD 1981 TO 2010
CLIMATE RECORD PERIOD 9999 TO 9999


WEATHER ITEM   OBSERVED TIME   NORMAL DEPARTURE LAST
                VALUE   (LST)  VALUE  FROM      YEAR
                                      NORMAL
......................................................
TEMPERATURE (F)
 YESTERDAY
  MAXIMUM         82    337 PM  79      3       90
  MINIMUM         64    427 AM  57      7       63
  AVERAGE         73            68      5       77

PRECIPITATION (IN)
  YESTERDAY        T             0.13  -0.13     0.04
  MONTH TO DATE    3.47          0.91   2.56     0.35
  SINCE JUN 1     10.55          5.04   5.51     2.09
  SINCE JAN 1     26.79         20.11   6.68    15.14

DEGREE DAYS
 HEATING
  YESTERDAY        0             1     -1        0
  MONTH TO DATE    0             7     -7        1
  SINCE JUN 1     95           104     -9       70
  SINCE JUL 1      0             7     -7        1

 COOLING
  YESTERDAY        8             4      4       12
  MONTH TO DATE   33            27      6       31
  SINCE JUN 1    120            85     35       89
  SINCE JAN 1    135            99     36      131
......................................................


WIND (MPH)
  HIGHEST WIND SPEED    12   HIGHEST WIND DIRECTION     S (180)
  HIGHEST GUST SPEED    14   HIGHEST GUST DIRECTION     S (190)
  AVERAGE WIND SPEED     2.1


SKY COVER
  AVERAGE SKY COVER 0.6



RELATIVE HUMIDITY (PERCENT)
 HIGHEST    93          1100 PM
 LOWEST     58           300 PM
 AVERAGE    76

..........................................................


THE BENNINGTON VT CLIMATE NORMALS FOR TODAY
                         NORMAL
 MAXIMUM TEMPERATURE (F)   79
 MINIMUM TEMPERATURE (F)   57


SUNRISE AND SUNSET
JULY  8 2017..........SUNRISE   523 AM EDT   SUNSET   833 PM EDT
JULY  9 2017..........SUNRISE   523 AM EDT   SUNSET   833 PM EDT


-  INDICATES NEGATIVE NUMBERS.
R  INDICATES RECORD WAS SET OR TIED.
MM INDICATES DATA IS MISSING.
T  INDICATES TRACE AMOUNT.




$$
