000
CDUS41 KALY 150624
CLIDDH


CLIMATE REPORT
NATIONAL WEATHER SERVICE ALBANY NY
223 AM EDT SUN MAR 15 2015


...................................

...THE BENNINGTON VT CLIMATE SUMMARY FOR MARCH 14 2015...

CLIMATE NORMAL PERIOD 1981 TO 2010
CLIMATE RECORD PERIOD 9999 TO 9999


WEATHER ITEM   OBSERVED TIME   NORMAL DEPARTURE LAST
                VALUE   (LST)  VALUE  FROM      YEAR
                                      NORMAL
......................................................
TEMPERATURE (F)
 YESTERDAY
  MAXIMUM         43    333 PM  43      0       41
  MINIMUM         31    342 AM  22      9        3
  AVERAGE         37            32      5       22

PRECIPITATION (IN)
  YESTERDAY        0.08          0.10  -0.02     0.00
  MONTH TO DATE    0.27          1.28  -1.01     0.84
  SINCE MAR 1      0.27          1.28  -1.01     0.84
  SINCE JAN 1      3.68          6.27  -2.59     6.70

DEGREE DAYS
 HEATING
  YESTERDAY       28            33     -5       43
  MONTH TO DATE  561           487     74      612
  SINCE MAR 1    561           487     74      612
  SINCE JUL 1   6063          5738    325     5860

 COOLING
  YESTERDAY        0             0      0        0
  MONTH TO DATE    0             0      0        0
  SINCE MAR 1      0             0      0        0
  SINCE JAN 1      0             0      0        0
......................................................


WIND (MPH)
  HIGHEST WIND SPEED    14   HIGHEST WIND DIRECTION    SE (120)
  HIGHEST GUST SPEED    20   HIGHEST GUST DIRECTION    SE (120)
  AVERAGE WIND SPEED     5.2


SKY COVER
  AVERAGE SKY COVER 0.9



RELATIVE HUMIDITY (PERCENT)
 HIGHEST   100          1000 PM
 LOWEST     38          1200 AM
 AVERAGE    69

..........................................................


THE BENNINGTON VT CLIMATE NORMALS FOR TODAY
                         NORMAL
 MAXIMUM TEMPERATURE (F)   43
 MINIMUM TEMPERATURE (F)   22


SUNRISE AND SUNSET
MARCH 15 2015.........SUNRISE   706 AM EDT   SUNSET   659 PM EDT
MARCH 16 2015.........SUNRISE   704 AM EDT   SUNSET   700 PM EDT


-  INDICATES NEGATIVE NUMBERS.
R  INDICATES RECORD WAS SET OR TIED.
MM INDICATES DATA IS MISSING.
T  INDICATES TRACE AMOUNT.




$$
