000
CDUS41 KALY 180622
CLIDDH


CLIMATE REPORT
NATIONAL WEATHER SERVICE ALBANY NY
222 AM EDT TUE AUG 18 2015


...................................

...THE BENNINGTON VT CLIMATE SUMMARY FOR AUGUST 17 2015...

CLIMATE NORMAL PERIOD 1981 TO 2010
CLIMATE RECORD PERIOD 9999 TO 9999


WEATHER ITEM   OBSERVED TIME   NORMAL DEPARTURE LAST
                VALUE   (LST)  VALUE  FROM      YEAR
                                      NORMAL
......................................................
TEMPERATURE (F)
 YESTERDAY
  MAXIMUM         87        MM  78      9       74
  MINIMUM         59        MM  55      4       50
  AVERAGE         73            67      6       62

PRECIPITATION (IN)
  YESTERDAY        0.00          0.12  -0.12     0.00
  MONTH TO DATE    1.18          2.34  -1.16     0.96
  SINCE JUN 1      6.12         10.81  -4.69    12.24
  SINCE JAN 1     13.68         25.88 -12.20    25.07

DEGREE DAYS
 HEATING
  YESTERDAY        0             1     -1        3
  MONTH TO DATE    4            17    -13       28
  SINCE JUN 1    126           138    -12       86
  SINCE JUL 1     31            41    -10       39

 COOLING
  YESTERDAY        8             3      5        0
  MONTH TO DATE   60            63     -3       28
  SINCE JUN 1    244           244      0      214
  SINCE JAN 1    308           258     50      230
......................................................


WIND (MPH)
  HIGHEST WIND SPEED     7   HIGHEST WIND DIRECTION     E (99)
  HIGHEST GUST SPEED    MM   HIGHEST GUST DIRECTION    MM
  AVERAGE WIND SPEED     2.1


SKY COVER
  AVERAGE SKY COVER 0.1



RELATIVE HUMIDITY (PERCENT)
 HIGHEST   100           300 AM
 LOWEST     48           200 PM
 AVERAGE    74

..........................................................


THE BENNINGTON VT CLIMATE NORMALS FOR TODAY
                         NORMAL
 MAXIMUM TEMPERATURE (F)   78
 MINIMUM TEMPERATURE (F)   55


SUNRISE AND SUNSET
AUGUST 18 2015........SUNRISE   602 AM EDT   SUNSET   751 PM EDT
AUGUST 19 2015........SUNRISE   603 AM EDT   SUNSET   749 PM EDT


-  INDICATES NEGATIVE NUMBERS.
R  INDICATES RECORD WAS SET OR TIED.
MM INDICATES DATA IS MISSING.
T  INDICATES TRACE AMOUNT.




$$
