000
CDUS41 KALY 082049
CLIDDH


CLIMATE REPORT
NATIONAL WEATHER SERVICE ALBANY NY
448 PM EDT WED OCT 8 2014


...................................

...THE BENNINGTON VT CLIMATE SUMMARY FOR OCTOBER 8 2014...
VALID TODAY AS OF 0400 PM LOCAL TIME.

CLIMATE NORMAL PERIOD 1981 TO 2010
CLIMATE RECORD PERIOD 9999 TO 9999


WEATHER ITEM   OBSERVED TIME   NORMAL DEPARTURE LAST
                VALUE   (LST)  VALUE  FROM      YEAR
                                      NORMAL
......................................................
TEMPERATURE (F)
 TODAY
  MAXIMUM         66    259 PM  62      4       62
  MINIMUM         58    350 AM  39     19       37
  AVERAGE         62            50     12       50

PRECIPITATION (IN)
  TODAY            0.18          0.11   0.07     0.00
  MONTH TO DATE    0.78          0.99  -0.21     2.41
  SINCE SEP 1      1.80          4.56  -2.76     6.44
  SINCE JAN 1     27.76         32.10  -4.34    38.16

DEGREE DAYS
 HEATING
  TODAY            3            15    -12       15
  MONTH TO DATE   65           109    -44       60
  SINCE SEP 1    259           315    -56      319
  SINCE JUL 1    312           387    -75      382

 COOLING
  TODAY            0             0      0        0
  MONTH TO DATE    0             0      0        0
  SINCE SEP 1     44            23     21       44
  SINCE JAN 1    297           311    -14      503
......................................................


WIND (MPH)
  HIGHEST WIND SPEED    21   HIGHEST WIND DIRECTION     S (160)
  HIGHEST GUST SPEED    30   HIGHEST GUST DIRECTION    SE (150)
  AVERAGE WIND SPEED     9.8


SKY COVER
  AVERAGE SKY COVER 0.7



RELATIVE HUMIDITY (PERCENT)
 HIGHEST    80
 LOWEST     40
 AVERAGE    60

..........................................................


THE BENNINGTON VT CLIMATE NORMALS FOR TOMORROW
                         NORMAL
 MAXIMUM TEMPERATURE (F)   61
 MINIMUM TEMPERATURE (F)   38


SUNRISE AND SUNSET
OCTOBER  8 2014.......SUNRISE   658 AM EDT   SUNSET   622 PM EDT
OCTOBER  9 2014.......SUNRISE   659 AM EDT   SUNSET   621 PM EDT


-  INDICATES NEGATIVE NUMBERS.
R  INDICATES RECORD WAS SET OR TIED.
MM INDICATES DATA IS MISSING.
T  INDICATES TRACE AMOUNT.




$$
