000
CDUS41 KALY 112045
CLIDDH


CLIMATE REPORT
NATIONAL WEATHER SERVICE ALBANY NY
444 PM EDT FRI JUL 11 2014


...................................

...THE BENNINGTON VT CLIMATE SUMMARY FOR JULY 11 2014...
VALID TODAY AS OF 0400 PM LOCAL TIME.

CLIMATE NORMAL PERIOD 1981 TO 2010
CLIMATE RECORD PERIOD 9999 TO 9999


WEATHER ITEM   OBSERVED TIME   NORMAL DEPARTURE LAST
                VALUE   (LST)  VALUE  FROM      YEAR
                                      NORMAL
......................................................
TEMPERATURE (F)
 TODAY
  MAXIMUM         77    329 PM  80     -3       80
  MINIMUM         50    514 AM  57     -7       63
  AVERAGE         64            68     -4       72

PRECIPITATION (IN)
  TODAY            0.00          0.15  -0.15      T
  MONTH TO DATE    3.77          1.49   2.28     2.30
  SINCE JUN 1      7.10          5.62   1.48     9.59
  SINCE JAN 1     19.93         20.69  -0.76    24.06

DEGREE DAYS
 HEATING
  TODAY            1             1      0        0
  MONTH TO DATE    2            11     -9        0
  SINCE JUN 1     49           108    -59      100
  SINCE JUL 1      2            11     -9        0

 COOLING
  TODAY            0             4     -4        7
  MONTH TO DATE   58            43     15      124
  SINCE JUN 1    120           101     19      222
  SINCE JAN 1    136           115     21      254
......................................................


WIND (MPH)
  HIGHEST WIND SPEED     9   HIGHEST WIND DIRECTION     N (340)
  HIGHEST GUST SPEED    MM   HIGHEST GUST DIRECTION    MM
  AVERAGE WIND SPEED     2.2


SKY COVER
  AVERAGE SKY COVER 0.0



RELATIVE HUMIDITY (PERCENT)
 HIGHEST    96
 LOWEST     43
 AVERAGE    70

..........................................................


THE BENNINGTON VT CLIMATE NORMALS FOR TOMORROW
                         NORMAL
 MAXIMUM TEMPERATURE (F)   80
 MINIMUM TEMPERATURE (F)   57


SUNRISE AND SUNSET
JULY 11 2014..........SUNRISE   525 AM EDT   SUNSET   832 PM EDT
JULY 12 2014..........SUNRISE   525 AM EDT   SUNSET   832 PM EDT


-  INDICATES NEGATIVE NUMBERS.
R  INDICATES RECORD WAS SET OR TIED.
MM INDICATES DATA IS MISSING.
T  INDICATES TRACE AMOUNT.




$$
