000
CDUS41 KALY 010626
CLIDDH


CLIMATE REPORT
NATIONAL WEATHER SERVICE ALBANY NY
225 AM EDT SUN MAY 1 2016


...................................

...THE BENNINGTON VT CLIMATE SUMMARY FOR APRIL 30 2016...

CLIMATE NORMAL PERIOD 1981 TO 2010
CLIMATE RECORD PERIOD 9999 TO 9999


WEATHER ITEM   OBSERVED TIME   NORMAL DEPARTURE LAST
                VALUE   (LST)  VALUE  FROM      YEAR
                                      NORMAL
......................................................
TEMPERATURE (F)
 YESTERDAY
  MAXIMUM         65    453 PM  63      2       63
  MINIMUM         44    551 AM  39      5       38
  AVERAGE         55            51      4       51

PRECIPITATION (IN)
  YESTERDAY        T             0.12  -0.12     0.00
  MONTH TO DATE    2.63          3.27  -0.64     2.04
  SINCE MAR 1      5.09          6.42  -1.33     3.18
  SINCE JAN 1     10.13         11.41  -1.28     6.59

DEGREE DAYS
 HEATING
  YESTERDAY       10            15     -5       14
  MONTH TO DATE  644           588     56      609
  SINCE MAR 1   1408          1572   -164     1780
  SINCE JUL 1   5741          6823  -1082     7282

 COOLING
  YESTERDAY        0             0      0        0
  MONTH TO DATE    1             3     -2        0
  SINCE MAR 1      1             3     -2        0
  SINCE JAN 1      1             3     -2        0
......................................................


WIND (MPH)
  HIGHEST WIND SPEED    13   HIGHEST WIND DIRECTION     W (250)
  HIGHEST GUST SPEED    17   HIGHEST GUST DIRECTION     N (10)
  AVERAGE WIND SPEED     3.5


SKY COVER
  AVERAGE SKY COVER 0.4



RELATIVE HUMIDITY (PERCENT)
 HIGHEST    83           300 AM
 LOWEST     31           200 PM
 AVERAGE    57

..........................................................


THE BENNINGTON VT CLIMATE NORMALS FOR TODAY
                         NORMAL
 MAXIMUM TEMPERATURE (F)   63
 MINIMUM TEMPERATURE (F)   39


SUNRISE AND SUNSET
MAY  1 2016...........SUNRISE   546 AM EDT   SUNSET   754 PM EDT
MAY  2 2016...........SUNRISE   545 AM EDT   SUNSET   755 PM EDT


-  INDICATES NEGATIVE NUMBERS.
R  INDICATES RECORD WAS SET OR TIED.
MM INDICATES DATA IS MISSING.
T  INDICATES TRACE AMOUNT.




$$
