000
CDUS41 KALY 180621
CLIDDH


CLIMATE REPORT
NATIONAL WEATHER SERVICE ALBANY NY
121 AM EST THU DEC 18 2014


...................................

...THE BENNINGTON VT CLIMATE SUMMARY FOR DECEMBER 17 2014...

CLIMATE NORMAL PERIOD 1981 TO 2010
CLIMATE RECORD PERIOD 9999 TO 9999


WEATHER ITEM   OBSERVED TIME   NORMAL DEPARTURE LAST
                VALUE   (LST)  VALUE  FROM      YEAR
                                      NORMAL
......................................................
TEMPERATURE (F)
 YESTERDAY
  MAXIMUM         41    336 PM  35      6       21
  MINIMUM         33   1159 PM  19     14       -6
  AVERAGE         37            27     10        8

PRECIPITATION (IN)
  YESTERDAY        0.10          0.08   0.02     0.16
  MONTH TO DATE    2.40          1.59   0.81     0.86
  SINCE DEC 1      2.40          1.59   0.81     0.86
  SINCE JAN 1     35.45         39.50  -4.05    42.76

DEGREE DAYS
 HEATING
  YESTERDAY       28            38    -10       57
  MONTH TO DATE  577           592    -15      648
  SINCE DEC 1    577           592    -15      648
  SINCE JUL 1   2070          2205   -135     2179

 COOLING
  YESTERDAY        0             0      0        0
  MONTH TO DATE    0             0      0        0
  SINCE DEC 1      0             0      0        0
  SINCE JAN 1    308           313     -5      503
......................................................


WIND (MPH)
  HIGHEST WIND SPEED    14   HIGHEST WIND DIRECTION    SW (230)
  HIGHEST GUST SPEED    22   HIGHEST GUST DIRECTION    SW (240)
  AVERAGE WIND SPEED     3.8


SKY COVER
  AVERAGE SKY COVER 1.0



RELATIVE HUMIDITY (PERCENT)
 HIGHEST    92           100 AM
 LOWEST     82          1200 AM
 AVERAGE    87

..........................................................


THE BENNINGTON VT CLIMATE NORMALS FOR TODAY
                         NORMAL
 MAXIMUM TEMPERATURE (F)   35
 MINIMUM TEMPERATURE (F)   19


SUNRISE AND SUNSET
DECEMBER 18 2014......SUNRISE   719 AM EST   SUNSET   420 PM EST
DECEMBER 19 2014......SUNRISE   719 AM EST   SUNSET   421 PM EST


-  INDICATES NEGATIVE NUMBERS.
R  INDICATES RECORD WAS SET OR TIED.
MM INDICATES DATA IS MISSING.
T  INDICATES TRACE AMOUNT.




$$
