000
CDUS41 KALY 210623
CLIDDH


CLIMATE REPORT
NATIONAL WEATHER SERVICE ALBANY NY
223 AM EDT WED SEP 21 2016


...................................

...THE BENNINGTON VT CLIMATE SUMMARY FOR SEPTEMBER 20 2016...

CLIMATE NORMAL PERIOD 1981 TO 2010
CLIMATE RECORD PERIOD 9999 TO 9999


WEATHER ITEM   OBSERVED TIME   NORMAL DEPARTURE LAST
                VALUE   (LST)  VALUE  FROM      YEAR
                                      NORMAL
......................................................
TEMPERATURE (F)
 YESTERDAY
  MAXIMUM         80    256 PM  69     11       71
  MINIMUM         57   1109 PM  46     11       41
  AVERAGE         69            57     12       56

PRECIPITATION (IN)
  YESTERDAY        0.00          0.13  -0.13     0.24
  MONTH TO DATE    2.34          2.24   0.10     3.58
  SINCE SEP 1      2.34          2.24   0.10     3.58
  SINCE JAN 1     23.65         29.78  -6.13    17.81

DEGREE DAYS
 HEATING
  YESTERDAY        0             8     -8        9
  MONTH TO DATE   48           104    -56       21
  SINCE SEP 1     48           104    -56       21
  SINCE JUL 1     70           176   -106       60

 COOLING
  YESTERDAY        4             0      4        0
  MONTH TO DATE   45            22     23       70
  SINCE SEP 1     45            22     23       70
  SINCE JAN 1    484           310    174      438
......................................................


WIND (MPH)
  HIGHEST WIND SPEED     8   HIGHEST WIND DIRECTION     W (270)
  HIGHEST GUST SPEED    11   HIGHEST GUST DIRECTION     W (280)
  AVERAGE WIND SPEED     1.6


SKY COVER
  AVERAGE SKY COVER 0.4



RELATIVE HUMIDITY (PERCENT)
 HIGHEST   100          1200 AM
 LOWEST     45           200 PM
 AVERAGE    73

..........................................................


THE BENNINGTON VT CLIMATE NORMALS FOR TODAY
                         NORMAL
 MAXIMUM TEMPERATURE (F)   69
 MINIMUM TEMPERATURE (F)   46


SUNRISE AND SUNSET
SEPTEMBER 21 2016.....SUNRISE   640 AM EDT   SUNSET   651 PM EDT
SEPTEMBER 22 2016.....SUNRISE   641 AM EDT   SUNSET   649 PM EDT


-  INDICATES NEGATIVE NUMBERS.
R  INDICATES RECORD WAS SET OR TIED.
MM INDICATES DATA IS MISSING.
T  INDICATES TRACE AMOUNT.




$$
