000
CDUS41 KALY 262147
CLIDDH


CLIMATE REPORT
NATIONAL WEATHER SERVICE ALBANY NY
447 PM EST WED NOV 26 2014


...................................

...THE BENNINGTON VT CLIMATE SUMMARY FOR NOVEMBER 26 2014...
VALID TODAY AS OF 0400 PM LOCAL TIME.

CLIMATE NORMAL PERIOD 1981 TO 2010
CLIMATE RECORD PERIOD 9999 TO 9999


WEATHER ITEM   OBSERVED TIME   NORMAL DEPARTURE LAST
                VALUE   (LST)  VALUE  FROM      YEAR
                                      NORMAL
......................................................
TEMPERATURE (F)
 TODAY
  MAXIMUM         39   1233 AM  43     -4       42
  MINIMUM         32    440 PM  28      4       26
  AVERAGE         36            35      1       34

PRECIPITATION (IN)
  TODAY            0.36          0.10   0.26     0.26
  MONTH TO DATE    1.93          2.66  -0.73     1.57
  SINCE SEP 1      6.78          9.92  -3.14     9.14
  SINCE JAN 1     32.74         37.46  -4.72    40.86

DEGREE DAYS
 HEATING
  TODAY           29            30     -1       31
  MONTH TO DATE  698           670     28      620
  SINCE SEP 1   1295          1419   -124     1311
  SINCE JUL 1   1348          1491   -143     1374

 COOLING
  TODAY            0             0      0        0
  MONTH TO DATE    0             0      0        0
  SINCE SEP 1     55            25     30       44
  SINCE JAN 1    308           313     -5      503
......................................................


WIND (MPH)
  HIGHEST WIND SPEED     9   HIGHEST WIND DIRECTION     N (360)
  HIGHEST GUST SPEED    15   HIGHEST GUST DIRECTION     N (10)
  AVERAGE WIND SPEED     3.0


SKY COVER
  AVERAGE SKY COVER 0.6



RELATIVE HUMIDITY (PERCENT)
 HIGHEST    92
 LOWEST     59
 AVERAGE    76

..........................................................


THE BENNINGTON VT CLIMATE NORMALS FOR TOMORROW
                         NORMAL
 MAXIMUM TEMPERATURE (F)   43
 MINIMUM TEMPERATURE (F)   27


SUNRISE AND SUNSET
NOVEMBER 26 2014......SUNRISE   658 AM EST   SUNSET   422 PM EST
NOVEMBER 27 2014......SUNRISE   700 AM EST   SUNSET   421 PM EST


-  INDICATES NEGATIVE NUMBERS.
R  INDICATES RECORD WAS SET OR TIED.
MM INDICATES DATA IS MISSING.
T  INDICATES TRACE AMOUNT.




$$
