000
CDUS41 KALY 260623
CLIDDH


CLIMATE REPORT
NATIONAL WEATHER SERVICE ALBANY NY
222 AM EDT SUN OCT 26 2014


...................................

...THE BENNINGTON VT CLIMATE SUMMARY FOR OCTOBER 25 2014...

CLIMATE NORMAL PERIOD 1981 TO 2010
CLIMATE RECORD PERIOD 9999 TO 9999


WEATHER ITEM   OBSERVED TIME   NORMAL DEPARTURE LAST
                VALUE   (LST)  VALUE  FROM      YEAR
                                      NORMAL
......................................................
TEMPERATURE (F)
 YESTERDAY
  MAXIMUM         60    337 PM  55      5       46
  MINIMUM         34    250 AM  34      0       35
  AVERAGE         47            45      2       41

PRECIPITATION (IN)
  YESTERDAY        0.04          0.11  -0.07      T
  MONTH TO DATE    3.71          3.08   0.63     2.79
  SINCE SEP 1      4.73          6.65  -1.92     6.82
  SINCE JAN 1     30.69         34.19  -3.50    38.54

DEGREE DAYS
 HEATING
  YESTERDAY       18            20     -2       24
  MONTH TO DATE  305           414   -109      283
  SINCE SEP 1    499           620   -121      542
  SINCE JUL 1    552           692   -140      605

 COOLING
  YESTERDAY        0             0      0        0
  MONTH TO DATE   11             0     11        0
  SINCE SEP 1     55            23     32       44
  SINCE JAN 1    308           311     -3      503
......................................................


WIND (MPH)
  HIGHEST WIND SPEED    13   HIGHEST WIND DIRECTION    SW (240)
  HIGHEST GUST SPEED    19   HIGHEST GUST DIRECTION     W (260)
  AVERAGE WIND SPEED     4.2


SKY COVER
  AVERAGE SKY COVER 0.7



RELATIVE HUMIDITY (PERCENT)
 HIGHEST   100           400 AM
 LOWEST     57           300 PM
 AVERAGE    79

..........................................................


THE BENNINGTON VT CLIMATE NORMALS FOR TODAY
                         NORMAL
 MAXIMUM TEMPERATURE (F)   55
 MINIMUM TEMPERATURE (F)   34


SUNRISE AND SUNSET
OCTOBER 26 2014.......SUNRISE   720 AM EDT   SUNSET   554 PM EDT
OCTOBER 27 2014.......SUNRISE   721 AM EDT   SUNSET   552 PM EDT


-  INDICATES NEGATIVE NUMBERS.
R  INDICATES RECORD WAS SET OR TIED.
MM INDICATES DATA IS MISSING.
T  INDICATES TRACE AMOUNT.




$$
