763
CDUS41 KALY 030625
CLIDDH


CLIMATE REPORT
NATIONAL WEATHER SERVICE ALBANY NY
224 AM EDT TUE MAY 3 2016


...................................

...THE BENNINGTON VT CLIMATE SUMMARY FOR MAY 2 2016...

CLIMATE NORMAL PERIOD 1981 TO 2010
CLIMATE RECORD PERIOD 9999 TO 9999


WEATHER ITEM   OBSERVED TIME   NORMAL DEPARTURE LAST
                VALUE   (LST)  VALUE  FROM      YEAR
                                      NORMAL
......................................................
TEMPERATURE (F)
 YESTERDAY
  MAXIMUM         50    503 PM  63    -13       74
  MINIMUM         44    623 AM  40      4       35
  AVERAGE         47            51     -4       55

PRECIPITATION (IN)
  YESTERDAY        0.49          0.09   0.40     0.00
  MONTH TO DATE    0.59          0.19   0.40     0.00
  SINCE MAR 1      5.68          6.61  -0.93     3.18
  SINCE JAN 1     10.72         11.60  -0.88     6.59

DEGREE DAYS
 HEATING
  YESTERDAY       18            14      4       10
  MONTH TO DATE   36            28      8       24
  SINCE MAR 1   1444          1600   -156     1804
  SINCE JUL 1   5777          6851  -1074     7306

 COOLING
  YESTERDAY        0             0      0        0
  MONTH TO DATE    0             0      0        0
  SINCE MAR 1      1             3     -2        0
  SINCE JAN 1      1             3     -2        0
......................................................


WIND (MPH)
  HIGHEST WIND SPEED    15   HIGHEST WIND DIRECTION     W (270)
  HIGHEST GUST SPEED    19   HIGHEST GUST DIRECTION     W (280)
  AVERAGE WIND SPEED     2.8


SKY COVER
  AVERAGE SKY COVER 1.0



RELATIVE HUMIDITY (PERCENT)
 HIGHEST    93           100 PM
 LOWEST     76          1200 AM
 AVERAGE    85

..........................................................


THE BENNINGTON VT CLIMATE NORMALS FOR TODAY
                         NORMAL
 MAXIMUM TEMPERATURE (F)   63
 MINIMUM TEMPERATURE (F)   40


SUNRISE AND SUNSET
MAY  3 2016...........SUNRISE   544 AM EDT   SUNSET   757 PM EDT
MAY  4 2016...........SUNRISE   542 AM EDT   SUNSET   758 PM EDT


-  INDICATES NEGATIVE NUMBERS.
R  INDICATES RECORD WAS SET OR TIED.
MM INDICATES DATA IS MISSING.
T  INDICATES TRACE AMOUNT.




$$
