000
CXUS51 KALY 010917
CLMDDH


CLIMATE REPORT
NATIONAL WEATHER SERVICE ALBANY NY
413 AM EST THU DEC 1 2016

...................................

...THE BENNINGTON VT CLIMATE SUMMARY FOR THE MONTH OF NOVEMBER 2016...

CLIMATE NORMAL PERIOD 1981 TO 2010
CLIMATE RECORD PERIOD 9999 TO 9999

WEATHER         OBSERVED          NORMAL  DEPART  LAST YEAR`S
                 VALUE   DATE(S)  VALUE   FROM    VALUE  DATE(S)
                                          NORMAL
................................................................
TEMPERATURE (F)
HIGHEST            68   11/19                         74  11/05
LOWEST             19   11/28                         16  11/24
                        11/23
AVG. MAXIMUM     48.8              47.5     1.3     53.9
AVG. MINIMUM     29.3              29.7    -0.4     32.1
MEAN             39.1              38.6     0.5     43.0
DAYS MAX >= 90      0               0.0     0.0        0
DAYS MAX <= 32      2               2.0     0.0        0
DAYS MIN <= 32     23              18.7     4.3       16
DAYS MIN <= 0       0               0.0     0.0        0

PRECIPITATION (INCHES)
TOTALS           2.63              3.11   -0.48     1.26
DAILY AVG.       0.09              0.10   -0.01     0.04
DAYS >= .01        14                                 10
DAYS >= .10         8                                  4
DAYS >= .50         1                                  0
DAYS >= 1.00        0                                  0
GREATEST
 24 HR. TOTAL    0.68   11/20 TO 11/20

DEGREE_DAYS
HEATING TOTAL     771               792     -21      653
 SINCE 7/1       1370              1613    -243     1343
COOLING TOTAL       0                 0       0        0
 SINCE 1/1        488               313     175      444

FREEZE DATES
EARLIEST                        10/01
LATEST                          05/10
.................................................................

WIND (MPH)
AVERAGE WIND SPEED              4.0
HIGHEST WIND SPEED/DIRECTION    29/130    DATE  11/30
HIGHEST GUST SPEED/DIRECTION    41/130    DATE  11/30

SKY COVER
AVERAGE SKY COVER           0.60

AVERAGE RH (PERCENT)     74

WEATHER CONDITIONS. NUMBER OF DAYS WITH
THUNDERSTORM              0     MIXED PRECIP               0
HEAVY RAIN                1     RAIN                       3
LIGHT RAIN               12     FREEZING RAIN              0
LT FREEZING RAIN          0     HAIL                       0
HEAVY SNOW                2     SNOW                       2
LIGHT SNOW                3     SLEET                      0
FOG                      17     FOG W/VIS <= 1/4 MILE      5
HAZE                      7

-  INDICATES NEGATIVE NUMBERS.
R  INDICATES RECORD WAS SET OR TIED.
MM INDICATES DATA IS MISSING.
T  INDICATES TRACE AMOUNT.

$$
