846
CXUS51 KALY 011518
CLMDDH


CLIMATE REPORT
NATIONAL WEATHER SERVICE ALBANY NY
1118 AM EDT WED NOV 1 2017

...................................

...THE BENNINGTON VT CLIMATE SUMMARY FOR THE MONTH OF OCTOBER 2017...

CLIMATE NORMAL PERIOD 1981 TO 2010
CLIMATE RECORD PERIOD 9999 TO 9999

WEATHER         OBSERVED          NORMAL  DEPART  LAST YEAR`S
                 VALUE   DATE(S)  VALUE   FROM    VALUE  DATE(S)
                                          NORMAL
................................................................
TEMPERATURE (F)
HIGHEST            80   10/08                         82  10/18
LOWEST             27   10/17                         23  10/27
AVG. MAXIMUM     67.8              58.7     9.1     60.7
AVG. MINIMUM     43.3              36.4     6.9     39.8
MEAN             55.5              47.5     8.0     50.3
DAYS MAX >= 90      0               0.0     0.0        0
DAYS MAX <= 32      0               0.0     0.0        0
DAYS MIN <= 32      2              11.1    -9.1        7
DAYS MIN <= 0       0               0.0     0.0        0

PRECIPITATION (INCHES)
TOTALS           2.26              3.69   -1.43     3.57
DAILY AVG.       0.07              0.12   -0.05     0.12
DAYS >= .01        11                                 18
DAYS >= .10         5                                  7
DAYS >= .50         1                                  3
DAYS >= 1.00        1                                  0
GREATEST
 24 HR. TOTAL    1.06   10/29 TO 10/29

DEGREE_DAYS
HEATING TOTAL     298               543    -245      454
 SINCE 7/1        501               821    -320      599
COOLING TOTAL      12                 2      10        4
 SINCE 1/1        395               313      82      488

FREEZE DATES
EARLIEST      10/17             10/01
LATEST                          05/10
.................................................................

WIND (MPH)
AVERAGE WIND SPEED              5.4
HIGHEST WIND SPEED/DIRECTION    33/140    DATE  10/30
HIGHEST GUST SPEED/DIRECTION    48/130    DATE  10/30

SKY COVER
AVERAGE SKY COVER           0.40

AVERAGE RH (PERCENT)     70

WEATHER CONDITIONS. NUMBER OF DAYS WITH
THUNDERSTORM              0     MIXED PRECIP               0
HEAVY RAIN                4     RAIN                       6
LIGHT RAIN               15     FREEZING RAIN              0
LT FREEZING RAIN          0     HAIL                       0
HEAVY SNOW                0     SNOW                       0
LIGHT SNOW                0     SLEET                      0
FOG                      16     FOG W/VIS <= 1/4 MILE      4
HAZE                      0

-  INDICATES NEGATIVE NUMBERS.
R  INDICATES RECORD WAS SET OR TIED.
MM INDICATES DATA IS MISSING.
T  INDICATES TRACE AMOUNT.

$$
