000
CXUS51 KALY 010706
CLMDDH


CLIMATE REPORT
NATIONAL WEATHER SERVICE ALBANY NY
305 AM EDT THU MAY 1 2014

...................................

...THE BENNINGTON VT CLIMATE SUMMARY FOR THE MONTH OF APRIL 2014...

CLIMATE NORMAL PERIOD 1981 TO 2010
CLIMATE RECORD PERIOD 9999 TO 9999

WEATHER         OBSERVED          NORMAL  DEPART  LAST YEAR`S
                 VALUE   DATE(S)  VALUE   FROM    VALUE  DATE(S)
                                          NORMAL
................................................................
TEMPERATURE (F)
HIGHEST            76   04/14                         76  04/24
LOWEST             22R  04/17                         23  04/02
                        04/16
AVG. MAXIMUM     57.3              56.7     0.6     56.3
AVG. MINIMUM     33.4              34.3    -0.9     33.8
MEAN             45.3              45.5    -0.2     45.0
DAYS MAX >= 90      0               0.2    -0.2        0
DAYS MAX <= 32      0               0.2    -0.2        0
DAYS MIN <= 32     15              13.3     1.7       14
DAYS MIN <= 0       0               0.0     0.0        0

PRECIPITATION (INCHES)
TOTALS           2.46              3.27   -0.81     3.37
DAILY AVG.       0.08              0.11   -0.03     0.11
DAYS >= .01        13                                 16
DAYS >= .10         5                                  7
DAYS >= .50         3                                  3
DAYS >= 1.00        0                                  0
GREATEST
 24 HR. TOTAL    0.69   04/25 TO 04/26

DEGREE_DAYS
HEATING TOTAL     587               588      -1      592
 SINCE 7/1       6993              6823     170     6393
COOLING TOTAL       4                 3       1        0
 SINCE 1/1          4                 3       1        0

FREEZE DATES
EARLIEST                        10/01
LATEST                          05/10
.................................................................

WIND (MPH)
AVERAGE WIND SPEED              7.6
HIGHEST WIND SPEED/DIRECTION    38/140    DATE  04/08
HIGHEST GUST SPEED/DIRECTION    54/150    DATE  04/07

SKY COVER
AVERAGE SKY COVER           0.40

AVERAGE RH (PERCENT)     58

WEATHER CONDITIONS. NUMBER OF DAYS WITH
THUNDERSTORM              0     MIXED PRECIP               0
HEAVY RAIN                0     RAIN                       2
LIGHT RAIN               14     FREEZING RAIN              0
LT FREEZING RAIN          0     HAIL                       0
HEAVY SNOW                0     SNOW                       1
LIGHT SNOW                2     SLEET                      0
FOG                       8     FOG W/VIS <= 1/4 MILE      2
HAZE                      2

-  INDICATES NEGATIVE NUMBERS.
R  INDICATES RECORD WAS SET OR TIED.
MM INDICATES DATA IS MISSING.
T  INDICATES TRACE AMOUNT.

$$
