000
CXUS51 KALY 011028
CLMDDH


CLIMATE REPORT
NATIONAL WEATHER SERVICE ALBANY NY
528 AM EST SUN DEC 1 2013

...................................

...THE BENNINGTON VT CLIMATE SUMMARY FOR THE MONTH OF NOVEMBER 2013...

CLIMATE NORMAL PERIOD 1981 TO 2010
CLIMATE RECORD PERIOD 9999 TO 9999

WEATHER         OBSERVED          NORMAL  DEPART  LAST YEAR`S
                 VALUE   DATE(S)  VALUE   FROM    VALUE  DATE(S)
                                          NORMAL
................................................................
TEMPERATURE (F)
HIGHEST            67   11/01                         69  11/12
LOWEST              6R  11/30                         17  11/06
AVG. MAXIMUM     46.1              47.5    -1.4     46.1
AVG. MINIMUM     25.8              29.7    -3.9     27.3
MEAN             36.0              38.6    -2.6     36.7
DAYS MAX >= 90      0               0.0     0.0        0
DAYS MAX <= 32      5               2.0     3.0        0
DAYS MIN <= 32     18              18.7    -0.7       24
DAYS MIN <= 0       0               0.0     0.0        0

PRECIPITATION (INCHES)
TOTALS           2.61              3.11   -0.50     0.79
DAILY AVG.       0.09              0.10   -0.01     0.03
DAYS >= .01        11                                  4
DAYS >= .10         5                                  1
DAYS >= .50         1                                  1
DAYS >= 1.00        1                                  0
GREATEST
 24 HR. TOTAL    1.18   10/31 TO 11/01

DEGREE_DAYS
HEATING TOTAL     777               792     -15      842
 SINCE 7/1       1531              1613     -82     1452
COOLING TOTAL       0                 0       0        0
 SINCE 1/1        503               313     190      476

FREEZE DATES
EARLIEST                        10/01
LATEST                          05/10
.................................................................

WIND (MPH)
AVERAGE WIND SPEED              5.9
HIGHEST WIND SPEED/DIRECTION    36/140    DATE  11/27
HIGHEST GUST SPEED/DIRECTION    55/200    DATE  11/01

SKY COVER
AVERAGE SKY COVER           0.50

AVERAGE RH (PERCENT)     63

WEATHER CONDITIONS. NUMBER OF DAYS WITH
THUNDERSTORM              0     MIXED PRECIP               0
HEAVY RAIN                0     RAIN                       4
LIGHT RAIN               12     FREEZING RAIN              0
LT FREEZING RAIN          0     HAIL                       0
HEAVY SNOW                0     SNOW                       0
LIGHT SNOW                8     SLEET                      0
FOG                       8     FOG W/VIS <= 1/4 MILE      0
HAZE                      6

-  INDICATES NEGATIVE NUMBERS.
R  INDICATES RECORD WAS SET OR TIED.
MM INDICATES DATA IS MISSING.
T  INDICATES TRACE AMOUNT.

$$
