000
CXUS51 KALY 010757
CLMDDH


CLIMATE REPORT
NATIONAL WEATHER SERVICE ALBANY NY
354 AM EDT THU OCT 1 2015

...................................

...THE BENNINGTON VT CLIMATE SUMMARY FOR THE MONTH OF SEPTEMBER 2015...

CLIMATE NORMAL PERIOD 1981 TO 2010
CLIMATE RECORD PERIOD 9999 TO 9999

WEATHER         OBSERVED          NORMAL  DEPART  LAST YEAR`S
                 VALUE   DATE(S)  VALUE   FROM    VALUE  DATE(S)
                                          NORMAL
................................................................
TEMPERATURE (F)
HIGHEST            91   09/08                         87  09/05
LOWEST             36   09/21                         34  09/23
AVG. MAXIMUM     77.9              70.4     7.5     72.4
AVG. MINIMUM     50.3              47.4     2.9     47.1
MEAN             64.1              58.9     5.2     59.7
DAYS MAX >= 90      1               0.2     0.8        0
DAYS MAX <= 32      0               0.0     0.0        0
DAYS MIN <= 32      0               0.8    -0.8        0
DAYS MIN <= 0       0               0.0     0.0        0

PRECIPITATION (INCHES)
TOTALS           7.42              3.57    3.85     1.02
DAILY AVG.       0.25              0.12    0.13     0.03
DAYS >= .01         9                                  7
DAYS >= .10         9                                  4
DAYS >= .50         4                                  0
DAYS >= 1.00        2                                  0
GREATEST
 24 HR. TOTAL    3.78   09/29 TO 09/30

DEGREE_DAYS
HEATING TOTAL      98               206    -108      194
 SINCE 7/1        137               278    -141      247
COOLING TOTAL      76                23      53       44
 SINCE 1/1        444               311     133      297

FREEZE DATES
EARLIEST                        10/01
LATEST                          05/10
.................................................................

WIND (MPH)
AVERAGE WIND SPEED              3.0
HIGHEST WIND SPEED/DIRECTION    24/140    DATE  09/13
HIGHEST GUST SPEED/DIRECTION    39/140    DATE  09/13

SKY COVER
AVERAGE SKY COVER           0.30

AVERAGE RH (PERCENT)     73

WEATHER CONDITIONS. NUMBER OF DAYS WITH
THUNDERSTORM              2     MIXED PRECIP               0
HEAVY RAIN                8     RAIN                       7
LIGHT RAIN               12     FREEZING RAIN              0
LT FREEZING RAIN          0     HAIL                       0
HEAVY SNOW                0     SNOW                       0
LIGHT SNOW                0     SLEET                      0
FOG                      27     FOG W/VIS <= 1/4 MILE      8
HAZE                     11

-  INDICATES NEGATIVE NUMBERS.
R  INDICATES RECORD WAS SET OR TIED.
MM INDICATES DATA IS MISSING.
T  INDICATES TRACE AMOUNT.

$$
