000
CXUS51 KALY 010738
CLMDDH


CLIMATE REPORT
NATIONAL WEATHER SERVICE ALBANY NY
337 AM EDT THU SEP 1 2016

...................................

...THE BENNINGTON VT CLIMATE SUMMARY FOR THE MONTH OF AUGUST 2016...

CLIMATE NORMAL PERIOD 1981 TO 2010
CLIMATE RECORD PERIOD 9999 TO 9999

WEATHER         OBSERVED          NORMAL  DEPART  LAST YEAR`S
                 VALUE   DATE(S)  VALUE   FROM    VALUE  DATE(S)
                                          NORMAL
................................................................
TEMPERATURE (F)
HIGHEST            92   08/14                         90  08/18
LOWEST             44R  08/23                         46  08/29
AVG. MAXIMUM     82.1              77.7     4.4     81.0
AVG. MINIMUM     57.7              55.2     2.5     55.6
MEAN             69.9              66.4     3.5     68.3
DAYS MAX >= 90      2               0.3     1.7        1
DAYS MAX <= 32      0               0.0     0.0        0
DAYS MIN <= 32      0               0.0     0.0        0
DAYS MIN <= 0       0               0.0     0.0        0

PRECIPITATION (INCHES)
TOTALS           4.13              4.00    0.13     1.73
DAILY AVG.       0.14              0.13    0.01     0.06
DAYS >= .01        12                                  8
DAYS >= .10         8                                  6
DAYS >= .50         3                                  0
DAYS >= 1.00        2                                  0
GREATEST
 24 HR. TOTAL    1.18   08/01 TO 08/02

DEGREE_DAYS
HEATING TOTAL      12                48     -36       12
 SINCE 7/1         22                72     -50       39
COOLING TOTAL     173                93      80      120
 SINCE 1/1        439               288     151      368

FREEZE DATES
EARLIEST                        10/01
LATEST                          05/10
.................................................................

WIND (MPH)
AVERAGE WIND SPEED              3.3
HIGHEST WIND SPEED/DIRECTION    25/350    DATE  08/14
HIGHEST GUST SPEED/DIRECTION    36/320    DATE  08/14

SKY COVER
AVERAGE SKY COVER           0.40

AVERAGE RH (PERCENT)     72

WEATHER CONDITIONS. NUMBER OF DAYS WITH
THUNDERSTORM              0     MIXED PRECIP               0
HEAVY RAIN                6     RAIN                       8
LIGHT RAIN               14     FREEZING RAIN              0
LT FREEZING RAIN          0     HAIL                       0
HEAVY SNOW                0     SNOW                       0
LIGHT SNOW                0     SLEET                      0
FOG                      30     FOG W/VIS <= 1/4 MILE     10
HAZE                     17

-  INDICATES NEGATIVE NUMBERS.
R  INDICATES RECORD WAS SET OR TIED.
MM INDICATES DATA IS MISSING.
T  INDICATES TRACE AMOUNT.

$$
