000
CXUS51 KALY 010943
CLMDDH


CLIMATE REPORT
NATIONAL WEATHER SERVICE ALBANY NY
539 AM EDT MON JUL 1 2013

...................................

...THE BENNINGTON VT CLIMATE SUMMARY FOR THE MONTH OF JUNE 2013...

CLIMATE NORMAL PERIOD 1981 TO 2010
CLIMATE RECORD PERIOD 9999 TO 9999

WEATHER         OBSERVED          NORMAL  DEPART  LAST YEAR`S
                 VALUE   DATE(S)  VALUE   FROM    VALUE
                                          NORMAL
.............................................................
TEMPERATURE (F)
HIGHEST            89   06/23                         91
                        06/01
LOWEST             41   06/20                         43
AVG. MAXIMUM     75.6              75.0     0.6     76.0
AVG. MINIMUM     53.7              52.4     1.3     52.1
MEAN             64.7              63.7     1.0     64.1
DAYS MAX >= 90      0               0.2    -0.2        2
DAYS MAX <= 32      0               0.0     0.0        0
DAYS MIN <= 32      0               0.2    -0.2        0
DAYS MIN <= 0       0               0.0     0.0        0

PRECIPITATION (INCHES)
TOTALS           7.29R             4.13    3.16     2.00
DAILY AVG.       0.24              0.14    0.10     0.07
DAYS >= .01        21                                 13
DAYS >= .10        13                                  7
DAYS >= .50         6                                  1
DAYS >= 1.00        3                                  0
GREATEST
 24 HR. TOTAL    1.49   06/02 TO 06/03

DEGREE_DAYS
HEATING TOTAL     100                97       3       85
 SINCE 7/1       6750              7236    -486     5158
COOLING TOTAL      98                58      40       65
 SINCE 1/1        130                72      58      113
..............................................................

WIND (MPH)
AVERAGE WIND SPEED              3.7
HIGHEST WIND SPEED/DIRECTION    28/230    DATE  06/02
HIGHEST GUST SPEED/DIRECTION    45/240    DATE  06/02

SKY COVER
AVERAGE SKY COVER           0.40

AVERAGE RH (PERCENT)     72

WEATHER CONDITIONS. NUMBER OF DAYS WITH
THUNDERSTORM              7     MIXED PRECIP               0
HEAVY RAIN                3     RAIN                       9
LIGHT RAIN               18     FREEZING RAIN              0
LT FREEZING RAIN          0     HAIL                       0
HEAVY SNOW                0     SNOW                       0
LIGHT SNOW                0     SLEET                      0
FOG                      23     FOG W/VIS <= 1/4 MILE      9
HAZE                      7

-  INDICATES NEGATIVE NUMBERS.
R  INDICATES RECORD WAS SET OR TIED.
MM INDICATES DATA IS MISSING.
T  INDICATES TRACE AMOUNT.

$$
