000
CXUS51 KALY 011550
CLMDDH

CLIMATE REPORT...CORRECTED
NATIONAL WEATHER SERVICE ALBANY NY
1049 AM EST SUN NOV 1 2015

...................................

...THE BENNINGTON VT CLIMATE SUMMARY FOR THE MONTH OF OCTOBER 2015...

CLIMATE NORMAL PERIOD 1981 TO 2010
CLIMATE RECORD PERIOD 9999 TO 9999

WEATHER         OBSERVED          NORMAL  DEPART  LAST YEAR`S
                 VALUE   DATE(S)  VALUE   FROM    VALUE  DATE(S)
                                          NORMAL
................................................................
TEMPERATURE (F)
HIGHEST            76   10/12                         78  10/15
LOWEST             17   10/19                         25  10/20
AVG. MAXIMUM     58.1              58.7    -0.6     61.4
AVG. MINIMUM     35.7              36.4    -0.7     42.9
MEAN             46.9              47.5    -0.6     52.1
DAYS MAX >= 90      0               0.0     0.0        0
DAYS MAX <= 32      0               0.0     0.0        0
DAYS MIN <= 32     11              11.1    -0.1        6
DAYS MIN <= 0       0               0.0     0.0        0

PRECIPITATION (INCHES)
TOTALS           2.30              3.69   -1.39     3.83
DAILY AVG.       0.07              0.12   -0.05     0.12
DAYS >= .01         9                                 15
DAYS >= .10         6                                 10
DAYS >= .50         1                                  2
DAYS >= 1.00        0                                  1
GREATEST
 24 HR. TOTAL    1.12   10/28 TO 10/29

DEGREE_DAYS
HEATING TOTAL     553               543      10      403
 SINCE 7/1        690               821    -131      650
COOLING TOTAL       0                 2      -2       11
 SINCE 1/1        444               313     131      308

FREEZE DATES
EARLIEST                        10/01
LATEST                          05/10
.................................................................

WIND (MPH)
AVERAGE WIND SPEED              4.5
HIGHEST WIND SPEED/DIRECTION    31/130    DATE  10/28
HIGHEST GUST SPEED/DIRECTION    42/130    DATE  10/28

SKY COVER
AVERAGE SKY COVER           0.40

AVERAGE RH (PERCENT)     71

WEATHER CONDITIONS. NUMBER OF DAYS WITH
THUNDERSTORM              0     MIXED PRECIP               0
HEAVY RAIN                2     RAIN                       5
LIGHT RAIN               11     FREEZING RAIN              0
LT FREEZING RAIN          0     HAIL                       0
HEAVY SNOW                0     SNOW                       0
LIGHT SNOW                0     SLEET                      0
FOG                      14     FOG W/VIS <= 1/4 MILE      2
HAZE                      3

-  INDICATES NEGATIVE NUMBERS.
R  INDICATES RECORD WAS SET OR TIED.
MM INDICATES DATA IS MISSING.
T  INDICATES TRACE AMOUNT.

$$
