000
CXUS51 KALY 011246
CLMDDH


CLIMATE REPORT
NATIONAL WEATHER SERVICE ALBANY NY
745 AM EST SUN MAR 1 2015

...................................

...THE BENNINGTON VT CLIMATE SUMMARY FOR THE MONTH OF FEBRUARY 2015...

CLIMATE NORMAL PERIOD 1981 TO 2010
CLIMATE RECORD PERIOD 9999 TO 9999

WEATHER         OBSERVED          NORMAL  DEPART  LAST YEAR`S
                 VALUE   DATE(S)  VALUE   FROM    VALUE  DATE(S)
                                          NORMAL
................................................................
TEMPERATURE (F)
HIGHEST            33   02/22                         49  02/22
LOWEST            -19R  02/24                        -14  02/12
AVG. MAXIMUM     22.4              34.7   -12.3     28.5
AVG. MINIMUM     -1.8              15.3   -17.1     10.8
MEAN             10.3              25.0   -14.7     19.5
DAYS MAX >= 90      0               0.0     0.0        0
DAYS MAX <= 32     27              11.1    15.9       18
DAYS MIN <= 32     28              26.2     1.8       27
DAYS MIN <= 0      19               2.1    16.9        7

PRECIPITATION (INCHES)
TOTALS           1.01              2.24   -1.23     2.94
DAILY AVG.       0.04              0.08   -0.04     0.11
DAYS >= .01        13                                 13
DAYS >= .10         3                                  4
DAYS >= .50         0                                  3
DAYS >= 1.00        0                                  1
GREATEST
 24 HR. TOTAL    0.22   02/01 TO 02/02
                        02/02 TO 02/02

DEGREE_DAYS
HEATING TOTAL    1522              1120     402     1178
 SINCE 7/1       5502              5251     251     5248
COOLING TOTAL       0                 0       0        0
 SINCE 1/1          0                 0       0        0

FREEZE DATES
EARLIEST      02/01             10/01
LATEST                          05/10
.................................................................

WIND (MPH)
AVERAGE WIND SPEED              5.4
HIGHEST WIND SPEED/DIRECTION    25/140    DATE  02/02
HIGHEST GUST SPEED/DIRECTION    68/330    DATE  02/07

SKY COVER
AVERAGE SKY COVER           0.60

AVERAGE RH (PERCENT)     67

WEATHER CONDITIONS. NUMBER OF DAYS WITH
THUNDERSTORM              0     MIXED PRECIP               0
HEAVY RAIN                0     RAIN                       0
LIGHT RAIN                0     FREEZING RAIN              0
LT FREEZING RAIN          0     HAIL                       0
HEAVY SNOW                4     SNOW                       6
LIGHT SNOW               18     SLEET                      0
FOG                      16     FOG W/VIS <= 1/4 MILE      2
HAZE                     17

-  INDICATES NEGATIVE NUMBERS.
R  INDICATES RECORD WAS SET OR TIED.
MM INDICATES DATA IS MISSING.
T  INDICATES TRACE AMOUNT.

$$
