462
CXUS51 KALY 010652
CLMDDH


CLIMATE REPORT
NATIONAL WEATHER SERVICE ALBANY NY
149 AM EST WED FEB 1 2017

...................................

...THE BENNINGTON VT CLIMATE SUMMARY FOR THE MONTH OF JANUARY 2017...

CLIMATE NORMAL PERIOD 1981 TO 2010
CLIMATE RECORD PERIOD 9999 TO 9999

WEATHER         OBSERVED          NORMAL  DEPART  LAST YEAR`S
                 VALUE   DATE(S)  VALUE   FROM    VALUE  DATE(S)
                                          NORMAL
................................................................
TEMPERATURE (F)
HIGHEST            57   01/12                         56  01/10
LOWEST                  01/09                          2  01/24
                                                          01/06
                                                          01/05
AVG. MAXIMUM     36.3              30.7     5.6     34.6
AVG. MINIMUM     22.2              11.6    10.6     16.2
MEAN             29.3              21.1     8.2     25.4
DAYS MAX >= 90      0               0.0     0.0        0
DAYS MAX <= 32      8              17.0    -9.0       14
DAYS MIN <= 32     24              29.4    -5.4       29
DAYS MIN <= 0       1               6.5    -5.5        0

PRECIPITATION (INCHES)
TOTALS           1.71              2.75   -1.04     1.11
DAILY AVG.       0.06              0.09   -0.03     0.04
DAYS >= .01        12                                  6
DAYS >= .10         7                                  3
DAYS >= .50         0                                  1
DAYS >= 1.00        0                                  0
GREATEST
 24 HR. TOTAL    0.44   01/11 TO 01/12

DEGREE_DAYS
HEATING TOTAL    1101              1359    -258     1217
 SINCE 7/1       3594              4131    -537     3305
COOLING TOTAL       0                 0       0        0
 SINCE 1/1          0                 0       0        0

FREEZE DATES
EARLIEST                        10/01
LATEST                          05/10
.................................................................

WIND (MPH)
AVERAGE WIND SPEED              5.7
HIGHEST WIND SPEED/DIRECTION    41/190    DATE  01/11
HIGHEST GUST SPEED/DIRECTION    58/170    DATE  01/11

SKY COVER
AVERAGE SKY COVER           0.70

AVERAGE RH (PERCENT)     69

WEATHER CONDITIONS. NUMBER OF DAYS WITH
THUNDERSTORM              0     MIXED PRECIP               0
HEAVY RAIN                0     RAIN                       4
LIGHT RAIN               13     FREEZING RAIN              1
LT FREEZING RAIN          0     HAIL                       0
HEAVY SNOW                0     SNOW                       0
LIGHT SNOW               14     SLEET                      0
FOG                      13     FOG W/VIS <= 1/4 MILE      4
HAZE                      5

-  INDICATES NEGATIVE NUMBERS.
R  INDICATES RECORD WAS SET OR TIED.
MM INDICATES DATA IS MISSING.
T  INDICATES TRACE AMOUNT.

$$
