000
CXUS51 KALY 010950
CLMDDH


CLIMATE REPORT
NATIONAL WEATHER SERVICE ALBANY NY
537 AM EDT FRI NOV 1 2013

...................................

...THE BENNINGTON VT CLIMATE SUMMARY FOR THE MONTH OF OCTOBER 2013...

CLIMATE NORMAL PERIOD 1981 TO 2010
CLIMATE RECORD PERIOD 9999 TO 9999

WEATHER         OBSERVED          NORMAL  DEPART  LAST YEAR`S
                 VALUE   DATE(S)  VALUE   FROM    VALUE  DATE(S)
                                          NORMAL
................................................................
TEMPERATURE (F)
HIGHEST            75   10/07                         75  10/05
                        10/01
LOWEST             19   10/29                         22  10/13
AVG. MAXIMUM     61.4              58.7     2.7     61.4
AVG. MINIMUM     39.3              36.4     2.9     42.7
MEAN             50.3              47.5     2.8     52.0
DAYS MAX >= 90      0               0.0     0.0        0
DAYS MAX <= 32      0               0.0     0.0        0
DAYS MIN <= 32      8              11.1    -3.1        4
DAYS MIN <= 0       0               0.0     0.0        0

PRECIPITATION (INCHES)
TOTALS           3.54              3.69   -0.15     4.25
DAILY AVG.       0.11              0.12   -0.01     0.14
DAYS >= .01        12                                 15
DAYS >= .10         7                                 10
DAYS >= .50         4                                  4
DAYS >= 1.00        1                                  1
GREATEST
 24 HR. TOTAL    1.01   10/07 TO 10/07

DEGREE_DAYS
HEATING TOTAL     432               543    -111      395
 SINCE 7/1        754               821     -67      610
COOLING TOTAL       0                 2      -2        2
 SINCE 1/1        503               313     190      476

FREEZE DATES
EARLIEST                        10/01
LATEST                          05/10
.................................................................

WIND (MPH)
AVERAGE WIND SPEED              4.0
HIGHEST WIND SPEED/DIRECTION    29/160    DATE  10/07
HIGHEST GUST SPEED/DIRECTION    43/140    DATE  10/07

SKY COVER
AVERAGE SKY COVER           0.50

AVERAGE RH (PERCENT)     70

WEATHER CONDITIONS. NUMBER OF DAYS WITH
THUNDERSTORM              0     MIXED PRECIP               0
HEAVY RAIN                3     RAIN                       4
LIGHT RAIN               13     FREEZING RAIN              0
LT FREEZING RAIN          0     HAIL                       0
HEAVY SNOW                0     SNOW                       0
LIGHT SNOW                0     SLEET                      0
FOG                      17     FOG W/VIS <= 1/4 MILE      3
HAZE                      1

-  INDICATES NEGATIVE NUMBERS.
R  INDICATES RECORD WAS SET OR TIED.
MM INDICATES DATA IS MISSING.
T  INDICATES TRACE AMOUNT.

$$
