857
CXUS51 KALY 010633
CLMDDH


CLIMATE REPORT
NATIONAL WEATHER SERVICE ALBANY NY
230 AM EDT FRI JUL 1 2016

...................................

...THE BENNINGTON VT CLIMATE SUMMARY FOR THE MONTH OF JUNE 2016...

CLIMATE NORMAL PERIOD 1981 TO 2010
CLIMATE RECORD PERIOD 9999 TO 9999

WEATHER         OBSERVED          NORMAL  DEPART  LAST YEAR`S
                 VALUE   DATE(S)  VALUE   FROM    VALUE  DATE(S)
                                          NORMAL
................................................................
TEMPERATURE (F)
HIGHEST            88   06/26                         84  06/23
                        06/20
LOWEST             40   06/11                         33  06/07
AVG. MAXIMUM     77.6              75.0     2.6     74.0
AVG. MINIMUM     51.0              52.4    -1.4     52.2
MEAN             64.3              63.7     0.6     63.1
DAYS MAX >= 90      0               0.2    -0.2        0
DAYS MAX <= 32      0               0.0     0.0        0
DAYS MIN <= 32      0               0.2    -0.2        0
DAYS MIN <= 0       0               0.0     0.0        0

PRECIPITATION (INCHES)
TOTALS           1.74              4.13   -2.39     2.95
DAILY AVG.       0.06              0.14   -0.08     0.10
DAYS >= .01         9                                 14
DAYS >= .10         4                                  7
DAYS >= .50         1                                  1
DAYS >= 1.00        1                                  0
GREATEST
 24 HR. TOTAL    1.00   06/05 TO 06/05

DEGREE_DAYS
HEATING TOTAL      69                97     -28       95
 SINCE 7/1       6105              7236   -1131     7537
COOLING TOTAL      58                58       0       47
 SINCE 1/1        100                72      28      111

FREEZE DATES
EARLIEST      02/01             10/01
LATEST        05/10             05/10
.................................................................

WIND (MPH)
AVERAGE WIND SPEED              4.6
HIGHEST WIND SPEED/DIRECTION    29/150    DATE  06/05
HIGHEST GUST SPEED/DIRECTION    45/290    DATE  06/21

SKY COVER
AVERAGE SKY COVER           0.30

AVERAGE RH (PERCENT)     66

WEATHER CONDITIONS. NUMBER OF DAYS WITH
THUNDERSTORM              4     MIXED PRECIP               0
HEAVY RAIN                0     RAIN                       2
LIGHT RAIN               11     FREEZING RAIN              0
LT FREEZING RAIN          0     HAIL                       0
HEAVY SNOW                1     SNOW                       0
LIGHT SNOW                0     SLEET                      0
FOG                      14     FOG W/VIS <= 1/4 MILE      4
HAZE                      6

-  INDICATES NEGATIVE NUMBERS.
R  INDICATES RECORD WAS SET OR TIED.
MM INDICATES DATA IS MISSING.
T  INDICATES TRACE AMOUNT.

$$
