000
CXUS51 KALY 010942
CLMDDH


CLIMATE REPORT
NATIONAL WEATHER SERVICE ALBANY NY
435 AM EST WED JAN 1 2014

...................................

...THE BENNINGTON VT CLIMATE SUMMARY FOR THE MONTH OF DECEMBER 2013...

CLIMATE NORMAL PERIOD 1981 TO 2010
CLIMATE RECORD PERIOD 9999 TO 9999

WEATHER         OBSERVED          NORMAL  DEPART  LAST YEAR`S
                 VALUE   DATE(S)  VALUE   FROM    VALUE  DATE(S)
                                          NORMAL
................................................................
TEMPERATURE (F)
HIGHEST            66   12/22                         61  12/04
LOWEST             -6   12/17                          6  12/26
AVG. MAXIMUM     36.7              35.7     1.0     40.6
AVG. MINIMUM     19.8              19.5     0.3     24.9
MEAN             28.3              27.6     0.7     32.8
DAYS MAX >= 90      0               0.0     0.0        0
DAYS MAX <= 32     13              12.0     1.0        5
DAYS MIN <= 32     28              27.5     0.5       24
DAYS MIN <= 0       1               1.6    -0.6        0

PRECIPITATION (INCHES)
TOTALS           2.88              2.79    0.09     2.85
DAILY AVG.       0.09              0.09    0.00     0.09
DAYS >= .01        14                                 20
DAYS >= .10         7                                 11
DAYS >= .50         2                                  0
DAYS >= 1.00        0                                  0
GREATEST
 24 HR. TOTAL    0.89   12/28 TO 12/29

DEGREE_DAYS
HEATING TOTAL    1132              1159     -27      993
 SINCE 7/1       2663              2772    -109     2445
COOLING TOTAL       0                 0       0        0
 SINCE 1/1        503               313     190      476

FREEZE DATES
EARLIEST                        10/01
LATEST                          05/10
.................................................................

WIND (MPH)
AVERAGE WIND SPEED              4.0
HIGHEST WIND SPEED/DIRECTION    37/110    DATE  12/15
HIGHEST GUST SPEED/DIRECTION    60/330    DATE  12/22

SKY COVER
AVERAGE SKY COVER           0.70

AVERAGE RH (PERCENT)     70

WEATHER CONDITIONS. NUMBER OF DAYS WITH
THUNDERSTORM              0     MIXED PRECIP               0
HEAVY RAIN                1     RAIN                       3
LIGHT RAIN                6     FREEZING RAIN              0
LT FREEZING RAIN          0     HAIL                       0
HEAVY SNOW                2     SNOW                       5
LIGHT SNOW               15     SLEET                      0
FOG                      18     FOG W/VIS <= 1/4 MILE      8
HAZE                     12

-  INDICATES NEGATIVE NUMBERS.
R  INDICATES RECORD WAS SET OR TIED.
MM INDICATES DATA IS MISSING.
T  INDICATES TRACE AMOUNT.

$$
