862
CXUS51 KALY 010837
CLMDDH


CLIMATE REPORT
NATIONAL WEATHER SERVICE ALBANY NY
433 AM EDT SAT JUL 1 2017

...................................

...THE BENNINGTON VT CLIMATE SUMMARY FOR THE MONTH OF JUNE 2017...

CLIMATE NORMAL PERIOD 1981 TO 2010
CLIMATE RECORD PERIOD 9999 TO 9999

WEATHER         OBSERVED          NORMAL  DEPART  LAST YEAR`S
                 VALUE   DATE(S)  VALUE   FROM    VALUE  DATE(S)
                                          NORMAL
................................................................
TEMPERATURE (F)
HIGHEST            90   06/12                         88  06/26
                                                          06/20
LOWEST             39   06/02                         40  06/11
AVG. MAXIMUM     76.0              75.0     1.0     77.6
AVG. MINIMUM     53.1              52.4     0.7     51.0
MEAN             64.6              63.7     0.9     64.3
DAYS MAX >= 90      1               0.2     0.8        0
DAYS MAX <= 32      0               0.0     0.0        0
DAYS MIN <= 32      0               0.2    -0.2        0
DAYS MIN <= 0       0               0.0     0.0        0

PRECIPITATION (INCHES)
TOTALS           7.08              4.13    2.95     1.74
DAILY AVG.       0.24              0.14    0.10     0.06
DAYS >= .01        16                                  9
DAYS >= .10        10                                  4
DAYS >= .50         7                                  1
DAYS >= 1.00        3                                  1
GREATEST
 24 HR. TOTAL    1.39   06/30 TO 06/30

DEGREE_DAYS
HEATING TOTAL      95                97      -2       69
 SINCE 7/1       6494              7236    -742     6105
COOLING TOTAL      87                58      29       58
 SINCE 1/1        102                72      30      100

FREEZE DATES
EARLIEST      09/25             10/01
LATEST        05/04             05/10
.................................................................

WIND (MPH)
AVERAGE WIND SPEED              4.6
HIGHEST WIND SPEED/DIRECTION    23/260    DATE  06/25
HIGHEST GUST SPEED/DIRECTION    35/270    DATE  06/25

SKY COVER
AVERAGE SKY COVER           0.50

AVERAGE RH (PERCENT)     71

WEATHER CONDITIONS. NUMBER OF DAYS WITH
THUNDERSTORM              7     MIXED PRECIP               0
HEAVY RAIN                7     RAIN                      10
LIGHT RAIN               17     FREEZING RAIN              0
LT FREEZING RAIN          0     HAIL                       0
HEAVY SNOW                0     SNOW                       0
LIGHT SNOW                0     SLEET                      0
FOG                      19     FOG W/VIS <= 1/4 MILE      2
HAZE                      4

-  INDICATES NEGATIVE NUMBERS.
R  INDICATES RECORD WAS SET OR TIED.
MM INDICATES DATA IS MISSING.
T  INDICATES TRACE AMOUNT.

$$
