000
CXUS51 KALY 011523
CLMDDH


CLIMATE REPORT
NATIONAL WEATHER SERVICE ALBANY NY
1007 AM EST SUN JAN 1 2017

...................................

...THE BENNINGTON VT CLIMATE SUMMARY FOR THE MONTH OF DECEMBER 2016...

CLIMATE NORMAL PERIOD 1981 TO 2010
CLIMATE RECORD PERIOD 9999 TO 9999

WEATHER         OBSERVED          NORMAL  DEPART  LAST YEAR`S
                 VALUE   DATE(S)  VALUE   FROM    VALUE  DATE(S)
                                          NORMAL
................................................................
TEMPERATURE (F)
HIGHEST            52   12/18                         70  12/24
LOWEST             -9   12/16                         20  12/06
AVG. MAXIMUM     36.6              35.7     0.9       49.1
AVG. MINIMUM     20.4              19.5     0.9       32.2
MEAN             28.5              27.6     0.9       40.7
DAYS MAX >= 90      0               0.0     0.0        0
DAYS MAX <= 32      8              12.0    -4.0        1
DAYS MIN <= 32     28              27.5     0.5       15
DAYS MIN <= 0       1               1.6    -0.6        0

PRECIPITATION (INCHES)
TOTALS           2.09              2.79   -0.70      3.75
DAILY AVG.       0.07              0.09   -0.02      0.12
DAYS >= .01        12                                 16
DAYS >= .10         4                                 11
DAYS >= .50         0                                  1
DAYS >= 1.00        0                                  0
GREATEST
 24 HR. TOTAL    0.74   12/17 TO 12/18

DEGREE_DAYS
HEATING TOTAL    1123              1159     -36      745
 SINCE 7/1       2493              2772    -279     2088
COOLING TOTAL       0                 0       0        0
 SINCE 1/1        488               313     175      444

FREEZE DATES
EARLIEST                        10/01
LATEST                          05/10
.................................................................

WIND (MPH)
AVERAGE WIND SPEED              6.0
HIGHEST WIND SPEED/DIRECTION    29/300    DATE  12/15
HIGHEST GUST SPEED/DIRECTION    44/290    DATE  12/15

SKY COVER
AVERAGE SKY COVER           0.70

AVERAGE RH (PERCENT)     66

WEATHER CONDITIONS. NUMBER OF DAYS WITH
THUNDERSTORM              0     MIXED PRECIP               0
HEAVY RAIN                0     RAIN                       2
LIGHT RAIN                9     FREEZING RAIN              0
LT FREEZING RAIN          0     HAIL                       0
HEAVY SNOW                2     SNOW                       6
LIGHT SNOW               14     SLEET                      0
FOG                      17     FOG W/VIS <= 1/4 MILE      2
HAZE                      7

-  INDICATES NEGATIVE NUMBERS.
R  INDICATES RECORD WAS SET OR TIED.
MM INDICATES DATA IS MISSING.
T  INDICATES TRACE AMOUNT.

$$
