000
CXUS51 KALY 010725
CLMDDH


CLIMATE REPORT
NATIONAL WEATHER SERVICE ALBANY NY
325 AM EDT TUE SEP 1 2015

...................................

...THE BENNINGTON VT CLIMATE SUMMARY FOR THE MONTH OF AUGUST 2015...

CLIMATE NORMAL PERIOD 1981 TO 2010
CLIMATE RECORD PERIOD 9999 TO 9999

WEATHER         OBSERVED          NORMAL  DEPART  LAST YEAR`S
                 VALUE   DATE(S)  VALUE   FROM    VALUE  DATE(S)
                                          NORMAL
................................................................
TEMPERATURE (F)
HIGHEST            90   08/18                         84  08/11
LOWEST             46   08/29                         44  08/19
AVG. MAXIMUM     81.0              77.7     3.3     77.0
AVG. MINIMUM     55.6              55.2     0.4     53.1
MEAN             68.3              66.4     1.9     65.1
DAYS MAX >= 90      1               0.3     0.7        0
DAYS MAX <= 32      0               0.0     0.0        0
DAYS MIN <= 32      0               0.0     0.0        0
DAYS MIN <= 0       0               0.0     0.0        0

PRECIPITATION (INCHES)
TOTALS           1.73R             4.00   -2.27     1.85
DAILY AVG.       0.06              0.13   -0.07     0.06
DAYS >= .01         8                                 12
DAYS >= .10         6                                  3
DAYS >= .50         0                                  2
DAYS >= 1.00        0                                  0
GREATEST
 24 HR. TOTAL    0.49   08/11 TO 08/11

DEGREE_DAYS
HEATING TOTAL      12                48     -36       42
 SINCE 7/1         39                72     -33       53
COOLING TOTAL     120                93      27       51
 SINCE 1/1        368               288      80      253

FREEZE DATES
EARLIEST                        10/01
LATEST                          05/10
.................................................................

WIND (MPH)
AVERAGE WIND SPEED              3.5
HIGHEST WIND SPEED/DIRECTION    23/160    DATE  08/20
HIGHEST GUST SPEED/DIRECTION    32/210    DATE  08/10

SKY COVER
AVERAGE SKY COVER           0.40

AVERAGE RH (PERCENT)     72

WEATHER CONDITIONS. NUMBER OF DAYS WITH
THUNDERSTORM              0     MIXED PRECIP               0
HEAVY RAIN                2     RAIN                       5
LIGHT RAIN                9     FREEZING RAIN              0
LT FREEZING RAIN          0     HAIL                       0
HEAVY SNOW                0     SNOW                       0
LIGHT SNOW                0     SLEET                      0
FOG                      25     FOG W/VIS <= 1/4 MILE      8
HAZE                      7

-  INDICATES NEGATIVE NUMBERS.
R  INDICATES RECORD WAS SET OR TIED.
MM INDICATES DATA IS MISSING.
T  INDICATES TRACE AMOUNT.

$$
