941
CXUS51 KALY 010857
CLMDDH


CLIMATE REPORT
NATIONAL WEATHER SERVICE ALBANY NY
357 AM EST WED MAR 1 2017

...................................

...THE BENNINGTON VT CLIMATE SUMMARY FOR THE MONTH OF FEBRUARY 2017...

CLIMATE NORMAL PERIOD 1981 TO 2010
CLIMATE RECORD PERIOD 9999 TO 9999

WEATHER         OBSERVED          NORMAL  DEPART  LAST YEAR`S
                 VALUE   DATE(S)  VALUE   FROM    VALUE  DATE(S)
                                          NORMAL
................................................................
TEMPERATURE (F)
HIGHEST            72   02/24                         60  02/03
LOWEST             -9   02/10                        -17  02/14
AVG. MAXIMUM     41.5              34.7     6.8     40.5
AVG. MINIMUM     20.9              15.3     5.6     18.1
MEAN             31.2              25.0     6.2     29.3
DAYS MAX >= 90      0               0.0     0.0        0
DAYS MAX <= 32     10              11.1    -1.1        7
DAYS MIN <= 32     23              26.2    -3.2       26
DAYS MIN <= 0       1               2.1    -1.1        4

PRECIPITATION (INCHES)
TOTALS           2.11              2.24   -0.13     3.93
DAILY AVG.       0.07              0.08   -0.01     0.14
DAYS >= .01        10                                 11
DAYS >= .10         5                                  6
DAYS >= .50         2                                  4
DAYS >= 1.00        0                                  0
GREATEST
 24 HR. TOTAL    0.65   02/25 TO 02/25

DEGREE_DAYS
HEATING TOTAL     941              1120    -179     1028
 SINCE 7/1       4535              5251    -716     4333
COOLING TOTAL       0                 0       0        0
 SINCE 1/1          0                 0       0        0

FREEZE DATES
EARLIEST                        10/01
LATEST                          05/10
.................................................................

WIND (MPH)
AVERAGE WIND SPEED              6.0
HIGHEST WIND SPEED/DIRECTION    30/150    DATE  02/25
HIGHEST GUST SPEED/DIRECTION    43/170    DATE  02/25

SKY COVER
AVERAGE SKY COVER           0.60

AVERAGE RH (PERCENT)     63

WEATHER CONDITIONS. NUMBER OF DAYS WITH
THUNDERSTORM              0     MIXED PRECIP               0
HEAVY RAIN                1     RAIN                       2
LIGHT RAIN                5     FREEZING RAIN              1
LT FREEZING RAIN          1     HAIL                       0
HEAVY SNOW                2     SNOW                       4
LIGHT SNOW               12     SLEET                      0
FOG                      12     FOG W/VIS <= 1/4 MILE      3
HAZE                      1

-  INDICATES NEGATIVE NUMBERS.
R  INDICATES RECORD WAS SET OR TIED.
MM INDICATES DATA IS MISSING.
T  INDICATES TRACE AMOUNT.

$$
