000
CXUS51 KALY 010638
CLMDDH


CLIMATE REPORT
NATIONAL WEATHER SERVICE ALBANY NY
234 AM EDT FRI AUG 1 2014

...................................

...THE BENNINGTON VT CLIMATE SUMMARY FOR THE MONTH OF JULY 2014...

CLIMATE NORMAL PERIOD 1981 TO 2010
CLIMATE RECORD PERIOD 9999 TO 9999

WEATHER         OBSERVED          NORMAL  DEPART  LAST YEAR`S
                 VALUE   DATE(S)  VALUE   FROM    VALUE  DATE(S)
                                          NORMAL
................................................................
TEMPERATURE (F)
HIGHEST            89   07/02                         92  07/19
                        07/01
LOWEST             48   07/25                         46  07/25
AVG. MAXIMUM     79.7              79.4     0.3     82.9
AVG. MINIMUM     57.0              57.0     0.0     62.0
MEAN             68.3              68.2     0.1     72.5
DAYS MAX >= 90      0               0.6    -0.6        3
DAYS MAX <= 32      0               0.0     0.0        0
DAYS MIN <= 32      0               0.0     0.0        0
DAYS MIN <= 0       0               0.0     0.0        0

PRECIPITATION (INCHES)
TOTALS           7.95              4.34    3.61     5.60
DAILY AVG.       0.26              0.14    0.12     0.18
DAYS >= .01        16                                 12
DAYS >= .10        14                                  8
DAYS >= .50         7                                  3
DAYS >= 1.00        2                                  2
GREATEST
 24 HR. TOTAL    1.89   07/27 TO 07/28

DEGREE_DAYS
HEATING TOTAL      11                24     -13       10
 SINCE 7/1         11                24     -13       10
COOLING TOTAL     124               123       1      248
 SINCE 1/1        202               195       7      378

FREEZE DATES
EARLIEST                        10/01
LATEST                          05/10
.................................................................

WIND (MPH)
AVERAGE WIND SPEED              3.6
HIGHEST WIND SPEED/DIRECTION    25/220    DATE  07/08
HIGHEST GUST SPEED/DIRECTION    40/250    DATE  07/07

SKY COVER
AVERAGE SKY COVER           0.40

AVERAGE RH (PERCENT)     74

WEATHER CONDITIONS. NUMBER OF DAYS WITH
THUNDERSTORM             10     MIXED PRECIP               0
HEAVY RAIN               10     RAIN                      14
LIGHT RAIN               18     FREEZING RAIN              0
LT FREEZING RAIN          0     HAIL                       0
HEAVY SNOW                0     SNOW                       0
LIGHT SNOW                0     SLEET                      0
FOG                      28     FOG W/VIS <= 1/4 MILE      4
HAZE                     15

-  INDICATES NEGATIVE NUMBERS.
R  INDICATES RECORD WAS SET OR TIED.
MM INDICATES DATA IS MISSING.
T  INDICATES TRACE AMOUNT.

$$
