000
CXUS51 KALY 010854
CLMDDH


CLIMATE REPORT
NATIONAL WEATHER SERVICE ALBANY NY
449 AM EDT TUE AUG 1 2017

...................................

...THE BENNINGTON VT CLIMATE SUMMARY FOR THE MONTH OF JULY 2017...

CLIMATE NORMAL PERIOD 1981 TO 2010
CLIMATE RECORD PERIOD 9999 TO 9999

WEATHER         OBSERVED          NORMAL  DEPART  LAST YEAR`S
                 VALUE   DATE(S)  VALUE   FROM    VALUE  DATE(S)
                                          NORMAL
................................................................
TEMPERATURE (F)
HIGHEST            86   07/12                         91  07/22
LOWEST             45   07/30                         45  07/20
AVG. MAXIMUM     78.8              79.4    -0.6     82.6
AVG. MINIMUM     57.7              57.0     0.7     57.1
MEAN             68.3              68.2     0.1     69.8
DAYS MAX >= 90      0               0.6    -0.6        2
DAYS MAX <= 32      0               0.0     0.0        0
DAYS MIN <= 32      0               0.0     0.0        0
DAYS MIN <= 0       0               0.0     0.0        0

PRECIPITATION (INCHES)
TOTALS           6.20              4.34    1.86     2.39
DAILY AVG.       0.20              0.14    0.06     0.08
DAYS >= .01        10                                 14
DAYS >= .10         7                                  7
DAYS >= .50         2                                  1
DAYS >= 1.00        2                                  0
GREATEST
 24 HR. TOTAL    3.47   07/01 TO 07/01

DEGREE_DAYS
HEATING TOTAL      13                24     -11       10
 SINCE 7/1         13                24     -11       10
COOLING TOTAL     119               123      -4      166
 SINCE 1/1        221               195      26      266

FREEZE DATES
EARLIEST                        10/01
LATEST                          05/10
.................................................................

WIND (MPH)
AVERAGE WIND SPEED              3.5
HIGHEST WIND SPEED/DIRECTION    23/320    DATE  07/01
HIGHEST GUST SPEED/DIRECTION    36/280    DATE  07/17

SKY COVER
AVERAGE SKY COVER           0.40

AVERAGE RH (PERCENT)     73

WEATHER CONDITIONS. NUMBER OF DAYS WITH
THUNDERSTORM              4     MIXED PRECIP               0
HEAVY RAIN                4     RAIN                       4
LIGHT RAIN               15     FREEZING RAIN              0
LT FREEZING RAIN          0     HAIL                       0
HEAVY SNOW                0     SNOW                       0
LIGHT SNOW                0     SLEET                      0
FOG                      25     FOG W/VIS <= 1/4 MILE      3
HAZE                     17

-  INDICATES NEGATIVE NUMBERS.
R  INDICATES RECORD WAS SET OR TIED.
MM INDICATES DATA IS MISSING.
T  INDICATES TRACE AMOUNT.

$$
