000
CXUS51 KALY 010630
CLMDDH


CLIMATE REPORT
NATIONAL WEATHER SERVICE ALBANY NY
127 AM EST TUE DEC 1 2015

...................................

...THE BENNINGTON VT CLIMATE SUMMARY FOR THE MONTH OF NOVEMBER 2015...

CLIMATE NORMAL PERIOD 1981 TO 2010
CLIMATE RECORD PERIOD 9999 TO 9999

WEATHER         OBSERVED          NORMAL  DEPART  LAST YEAR`S
                 VALUE   DATE(S)  VALUE   FROM    VALUE  DATE(S)
                                          NORMAL
................................................................
TEMPERATURE (F)
HIGHEST            74   11/05                         68  11/24
LOWEST             16   11/24                         10  11/29
AVG. MAXIMUM     53.9              47.5     6.4     45.7
AVG. MINIMUM     32.1              29.7     2.4     27.5
MEAN             43.0              38.6     4.4     36.6
DAYS MAX >= 90      0               0.0     0.0        0
DAYS MAX <= 32      0               2.0    -2.0        4
DAYS MIN <= 32     16              18.7    -2.7       20
DAYS MIN <= 0       0               0.0     0.0        0

PRECIPITATION (INCHES)
TOTALS           1.26              3.11   -1.85     2.24
DAILY AVG.       0.04              0.10   -0.06     0.07
DAYS >= .01        10                                  9
DAYS >= .10         4                                  5
DAYS >= .50         0                                  2
DAYS >= 1.00        0                                  0
GREATEST
 24 HR. TOTAL    0.45   11/19 TO 11/20

DEGREE_DAYS
HEATING TOTAL     653               792    -139      843
 SINCE 7/1       1343              1613    -270     1493
COOLING TOTAL       0                 0       0        0
 SINCE 1/1        444               313     131      308

FREEZE DATES
EARLIEST                        10/01
LATEST                          05/10
.................................................................

WIND (MPH)
AVERAGE WIND SPEED              5.2
HIGHEST WIND SPEED/DIRECTION    35/150    DATE  11/19
HIGHEST GUST SPEED/DIRECTION    46/130    DATE  11/19

SKY COVER
AVERAGE SKY COVER           0.40

AVERAGE RH (PERCENT)     69

WEATHER CONDITIONS. NUMBER OF DAYS WITH
THUNDERSTORM              0     MIXED PRECIP               0
HEAVY RAIN                2     RAIN                       2
LIGHT RAIN               11     FREEZING RAIN              0
LT FREEZING RAIN          0     HAIL                       0
HEAVY SNOW                0     SNOW                       0
LIGHT SNOW                0     SLEET                      0
FOG                      14     FOG W/VIS <= 1/4 MILE      3
HAZE                      4

-  INDICATES NEGATIVE NUMBERS.
R  INDICATES RECORD WAS SET OR TIED.
MM INDICATES DATA IS MISSING.
T  INDICATES TRACE AMOUNT.

$$
