000
CXUS51 KALY 010634
CLMDDH


CLIMATE REPORT
NATIONAL WEATHER SERVICE ALBANY NY
234 AM EDT MON JUN 1 2015

...................................

...THE BENNINGTON VT CLIMATE SUMMARY FOR THE MONTH OF MAY 2015...

CLIMATE NORMAL PERIOD 1981 TO 2010
CLIMATE RECORD PERIOD 9999 TO 9999

WEATHER         OBSERVED          NORMAL  DEPART  LAST YEAR`S
                 VALUE   DATE(S)  VALUE   FROM    VALUE  DATE(S)
                                          NORMAL
................................................................
TEMPERATURE (F)
HIGHEST            88   05/27                         83  05/27
                                                          05/12
LOWEST             31   05/14                         30  05/07
AVG. MAXIMUM     76.1              67.0     9.1     68.7
AVG. MINIMUM     47.2              43.3     3.9     45.1
MEAN             61.7              55.1     6.6     56.9
DAYS MAX >= 90      0               0.1    -0.1        0
DAYS MAX <= 32      0               0.0     0.0        0
DAYS MIN <= 32      1               3.3    -2.3        2
DAYS MIN <= 0       0               0.0     0.0        0

PRECIPITATION (INCHES)
TOTALS           0.97R             3.66   -2.69     2.36
DAILY AVG.       0.03              0.12   -0.09     0.08
DAYS >= .01         8                                 14
DAYS >= .10         3                                  7
DAYS >= .50         1                                  1
DAYS >= 1.00        0                                  0
GREATEST
 24 HR. TOTAL    0.54   05/31 TO 05/31

DEGREE_DAYS
HEATING TOTAL     160               316    -156      258
 SINCE 7/1       7442              7139     303     7251
COOLING TOTAL      64                11      53       12
 SINCE 1/1         64                14      50       16

FREEZE DATES
EARLIEST                        10/01
LATEST                          05/10
.................................................................

WIND (MPH)
AVERAGE WIND SPEED              5.1
HIGHEST WIND SPEED/DIRECTION    28/280    DATE  05/12
HIGHEST GUST SPEED/DIRECTION    40/270    DATE  05/12

SKY COVER
AVERAGE SKY COVER           0.30

AVERAGE RH (PERCENT)     63

WEATHER CONDITIONS. NUMBER OF DAYS WITH
THUNDERSTORM              0     MIXED PRECIP               0
HEAVY RAIN                3     RAIN                       2
LIGHT RAIN                9     FREEZING RAIN              0
LT FREEZING RAIN          0     HAIL                       0
HEAVY SNOW                0     SNOW                       0
LIGHT SNOW                0     SLEET                      0
FOG                      10     FOG W/VIS <= 1/4 MILE      1
HAZE                      2

-  INDICATES NEGATIVE NUMBERS.
R  INDICATES RECORD WAS SET OR TIED.
MM INDICATES DATA IS MISSING.
T  INDICATES TRACE AMOUNT.

$$
