000
CXUS51 KALY 012253 CCA
CLMDDH

CLIMATE REPORT
NATIONAL WEATHER SERVICE ALBANY NY
505 AM EDT FRI MAY 1 2015

...................................

...THE BENNINGTON VT CLIMATE SUMMARY FOR THE MONTH OF APRIL 2015...

CLIMATE NORMAL PERIOD 1981 TO 2010
CLIMATE RECORD PERIOD 9999 TO 9999

WEATHER         OBSERVED          NORMAL  DEPART  LAST YEAR`S
                 VALUE   DATE(S)  VALUE   FROM    VALUE  DATE(S)
                                          NORMAL
................................................................
TEMPERATURE (F)
HIGHEST            75   04/13                         76  04/14
LOWEST             20   04/01                         22  04/17
                                                          04/16
AVG. MAXIMUM     56.2              56.7    -0.5     57.3
AVG. MINIMUM     32.9              34.3    -1.4     33.4
MEAN             44.5              45.5    -1.0     45.3
DAYS MAX >= 90      0               0.2    -0.2        0
DAYS MAX <= 32      0               0.2    -0.2        0
DAYS MIN <= 32     15              13.3     1.7       15
DAYS MIN <= 0       0               0.0     0.0        0

PRECIPITATION (INCHES)
TOTALS           2.04              3.27   -1.23     2.46
DAILY AVG.       0.07              0.11   -0.04     0.08
DAYS >= .01        12                                 13
DAYS >= .10         6                                  5
DAYS >= .50         2                                  3
DAYS >= 1.00        0                                  0
GREATEST
 24 HR. TOTAL    0.55   04/22 TO 04/23

DEGREE_DAYS
HEATING TOTAL     609               588      21      587
 SINCE 7/1       7282              6823     459     6993
COOLING TOTAL       0                 3      -3        4
 SINCE 1/1          0                 3      -3        4

FREEZE DATES
EARLIEST                        10/01
LATEST                          05/10
.................................................................

WIND (MPH)
AVERAGE WIND SPEED              7.1
HIGHEST WIND SPEED/DIRECTION    39/130    DATE  04/20
HIGHEST GUST SPEED/DIRECTION    50/120    DATE  04/20

SKY COVER
AVERAGE SKY COVER           0.60

AVERAGE RH (PERCENT)     60

WEATHER CONDITIONS. NUMBER OF DAYS WITH
THUNDERSTORM              2     MIXED PRECIP               0
HEAVY RAIN                3     RAIN                       3
LIGHT RAIN               14     FREEZING RAIN              1
LT FREEZING RAIN          1     HAIL                       0
HEAVY SNOW                0     SNOW                       0
LIGHT SNOW                2     SLEET                      0
FOG                       9     FOG W/VIS <= 1/4 MILE      1
HAZE                      0

-  INDICATES NEGATIVE NUMBERS.
R  INDICATES RECORD WAS SET OR TIED.
MM INDICATES DATA IS MISSING.
T  INDICATES TRACE AMOUNT.

$$
