000
CXUS51 KALY 010828
CLMDDH


CLIMATE REPORT
NATIONAL WEATHER SERVICE ALBANY NY
422 AM EDT THU JUN 1 2017

...................................

...THE BENNINGTON VT CLIMATE SUMMARY FOR THE MONTH OF MAY 2017...

CLIMATE NORMAL PERIOD 1981 TO 2010
CLIMATE RECORD PERIOD 9999 TO 9999

WEATHER         OBSERVED          NORMAL  DEPART  LAST YEAR`S
                 VALUE   DATE(S)  VALUE   FROM    VALUE  DATE(S)
                                          NORMAL
................................................................
TEMPERATURE (F)
HIGHEST            90   05/18                         89  05/28
LOWEST             29   05/04                         28  05/10
AVG. MAXIMUM     65.1              67.0    -1.9     68.6
AVG. MINIMUM     44.5              43.3     1.2     44.7
MEAN             54.8              55.1    -0.3     56.6
DAYS MAX >= 90      1               0.1     0.9        0
DAYS MAX <= 32      0               0.0     0.0        0
DAYS MIN <= 32      1               3.3    -2.3        2
DAYS MIN <= 0       0               0.0     0.0        0

PRECIPITATION (INCHES)
TOTALS           7.13              3.66    3.47     2.92
DAILY AVG.       0.24              0.12    0.12     0.09
DAYS >= .01        16                                 16
DAYS >= .10        13                                  8
DAYS >= .50         7                                  2
DAYS >= 1.00        2                                  0
GREATEST
 24 HR. TOTAL    1.13   05/01 TO 05/01

DEGREE_DAYS
HEATING TOTAL     320               316       4      295
 SINCE 7/1       6399              7139    -740     6036
COOLING TOTAL      12                11       1       41
 SINCE 1/1         15                14       1       42

FREEZE DATES
EARLIEST                        10/01
LATEST                          05/10
.................................................................

WIND (MPH)
AVERAGE WIND SPEED              5.5
HIGHEST WIND SPEED/DIRECTION    36/130    DATE  05/05
HIGHEST GUST SPEED/DIRECTION    52/280    DATE  05/18

SKY COVER
AVERAGE SKY COVER           0.70

AVERAGE RH (PERCENT)     69

WEATHER CONDITIONS. NUMBER OF DAYS WITH
THUNDERSTORM              5     MIXED PRECIP               0
HEAVY RAIN                6     RAIN                       7
LIGHT RAIN               19     FREEZING RAIN              0
LT FREEZING RAIN          0     HAIL                       0
HEAVY SNOW                0     SNOW                       0
LIGHT SNOW                0     SLEET                      0
FOG                      16     FOG W/VIS <= 1/4 MILE      0
HAZE                      0

-  INDICATES NEGATIVE NUMBERS.
R  INDICATES RECORD WAS SET OR TIED.
MM INDICATES DATA IS MISSING.
T  INDICATES TRACE AMOUNT.

$$
