000
CXUS51 KALY 010627
CLMDDH


CLIMATE REPORT
NATIONAL WEATHER SERVICE ALBANY NY
125 AM EST SAT MAR 1 2014

...................................

...THE BENNINGTON VT CLIMATE SUMMARY FOR THE MONTH OF FEBRUARY 2014...

CLIMATE NORMAL PERIOD 1981 TO 2010
CLIMATE RECORD PERIOD 9999 TO 9999

WEATHER         OBSERVED          NORMAL  DEPART  LAST YEAR`S
                 VALUE   DATE(S)  VALUE   FROM    VALUE  DATE(S)
                                          NORMAL
................................................................
TEMPERATURE (F)
HIGHEST            49   02/22                         46  02/15
                                                          02/11
LOWEST            -14R  02/12                         -7  02/10
AVG. MAXIMUM     28.5              34.7    -6.2     33.2
AVG. MINIMUM     10.8              15.3    -4.5     17.9
MEAN             19.5              25.0    -5.5     25.6
DAYS MAX >= 90      0               0.0     0.0        0
DAYS MAX <= 32     18              11.1     6.9       14
DAYS MIN <= 32     27              26.2     0.8       27
DAYS MIN <= 0       7               2.1     4.9        1

PRECIPITATION (INCHES)
TOTALS           2.94              2.24    0.70     1.21
DAILY AVG.       0.11              0.08    0.03     0.04
DAYS >= .01        13                                  9
DAYS >= .10         4                                  6
DAYS >= .50         3                                  0
DAYS >= 1.00        1                                  0
GREATEST
 24 HR. TOTAL    1.19   02/20 TO 02/21

DEGREE_DAYS
HEATING TOTAL    1178              1120      58     1096
 SINCE 7/1       5248              5251      -3     4784
COOLING TOTAL       0                 0       0        0
 SINCE 1/1          0                 0       0        0

FREEZE DATES
EARLIEST                        10/01
LATEST                          05/10
.................................................................

WIND (MPH)
AVERAGE WIND SPEED              5.3
HIGHEST WIND SPEED/DIRECTION    31/150    DATE  02/18
HIGHEST GUST SPEED/DIRECTION    41/160    DATE  02/18

SKY COVER
AVERAGE SKY COVER           0.60

AVERAGE RH (PERCENT)     62

WEATHER CONDITIONS. NUMBER OF DAYS WITH
THUNDERSTORM              1     MIXED PRECIP               0
HEAVY RAIN                1     RAIN                       1
LIGHT RAIN                5     FREEZING RAIN              0
LT FREEZING RAIN          0     HAIL                       0
HEAVY SNOW                5     SNOW                       6
LIGHT SNOW               17     SLEET                      0
FOG                      14     FOG W/VIS <= 1/4 MILE      3
HAZE                     17

-  INDICATES NEGATIVE NUMBERS.
R  INDICATES RECORD WAS SET OR TIED.
MM INDICATES DATA IS MISSING.
T  INDICATES TRACE AMOUNT.

$$
