000
CXUS51 KALY 012133 CCA
CLMDDH

CLIMATE REPORT...CORRECTED
NATIONAL WEATHER SERVICE ALBANY NY
438 AM EDT TUE OCT 1 2013

...................................

...THE BENNINGTON VT CLIMATE SUMMARY FOR THE MONTH OF SEPTEMBER 2013...

CLIMATE NORMAL PERIOD 1981 TO 2010
CLIMATE RECORD PERIOD 9999 TO 9999

WEATHER         OBSERVED          NORMAL  DEPART  LAST YEAR`S
                 VALUE   DATE(S)  VALUE   FROM    VALUE
                                          NORMAL
.............................................................
TEMPERATURE (F)
HIGHEST            92   09/11                         84
LOWEST             32   09/17                         33
AVG. MAXIMUM     70.4              70.4     0.0     71.3
AVG. MINIMUM     44.9              47.4    -2.5     47.6
MEAN             57.7              58.9    -1.2     59.5
DAYS MAX >= 90      1               0.2     0.8        0
DAYS MAX <= 32      0               0.0     0.0        0
DAYS MIN <= 32      1               0.8     0.2        0
DAYS MIN <= 0       0               0.0     0.0        0

PRECIPITATION (INCHES)
TOTALS           4.04              3.57    0.47     4.65
DAILY AVG.       0.13              0.12    0.01     0.16
DAYS >= .01        13                                 11
DAYS >= .10         6                                  5
DAYS >= .50         2                                  5
DAYS >= 1.00        1                                  1
GREATEST
 24 HR. TOTAL    1.96   09/12 TO 09/13

DEGREE_DAYS
HEATING TOTAL     259               206      53      192
 SINCE 7/1        322               278      44      215
COOLING TOTAL      44                23      21       35
 SINCE 1/1        503               311     192      474
..............................................................

WIND (MPH)
AVERAGE WIND SPEED              2.7
HIGHEST WIND SPEED/DIRECTION    32/280    DATE  09/12
HIGHEST GUST SPEED/DIRECTION    68/090    DATE  09/02

SKY COVER
AVERAGE SKY COVER           0.40

AVERAGE RH (PERCENT)     74

WEATHER CONDITIONS. NUMBER OF DAYS WITH
THUNDERSTORM              5     MIXED PRECIP               0
HEAVY RAIN                6     RAIN                       5
LIGHT RAIN               12     FREEZING RAIN              0
LT FREEZING RAIN          0     HAIL                       0
HEAVY SNOW                0     SNOW                       0
LIGHT SNOW                0     SLEET                      0
FOG                      24     FOG W/VIS <= 1/4 MILE      6
HAZE                     11

-  INDICATES NEGATIVE NUMBERS.
R  INDICATES RECORD WAS SET OR TIED.
MM INDICATES DATA IS MISSING.
T  INDICATES TRACE AMOUNT.

$$
