000
CXUS51 KALY 011404
CLMDDH


CLIMATE REPORT
NATIONAL WEATHER SERVICE ALBANY NY
1004 AM EDT SAT JUN 1 2013

...................................

...THE BENNINGTON VT CLIMATE SUMMARY FOR THE MONTH OF MAY 2013...

CLIMATE NORMAL PERIOD 1981 TO 2010
CLIMATE RECORD PERIOD 9999 TO 9999

WEATHER         OBSERVED          NORMAL  DEPART  LAST YEAR`S
                 VALUE   DATE(S)  VALUE   FROM    VALUE
                                          NORMAL
.............................................................
TEMPERATURE (F)
HIGHEST            89   05/31                         90
LOWEST             28   05/15                         33
AVG. MAXIMUM     70.8              67.0     3.8     72.0
AVG. MINIMUM     44.1              43.3     0.8     49.0
MEAN             57.5              55.1     2.4     60.5
DAYS MAX >= 90      0               0.1    -0.1        1
DAYS MAX <= 32      0               0.0     0.0        0
DAYS MIN <= 32      2               3.3    -1.3        0
DAYS MIN <= 0       0               0.0     0.0        0

PRECIPITATION (INCHES)
TOTALS           7.16R             3.66    3.50     5.76
DAILY AVG.       0.23              0.12    0.11     0.19
DAYS >= .01        13                                 17
DAYS >= .10         9                                 11
DAYS >= .50         5                                  5
DAYS >= 1.00        3                                  1
GREATEST
 24 HR. TOTAL    3.42   05/21 TO 05/22

DEGREE_DAYS
HEATING TOTAL     257               316     -59      173
 SINCE 7/1       6650              7139    -489     5073
COOLING TOTAL      32                11      21       42
 SINCE 1/1         32                14      18       48
..............................................................

WIND (MPH)
AVERAGE WIND SPEED              4.8
HIGHEST WIND SPEED/DIRECTION    26/330    DATE  05/21
HIGHEST GUST SPEED/DIRECTION    43/290    DATE  05/16

SKY COVER
AVERAGE SKY COVER           0.40

AVERAGE RH (PERCENT)     66

WEATHER CONDITIONS. NUMBER OF DAYS WITH
THUNDERSTORM              0     MIXED PRECIP               0
HEAVY RAIN                3     RAIN                       5
LIGHT RAIN               13     FREEZING RAIN              0
LT FREEZING RAIN          0     HAIL                       0
HEAVY SNOW                0     SNOW                       0
LIGHT SNOW                0     SLEET                      0
FOG                      16     FOG W/VIS <= 1/4 MILE      4
HAZE                      7

-  INDICATES NEGATIVE NUMBERS.
R  INDICATES RECORD WAS SET OR TIED.
MM INDICATES DATA IS MISSING.
T  INDICATES TRACE AMOUNT.

$$
