000
CXUS51 KALY 010705
CLMDDH


CLIMATE REPORT
NATIONAL WEATHER SERVICE ALBANY NY
302 AM EDT SUN SEP 1 2013

...................................

...THE BENNINGTON VT CLIMATE SUMMARY FOR THE MONTH OF AUGUST 2013...

CLIMATE NORMAL PERIOD 1981 TO 2010
CLIMATE RECORD PERIOD 9999 TO 9999

WEATHER         OBSERVED          NORMAL  DEPART  LAST YEAR`S
                 VALUE   DATE(S)  VALUE   FROM    VALUE
                                          NORMAL
.............................................................
TEMPERATURE (F)
HIGHEST            86   08/28                         92
LOWEST             41   08/24                         43
AVG. MAXIMUM     77.5              77.7    -0.2     81.9
AVG. MINIMUM     53.8              55.2    -1.4     55.5
MEAN             65.6              66.4    -0.8     68.7
DAYS MAX >= 90      0               0.3    -0.3        1
DAYS MAX <= 32      0               0.0     0.0        0
DAYS MIN <= 32      0               0.0     0.0        0
DAYS MIN <= 0       0               0.0     0.0        0

PRECIPITATION (INCHES)
TOTALS           4.36              4.00    0.36     2.95
DAILY AVG.       0.14              0.13    0.01     0.10
DAYS >= .01        10                                 11
DAYS >= .10         5                                  7
DAYS >= .50         3                                  2
DAYS >= 1.00        1                                  0
GREATEST
 24 HR. TOTAL    1.92   08/13

DEGREE_DAYS
HEATING TOTAL      53                48       5       21
 SINCE 7/1         63                72      -9       23
COOLING TOTAL      81                93     -12      142
 SINCE 1/1        459               288     171      439
..............................................................

WIND (MPH)
AVERAGE WIND SPEED              2.8
HIGHEST WIND SPEED/DIRECTION    20/120    DATE  08/28
HIGHEST GUST SPEED/DIRECTION    51/330    DATE  08/12

SKY COVER
AVERAGE SKY COVER           0.40

AVERAGE RH (PERCENT)     73

WEATHER CONDITIONS. NUMBER OF DAYS WITH
THUNDERSTORM              7     MIXED PRECIP               0
HEAVY RAIN                2     RAIN                       4
LIGHT RAIN                8     FREEZING RAIN              0
LT FREEZING RAIN          0     HAIL                       0
HEAVY SNOW                0     SNOW                       0
LIGHT SNOW                0     SLEET                      0
FOG                      25     FOG W/VIS <= 1/4 MILE      6
HAZE                      7

-  INDICATES NEGATIVE NUMBERS.
R  INDICATES RECORD WAS SET OR TIED.
MM INDICATES DATA IS MISSING.
T  INDICATES TRACE AMOUNT.

$$
