000
CXUS51 KALY 010631
CLMDDH


CLIMATE REPORT
NATIONAL WEATHER SERVICE ALBANY NY
230 AM EDT TUE JUL 1 2014

...................................

...THE BENNINGTON VT CLIMATE SUMMARY FOR THE MONTH OF JUNE 2014...

CLIMATE NORMAL PERIOD 1981 TO 2010
CLIMATE RECORD PERIOD 9999 TO 9999

WEATHER         OBSERVED          NORMAL  DEPART  LAST YEAR`S
                 VALUE   DATE(S)  VALUE   FROM    VALUE  DATE(S)
                                          NORMAL
................................................................
TEMPERATURE (F)
HIGHEST            87   06/03                         89  06/23
                                                          06/01
LOWEST             42R  06/01                         41  06/20
AVG. MAXIMUM     76.9              75.0     1.9     75.6
AVG. MINIMUM     53.3              52.4     0.9     53.7
MEAN             65.1              63.7     1.4     64.7
DAYS MAX >= 90      0               0.2    -0.2        0
DAYS MAX <= 32      0               0.0     0.0        0
DAYS MIN <= 32      0               0.2    -0.2        0
DAYS MIN <= 0       0               0.0     0.0        0

PRECIPITATION (INCHES)
TOTALS           3.33              4.13   -0.80     7.29
DAILY AVG.       0.11              0.14   -0.03     0.24
DAYS >= .01        13                                 21
DAYS >= .10         7                                 13
DAYS >= .50         1                                  6
DAYS >= 1.00        1                                  3
GREATEST
 24 HR. TOTAL    1.75   06/25 TO 06/26

DEGREE_DAYS
HEATING TOTAL      47                97     -50      100
 SINCE 7/1       7298              7236      62     6750
COOLING TOTAL      62                58       4       98
 SINCE 1/1         78                72       6      130

FREEZE DATES
EARLIEST      03/01             10/01
LATEST        05/18             05/10
.................................................................

WIND (MPH)
AVERAGE WIND SPEED              3.7
HIGHEST WIND SPEED/DIRECTION    23/300    DATE  06/17
HIGHEST GUST SPEED/DIRECTION    39/290    DATE  06/17

SKY COVER
AVERAGE SKY COVER           0.40

AVERAGE RH (PERCENT)     70

WEATHER CONDITIONS. NUMBER OF DAYS WITH
THUNDERSTORM              0     MIXED PRECIP               0
HEAVY RAIN                7     RAIN                       7
LIGHT RAIN               12     FREEZING RAIN              0
LT FREEZING RAIN          0     HAIL                       0
HEAVY SNOW                0     SNOW                       0
LIGHT SNOW                0     SLEET                      0
FOG                      21     FOG W/VIS <= 1/4 MILE      0
HAZE                      4

-  INDICATES NEGATIVE NUMBERS.
R  INDICATES RECORD WAS SET OR TIED.
MM INDICATES DATA IS MISSING.
T  INDICATES TRACE AMOUNT.

$$
