000
CXUS51 KALY 010639
CLMDDH


CLIMATE REPORT
NATIONAL WEATHER SERVICE ALBANY NY
135 AM EST TUE MAR 1 2016

...................................

...THE BENNINGTON VT CLIMATE SUMMARY FOR THE MONTH OF FEBRUARY 2016...

CLIMATE NORMAL PERIOD 1981 TO 2010
CLIMATE RECORD PERIOD 9999 TO 9999

WEATHER         OBSERVED          NORMAL  DEPART  LAST YEAR`S
                 VALUE   DATE(S)  VALUE   FROM    VALUE  DATE(S)
                                          NORMAL
................................................................
TEMPERATURE (F)
HIGHEST            60   02/03                         33  02/22
LOWEST            -17   02/14                        -19  02/24
AVG. MAXIMUM     40.5              34.7     5.8     22.4
AVG. MINIMUM     18.1              15.3     2.8     -1.8
MEAN             29.3              25.0     4.3     10.3
DAYS MAX >= 90      0               0.0     0.0        0
DAYS MAX <= 32      7              11.1    -4.1       27
DAYS MIN <= 32     26              26.2    -0.2       28
DAYS MIN <= 0       4               2.1     1.9       19

PRECIPITATION (INCHES)
TOTALS           3.93              2.24    1.69     1.01
DAILY AVG.       0.14                MM      MM     0.04
DAYS >= .01        11                                 13
DAYS >= .10         6                                  3
DAYS >= .50         4                                  0
DAYS >= 1.00        0                                  0
GREATEST
 24 HR. TOTAL    1.78   02/24 TO 02/25

DEGREE_DAYS
HEATING TOTAL    1028              1120     -92     1522
 SINCE 7/1       4333              5288    -955     5502
COOLING TOTAL       0                 0       0        0
 SINCE 1/1          0                 0       0        0

FREEZE DATES
EARLIEST      02/01             10/01
LATEST                          05/10
.................................................................

WIND (MPH)
AVERAGE WIND SPEED              7.1
HIGHEST WIND SPEED/DIRECTION    40/150    DATE  02/24
HIGHEST GUST SPEED/DIRECTION    59/MM     DATE   MM

SKY COVER
AVERAGE SKY COVER           0.60

AVERAGE RH (PERCENT)     63

WEATHER CONDITIONS. NUMBER OF DAYS WITH
THUNDERSTORM              2     MIXED PRECIP               0
HEAVY RAIN                3     RAIN                       4
LIGHT RAIN                7     FREEZING RAIN              0
LT FREEZING RAIN          2     HAIL                       0
HEAVY SNOW                0     SNOW                       1
LIGHT SNOW               11     SLEET                      0
FOG                      12     FOG W/VIS <= 1/4 MILE      0
HAZE                      7

-  INDICATES NEGATIVE NUMBERS.
R  INDICATES RECORD WAS SET OR TIED.
MM INDICATES DATA IS MISSING.
T  INDICATES TRACE AMOUNT.

$$
