000
CXUS51 KALY 010632
CLMDDH


CLIMATE REPORT
NATIONAL WEATHER SERVICE ALBANY NY
227 AM EDT SUN JUN 1 2014

...................................

...THE BENNINGTON VT CLIMATE SUMMARY FOR THE MONTH OF MAY 2014...

CLIMATE NORMAL PERIOD 1981 TO 2010
CLIMATE RECORD PERIOD 9999 TO 9999

WEATHER         OBSERVED          NORMAL  DEPART  LAST YEAR`S
                 VALUE   DATE(S)  VALUE   FROM    VALUE  DATE(S)
                                          NORMAL
................................................................
TEMPERATURE (F)
HIGHEST            83   05/27                         89  05/31
                        05/12
LOWEST             30   05/07                         28  05/15
AVG. MAXIMUM     68.7              67.0     1.7     70.8
AVG. MINIMUM     45.1              43.3     1.8     44.1
MEAN             56.9              55.1     1.8     57.5
DAYS MAX >= 90      0               0.1    -0.1        0
DAYS MAX <= 32      0               0.0     0.0        0
DAYS MIN <= 32      2               3.3    -1.3        2
DAYS MIN <= 0       0               0.0     0.0        0

PRECIPITATION (INCHES)
TOTALS           2.36              3.66   -1.30     7.16
DAILY AVG.       0.08              0.12   -0.04     0.23
DAYS >= .01        14                                 13
DAYS >= .10         7                                  9
DAYS >= .50         1                                  5
DAYS >= 1.00        0                                  3
GREATEST
 24 HR. TOTAL    1.03   05/16 TO 05/17

DEGREE_DAYS
HEATING TOTAL     258               316     -58      257
 SINCE 7/1       7251              7139     112     6650
COOLING TOTAL      12                11       1       32
 SINCE 1/1         16                14       2       32

FREEZE DATES
EARLIEST                        10/01
LATEST                          05/10
.................................................................

WIND (MPH)
AVERAGE WIND SPEED              5.5
HIGHEST WIND SPEED/DIRECTION    30/140    DATE  05/01
HIGHEST GUST SPEED/DIRECTION    42/140    DATE  05/01

SKY COVER
AVERAGE SKY COVER           0.50

AVERAGE RH (PERCENT)     65

WEATHER CONDITIONS. NUMBER OF DAYS WITH
THUNDERSTORM              1     MIXED PRECIP               0
HEAVY RAIN                3     RAIN                       5
LIGHT RAIN               18     FREEZING RAIN              0
LT FREEZING RAIN          0     HAIL                       0
HEAVY SNOW                0     SNOW                       0
LIGHT SNOW                0     SLEET                      0
FOG                      15     FOG W/VIS <= 1/4 MILE      4
HAZE                      0

-  INDICATES NEGATIVE NUMBERS.
R  INDICATES RECORD WAS SET OR TIED.
MM INDICATES DATA IS MISSING.
T  INDICATES TRACE AMOUNT.

$$
