628
CXUS51 KALY 010642
CLMDDH


CLIMATE REPORT
NATIONAL WEATHER SERVICE ALBANY NY
239 AM EDT SAT OCT 1 2016

...................................

...THE BENNINGTON VT CLIMATE SUMMARY FOR THE MONTH OF SEPTEMBER 2016...

CLIMATE NORMAL PERIOD 1981 TO 2010
CLIMATE RECORD PERIOD 9999 TO 9999

WEATHER         OBSERVED          NORMAL  DEPART  LAST YEAR`S
                 VALUE   DATE(S)  VALUE   FROM    VALUE  DATE(S)
                                          NORMAL
................................................................
TEMPERATURE (F)
HIGHEST            84   09/08                         91  09/08
LOWEST             31R  09/26                         36  09/21
AVG. MAXIMUM     74.6              70.4     4.2     77.9
AVG. MINIMUM     49.6              47.4     2.2     50.3
MEAN             62.1              58.9     3.2     64.1
DAYS MAX >= 90      0               0.2    -0.2        1
DAYS MAX <= 32      0               0.0     0.0        0
DAYS MIN <= 32      2               0.8     1.2        0
DAYS MIN <= 0       0               0.0     0.0        0

PRECIPITATION (INCHES)
TOTALS           3.03              3.57   -0.54     7.42
DAILY AVG.       0.10              0.12   -0.02     0.25
DAYS >= .01         9                                  9
DAYS >= .10         6                                  9
DAYS >= .50         3                                  4
DAYS >= 1.00        0                                  2
GREATEST
 24 HR. TOTAL    1.55   09/18 TO 09/19

DEGREE_DAYS
HEATING TOTAL     123               206     -83       98
 SINCE 7/1        145               278    -133      137
COOLING TOTAL      45                23      22       76
 SINCE 1/1        484               311     173      444

FREEZE DATES
EARLIEST      09/25             10/01
LATEST                          05/10
.................................................................

WIND (MPH)
AVERAGE WIND SPEED              3.2
HIGHEST WIND SPEED/DIRECTION    23/270    DATE  09/08
HIGHEST GUST SPEED/DIRECTION    35/MM     DATE   MM

SKY COVER
AVERAGE SKY COVER           0.30

AVERAGE RH (PERCENT)     71

WEATHER CONDITIONS. NUMBER OF DAYS WITH
THUNDERSTORM              4     MIXED PRECIP               0
HEAVY RAIN                6     RAIN                       5
LIGHT RAIN               13     FREEZING RAIN              0
LT FREEZING RAIN          0     HAIL                       0
HEAVY SNOW                0     SNOW                       0
LIGHT SNOW                0     SLEET                      0
FOG                      23     FOG W/VIS <= 1/4 MILE      5
HAZE                     11

-  INDICATES NEGATIVE NUMBERS.
R  INDICATES RECORD WAS SET OR TIED.
MM INDICATES DATA IS MISSING.
T  INDICATES TRACE AMOUNT.

$$
