000
CXUS51 KALY 010853
CLMDDH


CLIMATE REPORT
NATIONAL WEATHER SERVICE ALBANY NY
353 AM EST MON DEC 1 2014

...................................

...THE BENNINGTON VT CLIMATE SUMMARY FOR THE MONTH OF NOVEMBER 2014...

CLIMATE NORMAL PERIOD 1981 TO 2010
CLIMATE RECORD PERIOD 9999 TO 9999

WEATHER         OBSERVED          NORMAL  DEPART  LAST YEAR`S
                 VALUE   DATE(S)  VALUE   FROM    VALUE  DATE(S)
                                          NORMAL
................................................................
TEMPERATURE (F)
HIGHEST            68   11/24                         67  11/01
LOWEST             10   11/29                          6  11/30
AVG. MAXIMUM     45.7              47.5    -1.8     46.1
AVG. MINIMUM     27.5              29.7    -2.2     25.8
MEAN             36.6              38.6    -2.0     36.0
DAYS MAX >= 90      0               0.0     0.0        0
DAYS MAX <= 32      4               2.0     2.0        5
DAYS MIN <= 32     20              18.7     1.3       18
DAYS MIN <= 0       0               0.0     0.0        0

PRECIPITATION (INCHES)
TOTALS           2.24              3.11   -0.87     2.61
DAILY AVG.       0.07              0.10   -0.03     0.09
DAYS >= .01         9                                 11
DAYS >= .10         5                                  5
DAYS >= .50         2                                  1
DAYS >= 1.00        0                                  1
GREATEST
 24 HR. TOTAL    0.91   11/17 TO 11/17

DEGREE_DAYS
HEATING TOTAL     843               792      51      777
 SINCE 7/1       1493              1613    -120     1531
COOLING TOTAL       0                 0       0        0
 SINCE 1/1        308               313      -5      503

FREEZE DATES
EARLIEST                        10/01
LATEST                          05/10
.................................................................

WIND (MPH)
AVERAGE WIND SPEED              5.7
HIGHEST WIND SPEED/DIRECTION    38/140    DATE  11/24
HIGHEST GUST SPEED/DIRECTION    58/130    DATE  11/24

SKY COVER
AVERAGE SKY COVER           0.60

AVERAGE RH (PERCENT)     66

WEATHER CONDITIONS. NUMBER OF DAYS WITH
THUNDERSTORM              0     MIXED PRECIP               0
HEAVY RAIN                0     RAIN                       2
LIGHT RAIN                6     FREEZING RAIN              0
LT FREEZING RAIN          0     HAIL                       0
HEAVY SNOW                0     SNOW                       2
LIGHT SNOW               11     SLEET                      0
FOG                      12     FOG W/VIS <= 1/4 MILE      1
HAZE                      3

-  INDICATES NEGATIVE NUMBERS.
R  INDICATES RECORD WAS SET OR TIED.
MM INDICATES DATA IS MISSING.
T  INDICATES TRACE AMOUNT.

$$
