556
CXUS51 KALY 010806
CLMDDH


CLIMATE REPORT
NATIONAL WEATHER SERVICE ALBANY NY
402 AM EDT SUN OCT 1 2017

...................................

...THE BENNINGTON VT CLIMATE SUMMARY FOR THE MONTH OF SEPTEMBER 2017...

CLIMATE NORMAL PERIOD 1981 TO 2010
CLIMATE RECORD PERIOD 9999 TO 9999

WEATHER         OBSERVED          NORMAL  DEPART  LAST YEAR`S
                 VALUE   DATE(S)  VALUE   FROM    VALUE  DATE(S)
                                          NORMAL
................................................................
TEMPERATURE (F)
HIGHEST            90   09/25                         84  09/08
LOWEST             33   09/02                         31  09/26
AVG. MAXIMUM     75.1              70.4     4.7     74.6
AVG. MINIMUM     50.5              47.4     3.1     49.6
MEAN             62.8              58.9     3.9     62.1
DAYS MAX >= 90      1               0.2     0.8        0
DAYS MAX <= 32      0               0.0     0.0        0
DAYS MIN <= 32      0               0.8    -0.8        2
DAYS MIN <= 0       0               0.0     0.0        0

PRECIPITATION (INCHES)
TOTALS           3.50              3.57   -0.07     3.03
DAILY AVG.       0.12              0.12    0.00     0.10
DAYS >= .01        10                                  9
DAYS >= .10         5                                  6
DAYS >= .50         4                                  3
DAYS >= 1.00        0                                  0
GREATEST
 24 HR. TOTAL    0.87   09/03 TO 09/03

DEGREE_DAYS
HEATING TOTAL     136               206     -70      123
 SINCE 7/1        203               278     -75      145
COOLING TOTAL      76                23      53       45
 SINCE 1/1        383               311      72      484

FREEZE DATES
EARLIEST                        10/01
LATEST                          05/10
.................................................................

WIND (MPH)
AVERAGE WIND SPEED              2.8
HIGHEST WIND SPEED/DIRECTION    23/270    DATE  09/05
HIGHEST GUST SPEED/DIRECTION    32/260    DATE  09/07

SKY COVER
AVERAGE SKY COVER           0.40

AVERAGE RH (PERCENT)     74

WEATHER CONDITIONS. NUMBER OF DAYS WITH
THUNDERSTORM              3     MIXED PRECIP               0
HEAVY RAIN                4     RAIN                       4
LIGHT RAIN               12     FREEZING RAIN              0
LT FREEZING RAIN          0     HAIL                       0
HEAVY SNOW                0     SNOW                       0
LIGHT SNOW                0     SLEET                      0
FOG                      24     FOG W/VIS <= 1/4 MILE     13
HAZE                      3

-  INDICATES NEGATIVE NUMBERS.
R  INDICATES RECORD WAS SET OR TIED.
MM INDICATES DATA IS MISSING.
T  INDICATES TRACE AMOUNT.

$$
