000
CXUS51 KALY 010740
CLMDDH


CLIMATE REPORT
NATIONAL WEATHER SERVICE ALBANY NY
234 AM EST FRI JAN 1 2016

...................................

...THE BENNINGTON VT CLIMATE SUMMARY FOR THE MONTH OF DECEMBER 2015...

CLIMATE NORMAL PERIOD 1981 TO 2010
CLIMATE RECORD PERIOD 9999 TO 9999

WEATHER         OBSERVED          NORMAL  DEPART  LAST YEAR`S
                 VALUE   DATE(S)  VALUE   FROM    VALUE  DATE(S)
                                          NORMAL
................................................................
TEMPERATURE (F)
HIGHEST            70   12/24                         64  12/25
LOWEST             20   12/06                         10  12/31
AVG. MAXIMUM     49.1              35.7    13.4     37.9
AVG. MINIMUM     32.2              19.5    12.7     25.6
MEAN             40.7              27.6    13.1     31.7
DAYS MAX >= 90      0               0.0     0.0        0
DAYS MAX <= 32      1              12.0   -11.0        9
DAYS MIN <= 32     15              27.5   -12.5       25
DAYS MIN <= 0       0               1.6    -1.6        0

PRECIPITATION (INCHES)
TOTALS           3.75              2.79    0.96     3.91
DAILY AVG.       0.12              0.09    0.03     0.13
DAYS >= .01        16                                 16
DAYS >= .10        11                                 11
DAYS >= .50         1                                  4
DAYS >= 1.00        0                                  0
GREATEST
 24 HR. TOTAL    0.73   12/27 TO 12/27

DEGREE_DAYS
HEATING TOTAL     745              1159    -414     1024
 SINCE 7/1       2088              2772    -684     2517
COOLING TOTAL       0                 0       0        0
 SINCE 1/1        444               313     131      308

FREEZE DATES
EARLIEST                        10/01
LATEST                          05/10
.................................................................

WIND (MPH)
AVERAGE WIND SPEED              4.9
HIGHEST WIND SPEED/DIRECTION    29/130    DATE  12/29
HIGHEST GUST SPEED/DIRECTION    46/130    DATE  12/29

SKY COVER
AVERAGE SKY COVER           0.70

AVERAGE RH (PERCENT)     75

WEATHER CONDITIONS. NUMBER OF DAYS WITH
THUNDERSTORM              0     MIXED PRECIP               0
HEAVY RAIN                3     RAIN                       8
LIGHT RAIN               17     FREEZING RAIN              1
LT FREEZING RAIN          1     HAIL                       0
HEAVY SNOW                0     SNOW                       0
LIGHT SNOW                5     SLEET                      0
FOG                      21     FOG W/VIS <= 1/4 MILE      5
HAZE                      4

-  INDICATES NEGATIVE NUMBERS.
R  INDICATES RECORD WAS SET OR TIED.
MM INDICATES DATA IS MISSING.
T  INDICATES TRACE AMOUNT.

$$
