000
CXUS51 KALY 010822
CLMDDH


CLIMATE REPORT
NATIONAL WEATHER SERVICE ALBANY NY
418 AM EDT THU AUG 1 2013

...................................

...THE BENNINGTON VT CLIMATE SUMMARY FOR THE MONTH OF JULY 2013...

CLIMATE NORMAL PERIOD 1981 TO 2010
CLIMATE RECORD PERIOD 9999 TO 9999

WEATHER         OBSERVED          NORMAL  DEPART  LAST YEAR`S
                 VALUE   DATE(S)  VALUE   FROM    VALUE
                                          NORMAL
.............................................................
TEMPERATURE (F)
HIGHEST            92   07/19                         94
LOWEST             46   07/25                         46
AVG. MAXIMUM     82.9              79.4     3.5     83.5
AVG. MINIMUM     62.0              57.0     5.0     57.7
MEAN             72.5              68.2     4.3     70.6
DAYS MAX >= 90      3               0.6     2.4        3
DAYS MAX <= 32      0               0.0     0.0        0
DAYS MIN <= 32      0               0.0     0.0        0
DAYS MIN <= 0       0               0.0     0.0        0

PRECIPITATION (INCHES)
TOTALS           5.60              4.34    1.26     2.99
DAILY AVG.       0.18              0.14    0.04     0.10
DAYS >= .01        12                                 11
DAYS >= .10         8                                  9
DAYS >= .50         3                                  2
DAYS >= 1.00        2                                  0
GREATEST
 24 HR. TOTAL    2.64   07/22 TO 07/23

DEGREE_DAYS
HEATING TOTAL      10                24     -14        2
 SINCE 7/1         10                24     -14        2
COOLING TOTAL     248               123     125      184
 SINCE 1/1        378               195     183      297
..............................................................

WIND (MPH)
AVERAGE WIND SPEED              2.6
HIGHEST WIND SPEED/DIRECTION    25/250    DATE  07/10
HIGHEST GUST SPEED/DIRECTION    38/320    DATE  07/19

SKY COVER
AVERAGE SKY COVER           0.40

AVERAGE RH (PERCENT)     75

WEATHER CONDITIONS. NUMBER OF DAYS WITH
THUNDERSTORM              5     MIXED PRECIP               0
HEAVY RAIN                7     RAIN                       5
LIGHT RAIN               12     FREEZING RAIN              0
LT FREEZING RAIN          0     HAIL                       0
HEAVY SNOW                0     SNOW                       0
LIGHT SNOW                0     SLEET                      0
FOG                      28     FOG W/VIS <= 1/4 MILE      6
HAZE                     10

-  INDICATES NEGATIVE NUMBERS.
R  INDICATES RECORD WAS SET OR TIED.
MM INDICATES DATA IS MISSING.
T  INDICATES TRACE AMOUNT.

$$
