000
CXUS51 KALY 010642
CLMDDH


CLIMATE REPORT
NATIONAL WEATHER SERVICE ALBANY NY
138 AM EST MON FEB 1 2016

...................................

...THE BENNINGTON VT CLIMATE SUMMARY FOR THE MONTH OF JANUARY 2016...

CLIMATE NORMAL PERIOD 1981 TO 2010
CLIMATE RECORD PERIOD 9999 TO 9999

WEATHER         OBSERVED          NORMAL  DEPART  LAST YEAR`S
                 VALUE   DATE(S)  VALUE   FROM    VALUE  DATE(S)
                                          NORMAL
................................................................
TEMPERATURE (F)
HIGHEST            56   01/10                         53  01/04
LOWEST              2   01/24                        -14  01/14
                        01/06
                        01/05
AVG. MAXIMUM     34.6              30.7     3.9     28.1
AVG. MINIMUM     16.2              11.6     4.6      7.0
MEAN             25.4              21.1     4.3     17.5
DAYS MAX >= 90      0               0.0     0.0        0
DAYS MAX <= 32     14              17.0    -3.0       22
DAYS MIN <= 32     29              29.4    -0.4       30
DAYS MIN <= 0       0               6.5    -6.5       10

PRECIPITATION (INCHES)
TOTALS           1.11              2.75   -1.64     2.40
DAILY AVG.       0.04              0.09   -0.05     0.08
DAYS >= .01         6                                 10
DAYS >= .10         3                                  5
DAYS >= .50         1                                  1
DAYS >= 1.00        0                                  1
GREATEST
 24 HR. TOTAL    0.58   01/10 TO 01/10

DEGREE_DAYS
HEATING TOTAL    1217              1359    -142     1463
 SINCE 7/1       3305              4131    -826     3980
COOLING TOTAL       0                 0       0        0
 SINCE 1/1          0                 0       0        0

FREEZE DATES
EARLIEST                        10/01
LATEST                          05/10
.................................................................

WIND (MPH)
AVERAGE WIND SPEED              5.9
HIGHEST WIND SPEED/DIRECTION    29/140    DATE  01/10
HIGHEST GUST SPEED/DIRECTION    42/260    DATE  01/11

SKY COVER
AVERAGE SKY COVER           0.50

AVERAGE RH (PERCENT)     65

WEATHER CONDITIONS. NUMBER OF DAYS WITH
THUNDERSTORM              1     MIXED PRECIP               0
HEAVY RAIN                0     RAIN                       1
LIGHT RAIN                2     FREEZING RAIN              0
LT FREEZING RAIN          0     HAIL                       0
HEAVY SNOW                0     SNOW                       4
LIGHT SNOW                9     SLEET                      0
FOG                       8     FOG W/VIS <= 1/4 MILE      2
HAZE                      4

-  INDICATES NEGATIVE NUMBERS.
R  INDICATES RECORD WAS SET OR TIED.
MM INDICATES DATA IS MISSING.
T  INDICATES TRACE AMOUNT.

$$
