000
CXUS51 KALY 061010 CCA
CLSDDH

CLIMATE REPORT
NATIONAL WEATHER SERVICE ALBANY NY
610 AM EDT THU SEP 6 2012

...................................

...THE BENNINGTON VT CLIMATE SUMMARY FOR THE SEASON, FROM
6/1/2012 TO 8/31/2012...

CLIMATE NORMAL PERIOD 1981 TO 2010
CLIMATE RECORD PERIOD 9999 TO 9999

WEATHER         OBSERVED          NORMAL  DEPART
                 VALUE   DATE(S)  VALUE   FROM
                                          NORMAL
................................................
TEMPERATURE (F)
HIGHEST            94   07/17
LOWEST             43   08/30
                        06/07
                        06/05
AVG. MAXIMUM     80.5              77.4     3.1
AVG. MINIMUM     55.1              54.9     0.2
MEAN             67.8              66.1     1.7
DAYS MAX >= 90      6               1.1     4.9
DAYS MAX <= 32      0               0.0     0.0
DAYS MIN <= 32      0               0.2    -0.2
DAYS MIN <= 0       0               0.0     0.0

PRECIPITATION (INCHES)
TOTALS           7.94             12.47   -4.53
DAILY AVG.       0.09              0.14   -0.05
DAYS >= .01        35
DAYS >= .10        23
DAYS >= .50         5
DAYS >= 1.00        0

DEGREE_DAYS
HEATING TOTAL     108               169     -61
 SINCE 7/1         23                72     -49
COOLING TOTAL     391               274     117
 SINCE 1/1        439               288     151
.................................................

WIND (MPH)
AVERAGE WIND SPEED              2.9
HIGHEST WIND SPEED/DIRECTION    25/060    DATE  08/05
HIGHEST GUST SPEED/DIRECTION    48/040    DATE  08/05


WEATHER CONDITIONS. NUMBER OF DAYS WITH
THUNDERSTORM             20     MIXED PRECIP               0
HEAVY RAIN                7     RAIN                      17
LIGHT RAIN               37     FREEZING RAIN              0
LT FREEZING RAIN          0     HAIL                       0
HEAVY SNOW                0     SNOW                       0
LIGHT SNOW                0     SLEET                      0
FOG                      70     FOG W/VIS <= 1/4 MILE     12
HAZE                     18

-  INDICATES NEGATIVE NUMBERS.
R  INDICATES RECORD WAS SET OR TIED.
MM INDICATES DATA IS MISSING.
T  INDICATES TRACE AMOUNT.

$$
