000
CXUS51 KALY 031324
CLSDDH

CLIMATE REPORT
NATIONAL WEATHER SERVICE ALBANY NY
816 AM EST TUE DEC 3 2013

...................................

...THE BENNINGTON VT CLIMATE SUMMARY FOR THE SEASON, FROM
9/1/2013 TO 11/30/2013...

CLIMATE NORMAL PERIOD 1981 TO 2010
CLIMATE RECORD PERIOD 9999 TO 9999

WEATHER         OBSERVED          NORMAL  DEPART  LAST YEAR`S
                 VALUE   DATE(S)  VALUE   FROM    VALUE  DATE(S)
                                          NORMAL
................................................................
TEMPERATURE (F)
HIGHEST            92   09/11                         84  09/07
LOWEST              6   11/30                         17  11/06
AVG. MAXIMUM     59.3              58.8     0.5     59.6
AVG. MINIMUM     36.7              37.8    -1.1     39.2
MEAN             48.0              48.3    -0.3     49.4
DAYS MAX >= 90      1               0.2     0.8        0
DAYS MAX <= 32      5               2.0     3.0        0
DAYS MIN <= 32     27              30.6    -3.6       28
DAYS MIN <= 0       0               0.0     0.0        0

PRECIPITATION (INCHES)
TOTALS          10.18             10.37   -0.19     9.69
DAILY AVG.       0.11              0.11    0.00     0.11
DAYS >= .01        35                                 30
DAYS >= .10        18                                 16
DAYS >= .50         7                                 10
DAYS >= 1.00        3                                  2
GREATEST
 24 HR. TOTAL    1.96   09/12 TO 09/13

DEGREE_DAYS
HEATING TOTAL    1468              1541     -73
 SINCE 7/1       1531              1613     -82
COOLING TOTAL      44                25      19
 SINCE 1/1        503               313     190

FREEZE DATES
EARLIEST                        10/01
LATEST                          05/10
.................................................................

WIND (MPH)
AVERAGE WIND SPEED              4.2
HIGHEST WIND SPEED/DIRECTION    36/140    DATE  11/27
HIGHEST GUST SPEED/DIRECTION    68/090    DATE  09/02


WEATHER CONDITIONS. NUMBER OF DAYS WITH
THUNDERSTORM              5     MIXED PRECIP               0
HEAVY RAIN                9     RAIN                      13
LIGHT RAIN               37     FREEZING RAIN              0
LT FREEZING RAIN          0     HAIL                       0
HEAVY SNOW                0     SNOW                       0
LIGHT SNOW                8     SLEET                      0
FOG                      49     FOG W/VIS <= 1/4 MILE      9
HAZE                     18

-  INDICATES NEGATIVE NUMBERS.
R  INDICATES RECORD WAS SET OR TIED.
MM INDICATES DATA IS MISSING.
T  INDICATES TRACE AMOUNT.

$$
