000
CXUS51 KALY 011631
CLSDDH

CLIMATE REPORT
NATIONAL WEATHER SERVICE ALBANY NY
1131 AM EST THU MAR 1 2012

...................................

...THE BENNINGTON VT CLIMATE SUMMARY FOR THE SEASON, FROM
12/1/2011 TO 2/29/2012...

CLIMATE NORMAL PERIOD 1981 TO 2010
CLIMATE RECORD PERIOD 9999 TO 9999

WEATHER         OBSERVED          NORMAL  DEPART
                 VALUE   DATE(S)  VALUE   FROM
                                          NORMAL
................................................
TEMPERATURE (F)
HIGHEST            53   02/01
                        01/31
                        12/27
LOWEST             -4   01/16
AVG. MAXIMUM     39.6              33.7     5.9
AVG. MINIMUM     20.9              15.5     5.4
MEAN             30.3              24.6     5.7
DAYS MAX >= 90      0               0.0     0.0
DAYS MAX <= 32     16              40.1   -24.1
DAYS MIN <= 32     65              83.0   -18.0
DAYS MIN <= 0       3              10.2    -7.2

PRECIPITATION (INCHES)
TOTALS           6.87              7.78   -0.91
DAILY AVG.       0.08              0.09   -0.01
DAYS >= .01        35
DAYS >= .10        14
DAYS >= .50         3
DAYS >= 1.00        1

DEGREE_DAYS
HEATING TOTAL    2614              3638   -1024
 SINCE 7/1       3665              5288   -1623
COOLING TOTAL       0                 0       0
 SINCE 1/1          0                 0       0
.................................................

WIND (MPH)
AVERAGE WIND SPEED              5.2
HIGHEST WIND SPEED/DIRECTION    39/140    DATE  12/27
HIGHEST GUST SPEED/DIRECTION    76/330    DATE  01/05


WEATHER CONDITIONS. NUMBER OF DAYS WITH
THUNDERSTORM              0     MIXED PRECIP               0
HEAVY RAIN                1     RAIN                      10
LIGHT RAIN               25     FREEZING RAIN              0
LT FREEZING RAIN          2     HAIL                       0
HEAVY SNOW                0     SNOW                       6
LIGHT SNOW               31     SLEET                      0
FOG                      40     FOG W/VIS <= 1/4 MILE      3
HAZE                     25

-  INDICATES NEGATIVE NUMBERS.
R  INDICATES RECORD WAS SET OR TIED.
MM INDICATES DATA IS MISSING.
T  INDICATES TRACE AMOUNT.

$$
