000
CXUS51 KALY 011708 RRA
CLSDDH
ALBCLMDDH 000
TTAA00 KALY 011702
CLIMATE REPORT
NATIONAL WEATHER SERVICE ALBANY NY
1155 AM EST SUN DEC 1 2019
...................................
...THE BENNINGTON VT CLIMATE SUMMARY FOR THE SEASON, FROM
9/1/2019 TO 11/30/2019...
CLIMATE NORMAL PERIOD 1981 TO 2010
CLIMATE RECORD PERIOD 9999 TO 9999
WEATHER OBSERVED NORMAL DEPART LAST YEAR`S
VALUE DATE(S) VALUE FROM VALUE DATE(S)
NORMAL
................................................................
TEMPERATURE (F)
HIGHEST 84 09/23 91 09/05
09/22 09/03
LOWEST 28 10/05 0 11/23
AVG. MAXIMUM 66.2 58.8 7.4 57.9
AVG. MINIMUM 43.5 37.8 5.7 41.4
MEAN 54.8 48.3 6.5 49.7
DAYS MAX >= 90 0 0.2 -0.2 2
DAYS MAX <= 32 0 2.0 -2.0 4
DAYS MIN <= 32 4 30.6 -26.6 29
DAYS MIN <= 0 0 0.0 0.0 1
PRECIPITATION (INCHES)
TOTALS 8.21 10.37 -2.16 14.18
DAILY AVG. 0.13 0.11 0.02 0.16
DAYS >= .01 22 45
DAYS >= .10 13 28
DAYS >= .50 5 9
DAYS >= 1.00 1 3
GREATEST
24 HR. TOTAL 2.68 10/17 TO 10/17
DEGREE_DAYS
HEATING TOTAL 619 1541 -922 1497
SINCE 7/1 654 1613 -959 1505
COOLING TOTAL 24 25 -1 123
SINCE 1/1 375 313 62 637
FREEZE DATES
EARLIEST 10/01
LATEST 05/10
.................................................................
WIND (MPH)
AVERAGE WIND SPEED 4.3
HIGHEST WIND SPEED/DIRECTION 30/130 DATE 10/27
HIGHEST GUST SPEED/DIRECTION 44/170 DATE 10/31
WEATHER CONDITIONS. NUMBER OF DAYS WITH
THUNDERSTORM 1 MIXED PRECIP 0
HEAVY RAIN 3 RAIN 10
LIGHT RAIN 29 FREEZING RAIN 0
LT FREEZING RAIN 0 HAIL 0
HEAVY SNOW 0 SNOW 0
LIGHT SNOW 0 SLEET 0
FOG 35 FOG W/VIS <= 1/4 MILE 8
HAZE 1
- INDICATES NEGATIVE NUMBERS.
R INDICATES RECORD WAS SET OR TIED.
MM INDICATES DATA IS MISSING.
T INDICATES TRACE AMOUNT.
$$