000
CXUS51 KALY 010720
CLSDDH

CLIMATE REPORT - SEASONAL
NATIONAL WEATHER SERVICE ALBANY NY
220 AM EST TUE DEC 1 2015

...................................

...THE BENNINGTON VT CLIMATE SUMMARY FOR THE SEASON, FROM
9/1/2015 TO 11/30/2015...

CLIMATE NORMAL PERIOD 1981 TO 2010
CLIMATE RECORD PERIOD 9999 TO 9999

WEATHER         OBSERVED          NORMAL  DEPART  LAST YEAR`S
                 VALUE   DATE(S)  VALUE   FROM    VALUE  DATE(S)
                                          NORMAL
................................................................
TEMPERATURE (F)
HIGHEST            91   09/08                         87  09/05
LOWEST             16   11/24                         10  11/29
AVG. MAXIMUM     63.3              58.8     4.5     59.8
AVG. MINIMUM     39.4              37.8     1.6     39.2
MEAN             51.3              48.3     3.0     49.5
DAYS MAX >= 90      1               0.2     0.8        0
DAYS MAX <= 32      0               2.0    -2.0        4
DAYS MIN <= 32     27              30.6    -3.6       26
DAYS MIN <= 0       0               0.0     0.0        0

PRECIPITATION (INCHES)
TOTALS          10.98             10.37    0.61     7.09
DAILY AVG.       0.12              0.11    0.01     0.07
DAYS >= .01        28                                 31
DAYS >= .10        19                                 19
DAYS >= .50         5                                  4
DAYS >= 1.00        2                                  1
GREATEST
 24 HR. TOTAL    3.78   09/29 TO 09/30

DEGREE_DAYS
HEATING TOTAL    1304              1541    -237
 SINCE 7/1       1343              1613    -270
COOLING TOTAL      76                25      51
 SINCE 1/1        444               313     131

FREEZE DATES
EARLIEST                        10/01
LATEST                          05/10
.................................................................

WIND (MPH)
AVERAGE WIND SPEED              4.2
HIGHEST WIND SPEED/DIRECTION    35/150    DATE  11/19
HIGHEST GUST SPEED/DIRECTION    46/130    DATE  11/19


WEATHER CONDITIONS. NUMBER OF DAYS WITH
THUNDERSTORM              2     MIXED PRECIP               0
HEAVY RAIN               12     RAIN                      14
LIGHT RAIN               34     FREEZING RAIN              0
LT FREEZING RAIN          0     HAIL                       0
HEAVY SNOW                0     SNOW                       0
LIGHT SNOW                0     SLEET                      0
FOG                      55     FOG W/VIS <= 1/4 MILE     13
HAZE                     18

-  INDICATES NEGATIVE NUMBERS.
R  INDICATES RECORD WAS SET OR TIED.
MM INDICATES DATA IS MISSING.
T  INDICATES TRACE AMOUNT.

$$
