482
CXUS51 KALY 011356 RRA
CLSDDH

ALBCLMDDH 000
TTAA00 KALY 011354


CLIMATE REPORT
NATIONAL WEATHER SERVICE ALBANY NY
950 AM EDT THU JUN 1 2017

...................................

...THE BENNINGTON VT CLIMATE SUMMARY FOR THE SEASON, FROM
3/1/2017 TO 5/31/2017...

CLIMATE NORMAL PERIOD 1981 TO 2010
CLIMATE RECORD PERIOD 9999 TO 9999

WEATHER         OBSERVED          NORMAL  DEPART  LAST YEAR`S
                 VALUE   DATE(S)  VALUE   FROM    VALUE  DATE(S)
                                          NORMAL
................................................................
TEMPERATURE (F)
HIGHEST            90   05/18                         89  05/28
LOWEST              1   03/12                          2  04/05
                        03/05
AVG. MAXIMUM     55.0              55.8    -0.8     58.8
AVG. MINIMUM     34.4              33.4     1.0     34.6
MEAN             44.7              44.6     0.1     46.7
DAYS MAX >= 90      1               0.3     0.7        0
DAYS MAX <= 32      9               4.2     4.8        2
DAYS MIN <= 32     35              42.5    -7.5       39
DAYS MIN <= 0       0               0.6    -0.6        0

PRECIPITATION (INCHES)
TOTALS          12.61R            10.08    2.53     8.01
DAILY AVG.       0.14              0.11    0.03     0.09
DAYS >= .01        39                                 37
DAYS >= .10        25                                 23
DAYS >= .50        10                                  4
DAYS >= 1.00        3                                  0
GREATEST
 24 HR. TOTAL    1.13   05/01 TO 05/01

DEGREE_DAYS
HEATING TOTAL    1864              1888     -24
 SINCE 7/1       6399              7139    -740
COOLING TOTAL      15                13       2
 SINCE 1/1         15                14       1

FREEZE DATES
EARLIEST                        10/01
LATEST                          05/10
.................................................................

WIND (MPH)
AVERAGE WIND SPEED              6.4
HIGHEST WIND SPEED/DIRECTION    36/130    DATE  05/05
HIGHEST GUST SPEED/DIRECTION    52/280    DATE  05/18


WEATHER CONDITIONS. NUMBER OF DAYS WITH
THUNDERSTORM              5     MIXED PRECIP               0
HEAVY RAIN                8     RAIN                      15
LIGHT RAIN               47     FREEZING RAIN              2
LT FREEZING RAIN          2     HAIL                       0
HEAVY SNOW                1     SNOW                       2
LIGHT SNOW               11     SLEET                      0
FOG                      38     FOG W/VIS <= 1/4 MILE      4
HAZE                      7

-  INDICATES NEGATIVE NUMBERS.
R  INDICATES RECORD WAS SET OR TIED.
MM INDICATES DATA IS MISSING.
T  INDICATES TRACE AMOUNT.

$$
