000
CXUS51 KALY 021810
CLSDDH

CLIMATE REPORT
NATIONAL WEATHER SERVICE ALBANY NY
210 PM EDT TUE JUN 2 2015

...................................

...THE BENNINGTON VT CLIMATE SUMMARY FOR THE SEASON, FROM
3/1/2015 TO 5/31/2015...

CLIMATE NORMAL PERIOD 1981 TO 2010
CLIMATE RECORD PERIOD 9999 TO 9999

WEATHER         OBSERVED          NORMAL  DEPART  LAST YEAR`S
                 VALUE   DATE(S)  VALUE   FROM    VALUE  DATE(S)
                                          NORMAL
................................................................
TEMPERATURE (F)
HIGHEST            88   05/27                         83  05/27
                                                          05/12
LOWEST            -11   03/06                         -8  03/04
AVG. MAXIMUM     56.5              55.8     0.7     53.9
AVG. MINIMUM     32.3              33.4    -1.1     30.9
MEAN             44.4              44.6    -0.2     42.4
DAYS MAX >= 90      0               0.3    -0.3        0
DAYS MAX <= 32     10               4.2     5.8       11
DAYS MIN <= 32     46              42.5     3.5       44
DAYS MIN <= 0       3               0.6     2.4        4

PRECIPITATION (INCHES)
TOTALS           4.15             10.08   -5.93     6.97
DAILY AVG.       0.05              0.11   -0.06     0.08
DAYS >= .01        32                                 34
DAYS >= .10        13                                 15
DAYS >= .50         3                                  6
DAYS >= 1.00        0                                  0
GREATEST
 24 HR. TOTAL    0.55   04/22 TO 04/23

DEGREE_DAYS
HEATING TOTAL    1940              1888      52
 SINCE 7/1       7442              7139     303
COOLING TOTAL      64                13      51
 SINCE 1/1         64                14      50

FREEZE DATES
EARLIEST                        10/01
LATEST                          05/10
.................................................................

WIND (MPH)
AVERAGE WIND SPEED              6.1
HIGHEST WIND SPEED/DIRECTION    39/130    DATE  04/20
HIGHEST GUST SPEED/DIRECTION    50/120    DATE  04/20


WEATHER CONDITIONS. NUMBER OF DAYS WITH
THUNDERSTORM              5     MIXED PRECIP               0
HEAVY RAIN                6     RAIN                       6
LIGHT RAIN               30     FREEZING RAIN              1
LT FREEZING RAIN          2     HAIL                       0
HEAVY SNOW                0     SNOW                       2
LIGHT SNOW               13     SLEET                      0
FOG                      33     FOG W/VIS <= 1/4 MILE      7
HAZE                     13

-  INDICATES NEGATIVE NUMBERS.
R  INDICATES RECORD WAS SET OR TIED.
MM INDICATES DATA IS MISSING.
T  INDICATES TRACE AMOUNT.

$$
