000
CXUS51 KALY 010718
CLSDDH

CLIMATE REPORT
NATIONAL WEATHER SERVICE ALBANY NY
318 AM EDT SUN SEP 1 2013

...................................

...THE BENNINGTON VT CLIMATE SUMMARY FOR THE SEASON, FROM
6/1/2013 TO 8/31/2013...

CLIMATE NORMAL PERIOD 1981 TO 2010
CLIMATE RECORD PERIOD 9999 TO 9999

WEATHER         OBSERVED          NORMAL  DEPART
                 VALUE   DATE(S)  VALUE   FROM
                                          NORMAL
................................................
TEMPERATURE (F)
HIGHEST            92   07/19
LOWEST             41   08/24
                        06/20
AVG. MAXIMUM     78.7              77.4     1.3
AVG. MINIMUM     56.5              54.9     1.6
MEAN             67.6              66.1     1.5
DAYS MAX >= 90      3               1.1     1.9
DAYS MAX <= 32      0               0.0     0.0
DAYS MIN <= 32      0               0.2    -0.2
DAYS MIN <= 0       0               0.0     0.0

PRECIPITATION (INCHES)
TOTALS          17.25             12.47    4.78
DAILY AVG.       0.19              0.14    0.05
DAYS >= .01        43
DAYS >= .10        26
DAYS >= .50        12
DAYS >= 1.00        6

DEGREE_DAYS
HEATING TOTAL     163               169      -6
 SINCE 7/1         63                72      -9
COOLING TOTAL     427               274     153
 SINCE 1/1        459               288     171
.................................................

WIND (MPH)
AVERAGE WIND SPEED              3.0
HIGHEST WIND SPEED/DIRECTION    28/230    DATE  06/02
HIGHEST GUST SPEED/DIRECTION    51/330    DATE  08/12


WEATHER CONDITIONS. NUMBER OF DAYS WITH
THUNDERSTORM             19     MIXED PRECIP               0
HEAVY RAIN               12     RAIN                      18
LIGHT RAIN               38     FREEZING RAIN              0
LT FREEZING RAIN          0     HAIL                       0
HEAVY SNOW                0     SNOW                       0
LIGHT SNOW                0     SLEET                      0
FOG                      76     FOG W/VIS <= 1/4 MILE     21
HAZE                     24

-  INDICATES NEGATIVE NUMBERS.
R  INDICATES RECORD WAS SET OR TIED.
MM INDICATES DATA IS MISSING.
T  INDICATES TRACE AMOUNT.

$$
