000
CXUS51 KALY 031358
CLSDDH

CLIMATE REPORT
NATIONAL WEATHER SERVICE ALBANY NY
852 AM EST MON DEC 3 2012

...................................

...THE BENNINGTON VT CLIMATE SUMMARY FOR THE SEASON, FROM
9/1/2012 TO 11/30/2012...

CLIMATE NORMAL PERIOD 1981 TO 2010
CLIMATE RECORD PERIOD 9999 TO 9999

WEATHER         OBSERVED          NORMAL  DEPART
                 VALUE   DATE(S)  VALUE   FROM
                                          NORMAL
................................................
TEMPERATURE (F)
HIGHEST            84   09/07
LOWEST             17   11/06
AVG. MAXIMUM     59.6              58.8     0.8
AVG. MINIMUM     39.2              37.8     1.4
MEAN             49.4              48.3     1.1
DAYS MAX >= 90      0               0.2    -0.2
DAYS MAX <= 32      0               2.0    -2.0
DAYS MIN <= 32     28              30.6    -2.6
DAYS MIN <= 0       0               0.0     0.0

PRECIPITATION (INCHES)
TOTALS           9.69             10.37   -0.68
DAILY AVG.       0.11              0.11    0.00
DAYS >= .01        30
DAYS >= .10        16
DAYS >= .50        10
DAYS >= 1.00        2

DEGREE_DAYS
HEATING TOTAL    1429              1541    -112
 SINCE 7/1       1452              1613    -161
COOLING TOTAL      37                25      12
 SINCE 1/1        476               313     163
.................................................

WIND (MPH)
AVERAGE WIND SPEED              4.2
HIGHEST WIND SPEED/DIRECTION    31/140    DATE  10/30
HIGHEST GUST SPEED/DIRECTION    44/140    DATE  10/30


WEATHER CONDITIONS. NUMBER OF DAYS WITH
THUNDERSTORM              0     MIXED PRECIP               0
HEAVY RAIN                9     RAIN                      12
LIGHT RAIN               36     FREEZING RAIN              0
LT FREEZING RAIN          0     HAIL                       0
HEAVY SNOW                0     SNOW                       0
LIGHT SNOW                7     SLEET                      0
FOG                      51     FOG W/VIS <= 1/4 MILE      8
HAZE                      7

-  INDICATES NEGATIVE NUMBERS.
R  INDICATES RECORD WAS SET OR TIED.
MM INDICATES DATA IS MISSING.
T  INDICATES TRACE AMOUNT.

$$
