000
CXUS51 KALY 031509
CLSDDH
CLIMATE REPORT
NATIONAL WEATHER SERVICE ALBANY NY
1009 AM EST WED MAR 03 2021
...................................
...THE BENNINGTON VT CLIMATE SUMMARY FOR THE SEASON, FROM
12/1/2020 TO 2/28/2021...
CLIMATE NORMAL PERIOD: 1981 TO 2010
CLIMATE RECORD PERIOD: 9999 TO 9999
WEATHER OBSERVED NORMAL DEPART LAST YEAR`S
VALUE DATE(S) VALUE FROM VALUE DATE(S)
NORMAL
................................................................
TEMPERATURE (F)
HIGHEST 64 12/25 66 01/12
LOWEST -14 01/30 -9 02/15
AVG. MAXIMUM 33.8 33.7 0.1 37.4
AVG. MINIMUM 18.3 15.5 2.8 19.5
MEAN 26.0 24.6 1.4 28.4
DAYS MAX >= 90 0 0.0 0.0 0
DAYS MAX <= 32 44 40.1 3.9 25
DAYS MIN <= 32 84 83.0 1.0 78
DAYS MIN <= 0 8 10.2 -2.2 8
PRECIPITATION (INCHES)
TOTALS 6.19 7.78 -1.59 7.45
DAILY AVG. 0.07 0.08
DAYS >= .01 40 36
DAYS >= .10 13 21
DAYS >= .50 4 4
DAYS >= 1.00 2 0
GREATEST
24 HR. TOTAL 1.26 12/16 TO 12/17
DEGREE DAYS
HEATING TOTAL 3477 3638 -161 3261
SINCE 7/1 4793 5251 -458 4888
COOLING TOTAL 0 0 0 0
SINCE 1/1 0 0 0 0
................................................................
WIND (MPH)
AVERAGE WIND SPEED 5.2
HIGHEST WIND SPEED/DIRECTION 32/150 DATE 12/24
HIGHEST GUST SPEED/DIRECTION 55/150 DATE 12/24
WEATHER CONDITIONS. NUMBER OF DAYS WITH
THUNDERSTORM 0 MIXED PRECIP 0
HEAVY RAIN 1 RAIN 4
LIGHT RAIN 12 FREEZING RAIN 2
LT FREEZING RAIN 3 HAIL 0
HEAVY SNOW 3 SNOW 9
LIGHT SNOW 51 SLEET 0
FOG 48 FOG W/VIS <= 1/4 MILE 6
HAZE 37
- INDICATES NEGATIVE NUMBERS.
R INDICATES RECORD WAS SET OR TIED.
MM INDICATES DATA IS MISSING.
T INDICATES TRACE AMOUNT.
$$