592
CXUS51 KALY 010652
CLSDDH

CLIMATE REPORT - SEASONAL
NATIONAL WEATHER SERVICE ALBANY NY
245 AM EDT FRI SEP 1 2017

...................................

...THE BENNINGTON VT CLIMATE SUMMARY FOR THE SEASON, FROM
6/1/2017 TO 8/31/2017...

CLIMATE NORMAL PERIOD 1981 TO 2010
CLIMATE RECORD PERIOD 9999 TO 9999

WEATHER         OBSERVED          NORMAL  DEPART  LAST YEAR`S
                 VALUE   DATE(S)  VALUE   FROM    VALUE  DATE(S)
                                          NORMAL
................................................................
TEMPERATURE (F)
HIGHEST            90   06/12                         92  08/14
LOWEST             39   06/02                         40  06/11
AVG. MAXIMUM     77.5              77.4     0.1     80.8
AVG. MINIMUM     54.8              54.9    -0.1     55.3
MEAN             66.2              66.1     0.1     68.0
DAYS MAX >= 90      1               1.1    -0.1        4
DAYS MAX <= 32      0               0.0     0.0        0
DAYS MIN <= 32      0               0.2    -0.2        0
DAYS MIN <= 0       0               0.0     0.0        0

PRECIPITATION (INCHES)
TOTALS          16.11             12.47    3.64     8.26
DAILY AVG.       0.18              0.14    0.04     0.09
DAYS >= .01        35                                 35
DAYS >= .10        22                                 19
DAYS >= .50        10                                  5
DAYS >= 1.00        6                                  3
GREATEST
 24 HR. TOTAL    3.47   07/01 TO 07/01

DEGREE_DAYS
HEATING TOTAL     162               169      -7
 SINCE 7/1         67                72      -5
COOLING TOTAL     292               274      18
 SINCE 1/1        307               288      19

FREEZE DATES
EARLIEST                        10/01
LATEST                          05/10
.................................................................

WIND (MPH)
AVERAGE WIND SPEED              3.8
HIGHEST WIND SPEED/DIRECTION    25/190    DATE  08/22
HIGHEST GUST SPEED/DIRECTION    36/280    DATE  07/17


WEATHER CONDITIONS. NUMBER OF DAYS WITH
THUNDERSTORM             16     MIXED PRECIP               0
HEAVY RAIN               16     RAIN                      21
LIGHT RAIN               42     FREEZING RAIN              0
LT FREEZING RAIN          0     HAIL                       0
HEAVY SNOW                0     SNOW                       0
LIGHT SNOW                0     SLEET                      0
FOG                      67     FOG W/VIS <= 1/4 MILE      8
HAZE                     29

-  INDICATES NEGATIVE NUMBERS.
R  INDICATES RECORD WAS SET OR TIED.
MM INDICATES DATA IS MISSING.
T  INDICATES TRACE AMOUNT.

$$
