000
CXUS51 KALY 030942
CLSDDH

CLIMATE REPORT
NATIONAL WEATHER SERVICE ALBANY NY
542 AM EDT MON JUN 3 2013

...................................

...THE BENNINGTON VT CLIMATE SUMMARY FOR THE SEASON, FROM
3/1/2013 TO 5/31/2013...

CLIMATE NORMAL PERIOD 1981 TO 2010
CLIMATE RECORD PERIOD 9999 TO 9999

WEATHER         OBSERVED          NORMAL  DEPART
                 VALUE   DATE(S)  VALUE   FROM
                                          NORMAL
................................................
TEMPERATURE (F)
HIGHEST            89   05/31
LOWEST              9   03/21
AVG. MAXIMUM     55.9              55.8     0.1
AVG. MINIMUM     33.7              33.4     0.3
MEAN             44.8              44.6     0.2
DAYS MAX >= 90      0               0.3    -0.3
DAYS MAX <= 32      3               4.2    -1.2
DAYS MIN <= 32     44              42.5     1.5
DAYS MIN <= 0       0               0.6    -0.6

PRECIPITATION (INCHES)
TOTALS          11.81             10.08    1.73
DAILY AVG.       0.13              0.11    0.02
DAYS >= .01        38
DAYS >= .10        20
DAYS >= .50         9
DAYS >= 1.00        3

DEGREE_DAYS
HEATING TOTAL    1866              1888     -22
 SINCE 7/1       6650              7139    -489
COOLING TOTAL      32                13      19
 SINCE 1/1         32                14      18
.................................................

WIND (MPH)
AVERAGE WIND SPEED              6.0
HIGHEST WIND SPEED/DIRECTION    31/160    DATE  04/19
HIGHEST GUST SPEED/DIRECTION    46/140    DATE  04/12


WEATHER CONDITIONS. NUMBER OF DAYS WITH
THUNDERSTORM              4     MIXED PRECIP               0
HEAVY RAIN                4     RAIN                      12
LIGHT RAIN               32     FREEZING RAIN              0
LT FREEZING RAIN          0     HAIL                       0
HEAVY SNOW                1     SNOW                       2
LIGHT SNOW               16     SLEET                      0
FOG                      40     FOG W/VIS <= 1/4 MILE      5
HAZE                     19

-  INDICATES NEGATIVE NUMBERS.
R  INDICATES RECORD WAS SET OR TIED.
MM INDICATES DATA IS MISSING.
T  INDICATES TRACE AMOUNT.

$$
