000
CXUS51 KALY 021310 RRA
CLSDDH

ALBCLMDDH 000
TTAA00 KALY 011306


CLIMATE REPORT
NATIONAL WEATHER SERVICE ALBANY NY
805 AM EST SUN MAR 1 2015

...................................

...THE BENNINGTON VT CLIMATE SUMMARY FOR THE SEASON, FROM
12/1/2014 TO 2/28/2015...

CLIMATE NORMAL PERIOD 1981 TO 2010
CLIMATE RECORD PERIOD 9999 TO 9999

WEATHER         OBSERVED          NORMAL  DEPART  LAST YEAR`S
                 VALUE   DATE(S)  VALUE   FROM    VALUE  DATE(S)
                                          NORMAL
................................................................
TEMPERATURE (F)
HIGHEST            64   12/25                         66  12/22
LOWEST            -19R  02/24                        -17  01/04
                                                          01/03
AVG. MAXIMUM     29.5              33.7    -4.2     31.6
AVG. MINIMUM     10.3              15.5    -5.2     13.3
MEAN             19.9              24.6    -4.7     22.5
DAYS MAX >= 90      0               0.0     0.0        0
DAYS MAX <= 32     58              40.1    17.9       48
DAYS MIN <= 32     83              83.0     0.0       84
DAYS MIN <= 0      29              10.2    18.8       16

PRECIPITATION (INCHES)
TOTALS           7.32              7.78   -0.46     8.74
DAILY AVG.       0.08              0.09   -0.01     0.10
DAYS >= .01        39                                 42
DAYS >= .10        19                                 15
DAYS >= .50         5                                  7
DAYS >= 1.00        1                                  2
GREATEST
 24 HR. TOTAL    1.27   MM

DEGREE_DAYS
HEATING TOTAL    4009              3638     371
 SINCE 7/1       5502              5251     251
COOLING TOTAL       0                 0       0
 SINCE 1/1          0                 0       0

FREEZE DATES
EARLIEST                        10/01
LATEST                          05/10
.................................................................

WIND (MPH)
AVERAGE WIND SPEED              5.5
HIGHEST WIND SPEED/DIRECTION    31/180    DATE  01/18
HIGHEST GUST SPEED/DIRECTION    68/330    DATE  02/07


WEATHER CONDITIONS. NUMBER OF DAYS WITH
THUNDERSTORM              0     MIXED PRECIP               0
HEAVY RAIN                0     RAIN                       2
LIGHT RAIN               16     FREEZING RAIN              2
LT FREEZING RAIN          4     HAIL                       0
HEAVY SNOW                4     SNOW                      14
LIGHT SNOW               49     SLEET                      0
FOG                      45     FOG W/VIS <= 1/4 MILE      6
HAZE                     36

-  INDICATES NEGATIVE NUMBERS.
R  INDICATES RECORD WAS SET OR TIED.
MM INDICATES DATA IS MISSING.
T  INDICATES TRACE AMOUNT.

$$
