000
CXUS51 KALY 061959 CCA
CLSDDH

CLIMATE REPORT...SEASONAL (CORRECTED TOTAL PRECIPITATION)
NATIONAL WEATHER SERVICE ALBANY NY
358 PM EDT WED APR 6 2016

...................................

...THE BENNINGTON VT CLIMATE SUMMARY FOR THE SEASON, FROM
12/1/2015 TO 2/29/2016...

CLIMATE NORMAL PERIOD 1981 TO 2010
CLIMATE RECORD PERIOD 9999 TO 9999

WEATHER         OBSERVED          NORMAL  DEPART  LAST YEAR`S
                 VALUE   DATE(S)  VALUE   FROM    VALUE  DATE(S)
                                          NORMAL
................................................................
TEMPERATURE (F)
HIGHEST            60   02/03                         64  12/25
LOWEST            -17   02/14                        -19  02/24
AVG. MAXIMUM     37.5              33.7     3.8     29.5
AVG. MINIMUM     17.2              15.5     1.7     10.3
MEAN             27.4              24.6     2.8     19.9
DAYS MAX >= 90      0               0.0     0.0        0
DAYS MAX <= 32     21              40.1   -19.1       58
DAYS MIN <= 32     55              83.0   -28.0       83
DAYS MIN <= 0       4              10.2    -6.2       29

PRECIPITATION (INCHES)
TOTALS           8.79              7.78    1.01     7.32
DAILY AVG.       0.09              0.09    0.00     0.08
DAYS >= .01        17                                 39
DAYS >= .10         9                                 19
DAYS >= .50         5                                  5
DAYS >= 1.00        0                                  1
GREATEST
 24 HR. TOTAL    1.78   02/24 TO 02/25

DEGREE_DAYS
HEATING TOTAL    2990             3638     -648
 SINCE 7/1       4333             5251     -981
COOLING TOTAL       0                 0       0
 SINCE 1/1          0                 0       0

FREEZE DATES
EARLIEST                        10/01
LATEST                          05/10
.................................................................

WIND (MPH)
AVERAGE WIND SPEED              6.5
HIGHEST WIND SPEED/DIRECTION    40/150    DATE  02/24
HIGHEST GUST SPEED/DIRECTION    59/MM     DATE   MM


WEATHER CONDITIONS. NUMBER OF DAYS WITH
THUNDERSTORM              3     MIXED PRECIP               0
HEAVY RAIN                3     RAIN                       5
LIGHT RAIN                9     FREEZING RAIN              0
LT FREEZING RAIN          2     HAIL                       0
HEAVY SNOW                0     SNOW                       5
LIGHT SNOW               20     SLEET                      0
FOG                      20     FOG W/VIS <= 1/4 MILE      2
HAZE                     11

-  INDICATES NEGATIVE NUMBERS.
R  INDICATES RECORD WAS SET OR TIED.
MM INDICATES DATA IS MISSING.
T  INDICATES TRACE AMOUNT.

$$
